{"id":7890,"date":"2022-11-01T17:24:52","date_gmt":"2022-11-01T14:24:52","guid":{"rendered":"https:\/\/beautybaltic.com\/?post_type=product&#038;p=7890"},"modified":"2026-03-24T19:09:18","modified_gmt":"2026-03-24T16:09:18","slug":"dimanta-freze-liesma-021-sarkana","status":"publish","type":"product","link":"https:\/\/beautybaltic.com\/?product=dimanta-freze-liesma-021-sarkana&lang=lv","title":{"rendered":"Dimanta fr\u0113ze &#8220;liesma&#8221; 021 sarkana, 10mm"},"content":{"rendered":"<p>Profesion\u0101la dimanta fr\u0113ze aparat\u016bras manik\u012bram un pedik\u012bram.<\/p>\n<p>Paredz\u0113ta \u0101das un kutikulas apstr\u0101dei, s\u0101nu v\u0101l\u012b\u0161u t\u012br\u012b\u0161anai un naga virsmas izl\u012bdzin\u0101\u0161anai.<\/p>\n<p>Piem\u0113rota dab\u012bgiem un m\u0101ksl\u012bgiem nagiem.<\/p>\n<p>Fr\u0113\u017eu pielieto\u0161anas varianti ir sniegti k\u0101 ieteikumi un var at\u0161\u0137irties atkar\u012bb\u0101 no meistara darba tehnikas.<\/p>\n<p>Lieto\u0161anas un dro\u0161\u012bbas instrukcijas <a href=\"https:\/\/beautybaltic.com\/?page_id=24028&amp;lang=lv\">pieejami \u0161eit<\/a>.<\/p>\n","protected":false},"excerpt":{"rendered":"<p>Forma: liesma<\/p>\n<p>Darba da\u013cas diametrs, mm: 2,1<\/p>\n<p>Darba da\u013cas garums, mm: 10,0<\/p>\n<p>K\u0101ta diametrs, mm: 2.35<\/p>\n<p>Graudain\u012bba: smalka (sarkana)<\/p>\n<p>ISO: 856.104.243.100.021<\/p>\n","protected":false},"featured_media":7891,"comment_status":"open","ping_status":"closed","template":"","meta":[],"product_brand":[2854],"product_cat":[2898,1215],"product_tag":[],"class_list":{"0":"post-7890","1":"product","2":"type-product","3":"status-publish","4":"has-post-thumbnail","6":"product_brand-sistema","7":"product_cat-liesma-dimanta-frezes-2","8":"product_cat-dimanta-frezes-sistema","10":"first","11":"instock","12":"taxable","13":"shipping-taxable","14":"purchasable","15":"product-type-simple"},"yoast_head":"<!-- This site is optimized with the Yoast SEO Premium plugin v23.0 (Yoast SEO v26.9) - https:\/\/yoast.com\/product\/yoast-seo-premium-wordpress\/ -->\n<title>Beauty Baltic &#183; Dimanta fr\u0113ze &quot;liesma&quot; 021 sarkana, 10mm<\/title>\n<meta name=\"robots\" content=\"index, follow, max-snippet:-1, max-image-preview:large, max-video-preview:-1\" \/>\n<link rel=\"canonical\" href=\"https:\/\/beautybaltic.com\/?product=dimanta-freze-liesma-021-sarkana&lang=lv\" \/>\n<meta property=\"og:locale\" content=\"en_US\" \/>\n<meta property=\"og:type\" content=\"article\" \/>\n<meta property=\"og:title\" content=\"Dimanta fr\u0113ze &quot;liesma&quot; 021 sarkana, 10mm\" \/>\n<meta property=\"og:description\" content=\"Forma: liesma  Darba da\u013cas diametrs, mm: 2,1  Darba da\u013cas garums, mm: 10,0  K\u0101ta diametrs, mm: 2.35  Graudain\u012bba: smalka (sarkana)  ISO: 856.104.243.100.021\" \/>\n<meta property=\"og:url\" content=\"https:\/\/beautybaltic.com\/?product=dimanta-freze-liesma-021-sarkana&amp;lang=lv\" \/>\n<meta property=\"og:site_name\" content=\"Beauty Baltic\" \/>\n<meta property=\"article:publisher\" content=\"https:\/\/www.facebook.com\/siabeautybaltic\/?eid=ARDs6xwwnnHaxWoXNQhS1sgYf1tbsdYaa9nRKgzW46Bm5i4PkSKw97xrztQlMJEv9gOVxTp-o3Sq_Uwq\" \/>\n<meta property=\"article:modified_time\" content=\"2026-03-24T16:09:18+00:00\" \/>\n<meta property=\"og:image\" content=\"https:\/\/beautybaltic.com\/wp-content\/uploads\/2020\/03\/856.104.243.100.021.jpg\" \/>\n\t<meta property=\"og:image:width\" content=\"2000\" \/>\n\t<meta property=\"og:image:height\" content=\"2000\" \/>\n\t<meta property=\"og:image:type\" content=\"image\/jpeg\" \/>\n<meta name=\"twitter:card\" content=\"summary_large_image\" \/>\n<meta name=\"twitter:label1\" content=\"Est. reading time\" \/>\n\t<meta name=\"twitter:data1\" content=\"1 minute\" \/>\n<script type=\"application\/ld+json\" class=\"yoast-schema-graph\">{\"@context\":\"https:\/\/schema.org\",\"@graph\":[{\"@type\":\"WebPage\",\"@id\":\"https:\/\/beautybaltic.com\/?product=dimanta-freze-liesma-021-sarkana&lang=lv\",\"url\":\"https:\/\/beautybaltic.com\/?product=dimanta-freze-liesma-021-sarkana&lang=lv\",\"name\":\"Beauty Baltic &#183; Dimanta fr\u0113ze \\\"liesma\\\" 021 sarkana, 10mm\",\"isPartOf\":{\"@id\":\"https:\/\/beautybaltic.com\/#website\"},\"primaryImageOfPage\":{\"@id\":\"https:\/\/beautybaltic.com\/?product=dimanta-freze-liesma-021-sarkana&lang=lv#primaryimage\"},\"image\":{\"@id\":\"https:\/\/beautybaltic.com\/?product=dimanta-freze-liesma-021-sarkana&lang=lv#primaryimage\"},\"thumbnailUrl\":\"https:\/\/beautybaltic.com\/wp-content\/uploads\/2020\/03\/856.104.243.100.021.jpg\",\"datePublished\":\"2022-11-01T14:24:52+00:00\",\"dateModified\":\"2026-03-24T16:09:18+00:00\",\"breadcrumb\":{\"@id\":\"https:\/\/beautybaltic.com\/?product=dimanta-freze-liesma-021-sarkana&lang=lv#breadcrumb\"},\"inLanguage\":\"en-US\",\"potentialAction\":[{\"@type\":\"ReadAction\",\"target\":[\"https:\/\/beautybaltic.com\/?product=dimanta-freze-liesma-021-sarkana&lang=lv\"]}]},{\"@type\":\"ImageObject\",\"inLanguage\":\"en-US\",\"@id\":\"https:\/\/beautybaltic.com\/?product=dimanta-freze-liesma-021-sarkana&lang=lv#primaryimage\",\"url\":\"https:\/\/beautybaltic.com\/wp-content\/uploads\/2020\/03\/856.104.243.100.021.jpg\",\"contentUrl\":\"https:\/\/beautybaltic.com\/wp-content\/uploads\/2020\/03\/856.104.243.100.021.jpg\",\"width\":2000,\"height\":2000},{\"@type\":\"BreadcrumbList\",\"@id\":\"https:\/\/beautybaltic.com\/?product=dimanta-freze-liesma-021-sarkana&lang=lv#breadcrumb\",\"itemListElement\":[{\"@type\":\"ListItem\",\"position\":1,\"name\":\"Home Page\",\"item\":\"https:\/\/beautybaltic.com\/\"},{\"@type\":\"ListItem\",\"position\":2,\"name\":\"All products\",\"item\":\"https:\/\/beautybaltic.com\/?page_id=113\"},{\"@type\":\"ListItem\",\"position\":3,\"name\":\"Dimanta fr\u0113ze &#8220;liesma&#8221; 021 sarkana, 10mm\"}]},{\"@type\":\"WebSite\",\"@id\":\"https:\/\/beautybaltic.com\/#website\",\"url\":\"https:\/\/beautybaltic.com\/\",\"name\":\"Beauty Baltic\",\"description\":\"\",\"publisher\":{\"@id\":\"https:\/\/beautybaltic.com\/#organization\"},\"potentialAction\":[{\"@type\":\"SearchAction\",\"target\":{\"@type\":\"EntryPoint\",\"urlTemplate\":\"https:\/\/beautybaltic.com\/?s={search_term_string}\"},\"query-input\":{\"@type\":\"PropertyValueSpecification\",\"valueRequired\":true,\"valueName\":\"search_term_string\"}}],\"inLanguage\":\"en-US\"},{\"@type\":\"Organization\",\"@id\":\"https:\/\/beautybaltic.com\/#organization\",\"name\":\"SIA \\\"Beauty Baltic\\\"\",\"url\":\"https:\/\/beautybaltic.com\/\",\"logo\":{\"@type\":\"ImageObject\",\"inLanguage\":\"en-US\",\"@id\":\"https:\/\/beautybaltic.com\/#\/schema\/logo\/image\/\",\"url\":\"https:\/\/beautybaltic.com\/wp-content\/uploads\/2020\/04\/logo-4.png\",\"contentUrl\":\"https:\/\/beautybaltic.com\/wp-content\/uploads\/2020\/04\/logo-4.png\",\"width\":704,\"height\":206,\"caption\":\"SIA \\\"Beauty Baltic\\\"\"},\"image\":{\"@id\":\"https:\/\/beautybaltic.com\/#\/schema\/logo\/image\/\"},\"sameAs\":[\"https:\/\/www.facebook.com\/siabeautybaltic\/?eid=ARDs6xwwnnHaxWoXNQhS1sgYf1tbsdYaa9nRKgzW46Bm5i4PkSKw97xrztQlMJEv9gOVxTp-o3Sq_Uwq\",\"https:\/\/www.instagram.com\/beauty_baltic\/\"]}]}<\/script>\n<!-- \/ Yoast SEO Premium plugin. -->","yoast_head_json":{"title":"Beauty Baltic &#183; Dimanta fr\u0113ze \"liesma\" 021 sarkana, 10mm","robots":{"index":"index","follow":"follow","max-snippet":"max-snippet:-1","max-image-preview":"max-image-preview:large","max-video-preview":"max-video-preview:-1"},"canonical":"https:\/\/beautybaltic.com\/?product=dimanta-freze-liesma-021-sarkana&lang=lv","og_locale":"en_US","og_type":"article","og_title":"Dimanta fr\u0113ze \"liesma\" 021 sarkana, 10mm","og_description":"Forma: liesma  Darba da\u013cas diametrs, mm: 2,1  Darba da\u013cas garums, mm: 10,0  K\u0101ta diametrs, mm: 2.35  Graudain\u012bba: smalka (sarkana)  ISO: 856.104.243.100.021","og_url":"https:\/\/beautybaltic.com\/?product=dimanta-freze-liesma-021-sarkana&lang=lv","og_site_name":"Beauty Baltic","article_publisher":"https:\/\/www.facebook.com\/siabeautybaltic\/?eid=ARDs6xwwnnHaxWoXNQhS1sgYf1tbsdYaa9nRKgzW46Bm5i4PkSKw97xrztQlMJEv9gOVxTp-o3Sq_Uwq","article_modified_time":"2026-03-24T16:09:18+00:00","og_image":[{"width":2000,"height":2000,"url":"https:\/\/beautybaltic.com\/wp-content\/uploads\/2020\/03\/856.104.243.100.021.jpg","type":"image\/jpeg"}],"twitter_card":"summary_large_image","twitter_misc":{"Est. reading time":"1 minute"},"schema":{"@context":"https:\/\/schema.org","@graph":[{"@type":"WebPage","@id":"https:\/\/beautybaltic.com\/?product=dimanta-freze-liesma-021-sarkana&lang=lv","url":"https:\/\/beautybaltic.com\/?product=dimanta-freze-liesma-021-sarkana&lang=lv","name":"Beauty Baltic &#183; Dimanta fr\u0113ze \"liesma\" 021 sarkana, 10mm","isPartOf":{"@id":"https:\/\/beautybaltic.com\/#website"},"primaryImageOfPage":{"@id":"https:\/\/beautybaltic.com\/?product=dimanta-freze-liesma-021-sarkana&lang=lv#primaryimage"},"image":{"@id":"https:\/\/beautybaltic.com\/?product=dimanta-freze-liesma-021-sarkana&lang=lv#primaryimage"},"thumbnailUrl":"https:\/\/beautybaltic.com\/wp-content\/uploads\/2020\/03\/856.104.243.100.021.jpg","datePublished":"2022-11-01T14:24:52+00:00","dateModified":"2026-03-24T16:09:18+00:00","breadcrumb":{"@id":"https:\/\/beautybaltic.com\/?product=dimanta-freze-liesma-021-sarkana&lang=lv#breadcrumb"},"inLanguage":"en-US","potentialAction":[{"@type":"ReadAction","target":["https:\/\/beautybaltic.com\/?product=dimanta-freze-liesma-021-sarkana&lang=lv"]}]},{"@type":"ImageObject","inLanguage":"en-US","@id":"https:\/\/beautybaltic.com\/?product=dimanta-freze-liesma-021-sarkana&lang=lv#primaryimage","url":"https:\/\/beautybaltic.com\/wp-content\/uploads\/2020\/03\/856.104.243.100.021.jpg","contentUrl":"https:\/\/beautybaltic.com\/wp-content\/uploads\/2020\/03\/856.104.243.100.021.jpg","width":2000,"height":2000},{"@type":"BreadcrumbList","@id":"https:\/\/beautybaltic.com\/?product=dimanta-freze-liesma-021-sarkana&lang=lv#breadcrumb","itemListElement":[{"@type":"ListItem","position":1,"name":"Home Page","item":"https:\/\/beautybaltic.com\/"},{"@type":"ListItem","position":2,"name":"All products","item":"https:\/\/beautybaltic.com\/?page_id=113"},{"@type":"ListItem","position":3,"name":"Dimanta fr\u0113ze &#8220;liesma&#8221; 021 sarkana, 10mm"}]},{"@type":"WebSite","@id":"https:\/\/beautybaltic.com\/#website","url":"https:\/\/beautybaltic.com\/","name":"Beauty Baltic","description":"","publisher":{"@id":"https:\/\/beautybaltic.com\/#organization"},"potentialAction":[{"@type":"SearchAction","target":{"@type":"EntryPoint","urlTemplate":"https:\/\/beautybaltic.com\/?s={search_term_string}"},"query-input":{"@type":"PropertyValueSpecification","valueRequired":true,"valueName":"search_term_string"}}],"inLanguage":"en-US"},{"@type":"Organization","@id":"https:\/\/beautybaltic.com\/#organization","name":"SIA \"Beauty Baltic\"","url":"https:\/\/beautybaltic.com\/","logo":{"@type":"ImageObject","inLanguage":"en-US","@id":"https:\/\/beautybaltic.com\/#\/schema\/logo\/image\/","url":"https:\/\/beautybaltic.com\/wp-content\/uploads\/2020\/04\/logo-4.png","contentUrl":"https:\/\/beautybaltic.com\/wp-content\/uploads\/2020\/04\/logo-4.png","width":704,"height":206,"caption":"SIA \"Beauty Baltic\""},"image":{"@id":"https:\/\/beautybaltic.com\/#\/schema\/logo\/image\/"},"sameAs":["https:\/\/www.facebook.com\/siabeautybaltic\/?eid=ARDs6xwwnnHaxWoXNQhS1sgYf1tbsdYaa9nRKgzW46Bm5i4PkSKw97xrztQlMJEv9gOVxTp-o3Sq_Uwq","https:\/\/www.instagram.com\/beauty_baltic\/"]}]}},"_links":{"self":[{"href":"https:\/\/beautybaltic.com\/index.php?rest_route=\/wp\/v2\/product\/7890","targetHints":{"allow":["GET"]}}],"collection":[{"href":"https:\/\/beautybaltic.com\/index.php?rest_route=\/wp\/v2\/product"}],"about":[{"href":"https:\/\/beautybaltic.com\/index.php?rest_route=\/wp\/v2\/types\/product"}],"replies":[{"embeddable":true,"href":"https:\/\/beautybaltic.com\/index.php?rest_route=%2Fwp%2Fv2%2Fcomments&post=7890"}],"wp:featuredmedia":[{"embeddable":true,"href":"https:\/\/beautybaltic.com\/index.php?rest_route=\/wp\/v2\/media\/7891"}],"wp:attachment":[{"href":"https:\/\/beautybaltic.com\/index.php?rest_route=%2Fwp%2Fv2%2Fmedia&parent=7890"}],"wp:term":[{"taxonomy":"product_brand","embeddable":true,"href":"https:\/\/beautybaltic.com\/index.php?rest_route=%2Fwp%2Fv2%2Fproduct_brand&post=7890"},{"taxonomy":"product_cat","embeddable":true,"href":"https:\/\/beautybaltic.com\/index.php?rest_route=%2Fwp%2Fv2%2Fproduct_cat&post=7890"},{"taxonomy":"product_tag","embeddable":true,"href":"https:\/\/beautybaltic.com\/index.php?rest_route=%2Fwp%2Fv2%2Fproduct_tag&post=7890"}],"curies":[{"name":"wp","href":"https:\/\/api.w.org\/{rel}","templated":true}]}}