{"id":28794,"date":"2026-04-20T11:17:47","date_gmt":"2026-04-20T08:17:47","guid":{"rendered":"https:\/\/beautybaltic.com\/?post_type=product&#038;p=28794"},"modified":"2026-04-20T11:56:00","modified_gmt":"2026-04-20T08:56:00","slug":"staleks-nagu-dizaino-sepetelis-nbe-03","status":"publish","type":"product","link":"https:\/\/beautybaltic.com\/?product=staleks-nagu-dizaino-sepetelis-nbe-03&lang=lt","title":{"rendered":"STALEKS Nag\u0173 dizaino \u0161epet\u0117lis [NBE-03]"},"content":{"rendered":"<p>Staleks PRO Plonas teptukas-lineris EXPERT (NBE-03) naudojamas tikslioms detal\u0117ms ir akcentams, kur reikalingas ai\u0161kumas. Kokybi\u0161kai pie\u0161ia sud\u0117tingus ra\u0161tus, ilgas linijas, geometrinius ornamentus ir menin\u012f nag\u0173 dekoravim\u0105.<\/p>\n<p>Staleks Plonas teptukas maniki\u016brui EXPERT 0.9 x 10 mm suteikia auk\u0161t\u0105 tikslum\u0105 dirbant su \u012fvairiomis med\u017eiagomis: geliu, geliniu laku, laku, baze ir meno da\u017eais. Siauras galiukas patogus pie\u0161ti ilgas linijas, pranc\u016bzi\u0161ko maniki\u016bro \u0161ypsen\u0105 ir meninius dizaino elementus.<\/p>\n<p>Staleks PRO Plonas teptukas-lineris EXPERT (NBE-03) ypatyb\u0117s:<\/p>\n<p>siauras galiukas patogus pie\u0161iant sud\u0117tingas detales ir ra\u0161tus;<br \/>\nauk\u0161tos kokyb\u0117s sintetini\u0173 pluo\u0161t\u0173 \u0161ereliai suteikia puik\u0173 lankstum\u0105 ir atsparum\u0105 dilimui;<br \/>\nergonomi\u0161ka aliuminio rankena patogi laikyti ir kontroliuoti darbo metu;<br \/>\nplonas linij\u0173 teptukas gali b\u016bti naudojamas su vis\u0173 tip\u0173 geliniais lakais, geliais ir meno da\u017eais;<br \/>\napsauginis dangtelis komplekte apsaugo \u0161erelius saugojimo ir transportavimo metu;<br \/>\nstilingas dizainas: juodas korpusas su baltu logotipu ir prek\u0117s \u017eenklo pavadinimu;<br \/>\n\u0161ereli\u0173 plotis: 0.9 mm;<br \/>\n\u0161ereli\u0173 ilgis: 10 mm;<br \/>\nilgis: 18 cm.<br \/>\nStaleks Plonas teptukas maniki\u016brui EXPERT 0.9 x 10 mm naudojimas:<\/p>\n<p>\u012esigyti plon\u0105 teptuk\u0105 maniki\u016brui galima norint nubr\u0117\u017eti ai\u0161kias pranc\u016bzi\u0161ko maniki\u016bro \u0161ypsenos linijas, m\u0117nulio dizaino ribas, taip pat dekoratyvinius elementus, g\u0117les, lapus ir geometrinius ra\u0161tus.<br \/>\nSu juo meistrui patogu derinti \u012fvairias technikas, eksperimentuoti su spalvomis ir atlikti unikalius dizainus.<br \/>\nPlonas teptukas maniki\u016brui gali b\u016bti derinamas su kitais teptukais (pvz., ombre ar tiesioms linijoms) siekiant i\u0161pl\u0117sti k\u016brybines galimybes, papildant dizain\u0105 strazais ir kitais dekoratyviniais elementais.<\/p>\n","protected":false},"excerpt":{"rendered":"<p>Staleks PRO Plonas teptukas-lineris EXPERT (NBE-03) naudojamas tikslioms detal\u0117ms ir akcentams, kur reikalingas ai\u0161kumas. Kokybi\u0161kai pie\u0161ia sud\u0117tingus ra\u0161tus, ilgas linijas, geometrinius ornamentus ir menin\u012f nag\u0173 dekoravim\u0105. Staleks Plonas teptukas maniki\u016brui EXPERT 0.9 x 10 mm suteikia auk\u0161t\u0105 tikslum\u0105 dirbant su \u012fvairiomis med\u017eiagomis: geliu, geliniu laku, laku, baze ir meno da\u017eais. Siauras galiukas patogus pie\u0161ti ilgas &hellip; <\/p>\n","protected":false},"featured_media":28795,"comment_status":"open","ping_status":"closed","template":"","meta":[],"product_brand":[2850],"product_cat":[3396,1829],"product_tag":[],"class_list":{"0":"post-28794","1":"product","2":"type-product","3":"status-publish","4":"has-post-thumbnail","6":"product_brand-staleks","7":"product_cat-teptukai","8":"product_cat-staleks-instrumentai","10":"first","11":"outofstock","12":"taxable","13":"shipping-taxable","14":"purchasable","15":"product-type-simple"},"yoast_head":"<!-- This site is optimized with the Yoast SEO Premium plugin v23.0 (Yoast SEO v26.9) - https:\/\/yoast.com\/product\/yoast-seo-premium-wordpress\/ -->\n<title>Beauty Baltic &#183; STALEKS Nag\u0173 dizaino \u0161epet\u0117lis [NBE-03]<\/title>\n<meta name=\"robots\" content=\"index, follow, max-snippet:-1, max-image-preview:large, max-video-preview:-1\" \/>\n<link rel=\"canonical\" href=\"https:\/\/beautybaltic.com\/?product=staleks-nagu-dizaino-sepetelis-nbe-03&lang=lt\" \/>\n<meta property=\"og:locale\" content=\"en_US\" \/>\n<meta property=\"og:type\" content=\"article\" \/>\n<meta property=\"og:title\" content=\"STALEKS Nag\u0173 dizaino \u0161epet\u0117lis [NBE-03]\" \/>\n<meta property=\"og:description\" content=\"Staleks PRO Plonas teptukas-lineris EXPERT (NBE-03) naudojamas tikslioms detal\u0117ms ir akcentams, kur reikalingas ai\u0161kumas. Kokybi\u0161kai pie\u0161ia sud\u0117tingus ra\u0161tus, ilgas linijas, geometrinius ornamentus ir menin\u012f nag\u0173 dekoravim\u0105. Staleks Plonas teptukas maniki\u016brui EXPERT 0.9 x 10 mm suteikia auk\u0161t\u0105 tikslum\u0105 dirbant su \u012fvairiomis med\u017eiagomis: geliu, geliniu laku, laku, baze ir meno da\u017eais. Siauras galiukas patogus pie\u0161ti ilgas &hellip;\" \/>\n<meta property=\"og:url\" content=\"https:\/\/beautybaltic.com\/?product=staleks-nagu-dizaino-sepetelis-nbe-03&amp;lang=lt\" \/>\n<meta property=\"og:site_name\" content=\"Beauty Baltic\" \/>\n<meta property=\"article:publisher\" content=\"https:\/\/www.facebook.com\/siabeautybaltic\/?eid=ARDs6xwwnnHaxWoXNQhS1sgYf1tbsdYaa9nRKgzW46Bm5i4PkSKw97xrztQlMJEv9gOVxTp-o3Sq_Uwq\" \/>\n<meta property=\"article:modified_time\" content=\"2026-04-20T08:56:00+00:00\" \/>\n<meta property=\"og:image\" content=\"https:\/\/beautybaltic.com\/wp-content\/uploads\/2026\/04\/NBE-03-1.jpg\" \/>\n\t<meta property=\"og:image:width\" content=\"2000\" \/>\n\t<meta property=\"og:image:height\" content=\"2000\" \/>\n\t<meta property=\"og:image:type\" content=\"image\/jpeg\" \/>\n<meta name=\"twitter:card\" content=\"summary_large_image\" \/>\n<meta name=\"twitter:label1\" content=\"Est. reading time\" \/>\n\t<meta name=\"twitter:data1\" content=\"2 minutes\" \/>\n<script type=\"application\/ld+json\" class=\"yoast-schema-graph\">{\"@context\":\"https:\/\/schema.org\",\"@graph\":[{\"@type\":\"WebPage\",\"@id\":\"https:\/\/beautybaltic.com\/?product=staleks-nagu-dizaino-sepetelis-nbe-03&lang=lt\",\"url\":\"https:\/\/beautybaltic.com\/?product=staleks-nagu-dizaino-sepetelis-nbe-03&lang=lt\",\"name\":\"Beauty Baltic &#183; STALEKS Nag\u0173 dizaino \u0161epet\u0117lis [NBE-03]\",\"isPartOf\":{\"@id\":\"https:\/\/beautybaltic.com\/#website\"},\"primaryImageOfPage\":{\"@id\":\"https:\/\/beautybaltic.com\/?product=staleks-nagu-dizaino-sepetelis-nbe-03&lang=lt#primaryimage\"},\"image\":{\"@id\":\"https:\/\/beautybaltic.com\/?product=staleks-nagu-dizaino-sepetelis-nbe-03&lang=lt#primaryimage\"},\"thumbnailUrl\":\"https:\/\/beautybaltic.com\/wp-content\/uploads\/2026\/04\/NBE-03-1.jpg\",\"datePublished\":\"2026-04-20T08:17:47+00:00\",\"dateModified\":\"2026-04-20T08:56:00+00:00\",\"breadcrumb\":{\"@id\":\"https:\/\/beautybaltic.com\/?product=staleks-nagu-dizaino-sepetelis-nbe-03&lang=lt#breadcrumb\"},\"inLanguage\":\"en-US\",\"potentialAction\":[{\"@type\":\"ReadAction\",\"target\":[\"https:\/\/beautybaltic.com\/?product=staleks-nagu-dizaino-sepetelis-nbe-03&lang=lt\"]}]},{\"@type\":\"ImageObject\",\"inLanguage\":\"en-US\",\"@id\":\"https:\/\/beautybaltic.com\/?product=staleks-nagu-dizaino-sepetelis-nbe-03&lang=lt#primaryimage\",\"url\":\"https:\/\/beautybaltic.com\/wp-content\/uploads\/2026\/04\/NBE-03-1.jpg\",\"contentUrl\":\"https:\/\/beautybaltic.com\/wp-content\/uploads\/2026\/04\/NBE-03-1.jpg\",\"width\":2000,\"height\":2000},{\"@type\":\"BreadcrumbList\",\"@id\":\"https:\/\/beautybaltic.com\/?product=staleks-nagu-dizaino-sepetelis-nbe-03&lang=lt#breadcrumb\",\"itemListElement\":[{\"@type\":\"ListItem\",\"position\":1,\"name\":\"Home Page\",\"item\":\"https:\/\/beautybaltic.com\/\"},{\"@type\":\"ListItem\",\"position\":2,\"name\":\"All products\",\"item\":\"https:\/\/beautybaltic.com\/?page_id=113\"},{\"@type\":\"ListItem\",\"position\":3,\"name\":\"STALEKS Nag\u0173 dizaino \u0161epet\u0117lis [NBE-03]\"}]},{\"@type\":\"WebSite\",\"@id\":\"https:\/\/beautybaltic.com\/#website\",\"url\":\"https:\/\/beautybaltic.com\/\",\"name\":\"Beauty Baltic\",\"description\":\"\",\"publisher\":{\"@id\":\"https:\/\/beautybaltic.com\/#organization\"},\"potentialAction\":[{\"@type\":\"SearchAction\",\"target\":{\"@type\":\"EntryPoint\",\"urlTemplate\":\"https:\/\/beautybaltic.com\/?s={search_term_string}\"},\"query-input\":{\"@type\":\"PropertyValueSpecification\",\"valueRequired\":true,\"valueName\":\"search_term_string\"}}],\"inLanguage\":\"en-US\"},{\"@type\":\"Organization\",\"@id\":\"https:\/\/beautybaltic.com\/#organization\",\"name\":\"SIA \\\"Beauty Baltic\\\"\",\"url\":\"https:\/\/beautybaltic.com\/\",\"logo\":{\"@type\":\"ImageObject\",\"inLanguage\":\"en-US\",\"@id\":\"https:\/\/beautybaltic.com\/#\/schema\/logo\/image\/\",\"url\":\"https:\/\/beautybaltic.com\/wp-content\/uploads\/2020\/04\/logo-4.png\",\"contentUrl\":\"https:\/\/beautybaltic.com\/wp-content\/uploads\/2020\/04\/logo-4.png\",\"width\":704,\"height\":206,\"caption\":\"SIA \\\"Beauty Baltic\\\"\"},\"image\":{\"@id\":\"https:\/\/beautybaltic.com\/#\/schema\/logo\/image\/\"},\"sameAs\":[\"https:\/\/www.facebook.com\/siabeautybaltic\/?eid=ARDs6xwwnnHaxWoXNQhS1sgYf1tbsdYaa9nRKgzW46Bm5i4PkSKw97xrztQlMJEv9gOVxTp-o3Sq_Uwq\",\"https:\/\/www.instagram.com\/beauty_baltic\/\"]}]}<\/script>\n<!-- \/ Yoast SEO Premium plugin. -->","yoast_head_json":{"title":"Beauty Baltic &#183; STALEKS Nag\u0173 dizaino \u0161epet\u0117lis [NBE-03]","robots":{"index":"index","follow":"follow","max-snippet":"max-snippet:-1","max-image-preview":"max-image-preview:large","max-video-preview":"max-video-preview:-1"},"canonical":"https:\/\/beautybaltic.com\/?product=staleks-nagu-dizaino-sepetelis-nbe-03&lang=lt","og_locale":"en_US","og_type":"article","og_title":"STALEKS Nag\u0173 dizaino \u0161epet\u0117lis [NBE-03]","og_description":"Staleks PRO Plonas teptukas-lineris EXPERT (NBE-03) naudojamas tikslioms detal\u0117ms ir akcentams, kur reikalingas ai\u0161kumas. Kokybi\u0161kai pie\u0161ia sud\u0117tingus ra\u0161tus, ilgas linijas, geometrinius ornamentus ir menin\u012f nag\u0173 dekoravim\u0105. Staleks Plonas teptukas maniki\u016brui EXPERT 0.9 x 10 mm suteikia auk\u0161t\u0105 tikslum\u0105 dirbant su \u012fvairiomis med\u017eiagomis: geliu, geliniu laku, laku, baze ir meno da\u017eais. Siauras galiukas patogus pie\u0161ti ilgas &hellip;","og_url":"https:\/\/beautybaltic.com\/?product=staleks-nagu-dizaino-sepetelis-nbe-03&lang=lt","og_site_name":"Beauty Baltic","article_publisher":"https:\/\/www.facebook.com\/siabeautybaltic\/?eid=ARDs6xwwnnHaxWoXNQhS1sgYf1tbsdYaa9nRKgzW46Bm5i4PkSKw97xrztQlMJEv9gOVxTp-o3Sq_Uwq","article_modified_time":"2026-04-20T08:56:00+00:00","og_image":[{"width":2000,"height":2000,"url":"https:\/\/beautybaltic.com\/wp-content\/uploads\/2026\/04\/NBE-03-1.jpg","type":"image\/jpeg"}],"twitter_card":"summary_large_image","twitter_misc":{"Est. reading time":"2 minutes"},"schema":{"@context":"https:\/\/schema.org","@graph":[{"@type":"WebPage","@id":"https:\/\/beautybaltic.com\/?product=staleks-nagu-dizaino-sepetelis-nbe-03&lang=lt","url":"https:\/\/beautybaltic.com\/?product=staleks-nagu-dizaino-sepetelis-nbe-03&lang=lt","name":"Beauty Baltic &#183; STALEKS Nag\u0173 dizaino \u0161epet\u0117lis [NBE-03]","isPartOf":{"@id":"https:\/\/beautybaltic.com\/#website"},"primaryImageOfPage":{"@id":"https:\/\/beautybaltic.com\/?product=staleks-nagu-dizaino-sepetelis-nbe-03&lang=lt#primaryimage"},"image":{"@id":"https:\/\/beautybaltic.com\/?product=staleks-nagu-dizaino-sepetelis-nbe-03&lang=lt#primaryimage"},"thumbnailUrl":"https:\/\/beautybaltic.com\/wp-content\/uploads\/2026\/04\/NBE-03-1.jpg","datePublished":"2026-04-20T08:17:47+00:00","dateModified":"2026-04-20T08:56:00+00:00","breadcrumb":{"@id":"https:\/\/beautybaltic.com\/?product=staleks-nagu-dizaino-sepetelis-nbe-03&lang=lt#breadcrumb"},"inLanguage":"en-US","potentialAction":[{"@type":"ReadAction","target":["https:\/\/beautybaltic.com\/?product=staleks-nagu-dizaino-sepetelis-nbe-03&lang=lt"]}]},{"@type":"ImageObject","inLanguage":"en-US","@id":"https:\/\/beautybaltic.com\/?product=staleks-nagu-dizaino-sepetelis-nbe-03&lang=lt#primaryimage","url":"https:\/\/beautybaltic.com\/wp-content\/uploads\/2026\/04\/NBE-03-1.jpg","contentUrl":"https:\/\/beautybaltic.com\/wp-content\/uploads\/2026\/04\/NBE-03-1.jpg","width":2000,"height":2000},{"@type":"BreadcrumbList","@id":"https:\/\/beautybaltic.com\/?product=staleks-nagu-dizaino-sepetelis-nbe-03&lang=lt#breadcrumb","itemListElement":[{"@type":"ListItem","position":1,"name":"Home Page","item":"https:\/\/beautybaltic.com\/"},{"@type":"ListItem","position":2,"name":"All products","item":"https:\/\/beautybaltic.com\/?page_id=113"},{"@type":"ListItem","position":3,"name":"STALEKS Nag\u0173 dizaino \u0161epet\u0117lis [NBE-03]"}]},{"@type":"WebSite","@id":"https:\/\/beautybaltic.com\/#website","url":"https:\/\/beautybaltic.com\/","name":"Beauty Baltic","description":"","publisher":{"@id":"https:\/\/beautybaltic.com\/#organization"},"potentialAction":[{"@type":"SearchAction","target":{"@type":"EntryPoint","urlTemplate":"https:\/\/beautybaltic.com\/?s={search_term_string}"},"query-input":{"@type":"PropertyValueSpecification","valueRequired":true,"valueName":"search_term_string"}}],"inLanguage":"en-US"},{"@type":"Organization","@id":"https:\/\/beautybaltic.com\/#organization","name":"SIA \"Beauty Baltic\"","url":"https:\/\/beautybaltic.com\/","logo":{"@type":"ImageObject","inLanguage":"en-US","@id":"https:\/\/beautybaltic.com\/#\/schema\/logo\/image\/","url":"https:\/\/beautybaltic.com\/wp-content\/uploads\/2020\/04\/logo-4.png","contentUrl":"https:\/\/beautybaltic.com\/wp-content\/uploads\/2020\/04\/logo-4.png","width":704,"height":206,"caption":"SIA \"Beauty Baltic\""},"image":{"@id":"https:\/\/beautybaltic.com\/#\/schema\/logo\/image\/"},"sameAs":["https:\/\/www.facebook.com\/siabeautybaltic\/?eid=ARDs6xwwnnHaxWoXNQhS1sgYf1tbsdYaa9nRKgzW46Bm5i4PkSKw97xrztQlMJEv9gOVxTp-o3Sq_Uwq","https:\/\/www.instagram.com\/beauty_baltic\/"]}]}},"_links":{"self":[{"href":"https:\/\/beautybaltic.com\/index.php?rest_route=\/wp\/v2\/product\/28794","targetHints":{"allow":["GET"]}}],"collection":[{"href":"https:\/\/beautybaltic.com\/index.php?rest_route=\/wp\/v2\/product"}],"about":[{"href":"https:\/\/beautybaltic.com\/index.php?rest_route=\/wp\/v2\/types\/product"}],"replies":[{"embeddable":true,"href":"https:\/\/beautybaltic.com\/index.php?rest_route=%2Fwp%2Fv2%2Fcomments&post=28794"}],"wp:featuredmedia":[{"embeddable":true,"href":"https:\/\/beautybaltic.com\/index.php?rest_route=\/wp\/v2\/media\/28795"}],"wp:attachment":[{"href":"https:\/\/beautybaltic.com\/index.php?rest_route=%2Fwp%2Fv2%2Fmedia&parent=28794"}],"wp:term":[{"taxonomy":"product_brand","embeddable":true,"href":"https:\/\/beautybaltic.com\/index.php?rest_route=%2Fwp%2Fv2%2Fproduct_brand&post=28794"},{"taxonomy":"product_cat","embeddable":true,"href":"https:\/\/beautybaltic.com\/index.php?rest_route=%2Fwp%2Fv2%2Fproduct_cat&post=28794"},{"taxonomy":"product_tag","embeddable":true,"href":"https:\/\/beautybaltic.com\/index.php?rest_route=%2Fwp%2Fv2%2Fproduct_tag&post=28794"}],"curies":[{"name":"wp","href":"https:\/\/api.w.org\/{rel}","templated":true}]}}