{"id":28283,"date":"2026-03-21T00:20:20","date_gmt":"2026-03-20T21:20:20","guid":{"rendered":"https:\/\/beautybaltic.com\/?post_type=product&#038;p=28283"},"modified":"2026-04-19T20:03:29","modified_gmt":"2026-04-19T17:03:29","slug":"staleks-podologiska-pincete-podo-10-tp-10","status":"publish","type":"product","link":"https:\/\/beautybaltic.com\/?product=staleks-podologiska-pincete-podo-10-tp-10&lang=lv","title":{"rendered":"STALEKS Podolo\u0123iska pincete PODO 10 [TP-10]"},"content":{"rendered":"<ul>\n<li>ir pl\u0101nas un garas darba da\u013cas ar izci\u013c\u0146iem, kas dro\u0161i satver un notur pat viss\u012bk\u0101k\u0101s naga pl\u0101ksn\u012btes da\u013cas, piem\u0113rotas mazu epidermas fragmentu, naga vielas, sve\u0161\u0137erme\u0146u no\u0146em\u0161anai<\/li>\n<li>piem\u0113rots tampon\u0113\u0161anai<\/li>\n<li>pl\u0101na, gara darba da\u013ca<\/li>\n<li>stingrs satv\u0113riens gal\u0101 un vis\u0101 darba da\u013c\u0101<\/li>\n<li>ergonomiskas formas d\u0113\u013c \u0113rti iek\u013caujas plaukst\u0101<\/li>\n<li>ner\u016bs\u0113jo\u0161ais t\u0113rauds iztur\u012bgs pret r\u016bsu un visiem steriliz\u0101cijas un dezinfekcijas veidiem<\/li>\n<\/ul>\n","protected":false},"excerpt":{"rendered":"<p>ir pl\u0101nas un garas darba da\u013cas ar izci\u013c\u0146iem, kas dro\u0161i satver un notur pat viss\u012bk\u0101k\u0101s naga pl\u0101ksn\u012btes da\u013cas, piem\u0113rotas mazu epidermas fragmentu, naga vielas, sve\u0161\u0137erme\u0146u no\u0146em\u0161anai piem\u0113rots tampon\u0113\u0161anai pl\u0101na, gara darba da\u013ca stingrs satv\u0113riens gal\u0101 un vis\u0101 darba da\u013c\u0101 ergonomiskas formas d\u0113\u013c \u0113rti iek\u013caujas plaukst\u0101 ner\u016bs\u0113jo\u0161ais t\u0113rauds iztur\u012bgs pret r\u016bsu un visiem steriliz\u0101cijas un dezinfekcijas &hellip; <\/p>\n","protected":false},"featured_media":28284,"comment_status":"open","ping_status":"closed","template":"","meta":[],"product_brand":[2850],"product_cat":[3170,1438],"product_tag":[],"class_list":{"0":"post-28283","1":"product","2":"type-product","3":"status-publish","4":"has-post-thumbnail","6":"product_brand-staleks","7":"product_cat-aksesuari","8":"product_cat-staleks-lv","10":"first","11":"outofstock","12":"taxable","13":"shipping-taxable","14":"purchasable","15":"product-type-simple"},"yoast_head":"<!-- This site is optimized with the Yoast SEO Premium plugin v23.0 (Yoast SEO v26.9) - https:\/\/yoast.com\/product\/yoast-seo-premium-wordpress\/ -->\n<title>Beauty Baltic &#183; STALEKS Podolo\u0123iska pincete PODO 10 [TP-10]<\/title>\n<meta name=\"robots\" content=\"index, follow, max-snippet:-1, max-image-preview:large, max-video-preview:-1\" \/>\n<link rel=\"canonical\" href=\"https:\/\/beautybaltic.com\/?product=staleks-podologiska-pincete-podo-10-tp-10&lang=lv\" \/>\n<meta property=\"og:locale\" content=\"en_US\" \/>\n<meta property=\"og:type\" content=\"article\" \/>\n<meta property=\"og:title\" content=\"STALEKS Podolo\u0123iska pincete PODO 10 [TP-10]\" \/>\n<meta property=\"og:description\" content=\"ir pl\u0101nas un garas darba da\u013cas ar izci\u013c\u0146iem, kas dro\u0161i satver un notur pat viss\u012bk\u0101k\u0101s naga pl\u0101ksn\u012btes da\u013cas, piem\u0113rotas mazu epidermas fragmentu, naga vielas, sve\u0161\u0137erme\u0146u no\u0146em\u0161anai piem\u0113rots tampon\u0113\u0161anai pl\u0101na, gara darba da\u013ca stingrs satv\u0113riens gal\u0101 un vis\u0101 darba da\u013c\u0101 ergonomiskas formas d\u0113\u013c \u0113rti iek\u013caujas plaukst\u0101 ner\u016bs\u0113jo\u0161ais t\u0113rauds iztur\u012bgs pret r\u016bsu un visiem steriliz\u0101cijas un dezinfekcijas &hellip;\" \/>\n<meta property=\"og:url\" content=\"https:\/\/beautybaltic.com\/?product=staleks-podologiska-pincete-podo-10-tp-10&amp;lang=lv\" \/>\n<meta property=\"og:site_name\" content=\"Beauty Baltic\" \/>\n<meta property=\"article:publisher\" content=\"https:\/\/www.facebook.com\/siabeautybaltic\/?eid=ARDs6xwwnnHaxWoXNQhS1sgYf1tbsdYaa9nRKgzW46Bm5i4PkSKw97xrztQlMJEv9gOVxTp-o3Sq_Uwq\" \/>\n<meta property=\"article:modified_time\" content=\"2026-04-19T17:03:29+00:00\" \/>\n<meta property=\"og:image\" content=\"https:\/\/beautybaltic.com\/wp-content\/uploads\/2026\/03\/TP-10-1.jpg\" \/>\n\t<meta property=\"og:image:width\" content=\"2000\" \/>\n\t<meta property=\"og:image:height\" content=\"2000\" \/>\n\t<meta property=\"og:image:type\" content=\"image\/jpeg\" \/>\n<meta name=\"twitter:card\" content=\"summary_large_image\" \/>\n<meta name=\"twitter:label1\" content=\"Est. reading time\" \/>\n\t<meta name=\"twitter:data1\" content=\"1 minute\" \/>\n<script type=\"application\/ld+json\" class=\"yoast-schema-graph\">{\"@context\":\"https:\/\/schema.org\",\"@graph\":[{\"@type\":\"WebPage\",\"@id\":\"https:\/\/beautybaltic.com\/?product=staleks-podologiska-pincete-podo-10-tp-10&lang=lv\",\"url\":\"https:\/\/beautybaltic.com\/?product=staleks-podologiska-pincete-podo-10-tp-10&lang=lv\",\"name\":\"Beauty Baltic &#183; STALEKS Podolo\u0123iska pincete PODO 10 [TP-10]\",\"isPartOf\":{\"@id\":\"https:\/\/beautybaltic.com\/#website\"},\"primaryImageOfPage\":{\"@id\":\"https:\/\/beautybaltic.com\/?product=staleks-podologiska-pincete-podo-10-tp-10&lang=lv#primaryimage\"},\"image\":{\"@id\":\"https:\/\/beautybaltic.com\/?product=staleks-podologiska-pincete-podo-10-tp-10&lang=lv#primaryimage\"},\"thumbnailUrl\":\"https:\/\/beautybaltic.com\/wp-content\/uploads\/2026\/03\/TP-10-1.jpg\",\"datePublished\":\"2026-03-20T21:20:20+00:00\",\"dateModified\":\"2026-04-19T17:03:29+00:00\",\"breadcrumb\":{\"@id\":\"https:\/\/beautybaltic.com\/?product=staleks-podologiska-pincete-podo-10-tp-10&lang=lv#breadcrumb\"},\"inLanguage\":\"en-US\",\"potentialAction\":[{\"@type\":\"ReadAction\",\"target\":[\"https:\/\/beautybaltic.com\/?product=staleks-podologiska-pincete-podo-10-tp-10&lang=lv\"]}]},{\"@type\":\"ImageObject\",\"inLanguage\":\"en-US\",\"@id\":\"https:\/\/beautybaltic.com\/?product=staleks-podologiska-pincete-podo-10-tp-10&lang=lv#primaryimage\",\"url\":\"https:\/\/beautybaltic.com\/wp-content\/uploads\/2026\/03\/TP-10-1.jpg\",\"contentUrl\":\"https:\/\/beautybaltic.com\/wp-content\/uploads\/2026\/03\/TP-10-1.jpg\",\"width\":2000,\"height\":2000},{\"@type\":\"BreadcrumbList\",\"@id\":\"https:\/\/beautybaltic.com\/?product=staleks-podologiska-pincete-podo-10-tp-10&lang=lv#breadcrumb\",\"itemListElement\":[{\"@type\":\"ListItem\",\"position\":1,\"name\":\"Home Page\",\"item\":\"https:\/\/beautybaltic.com\/\"},{\"@type\":\"ListItem\",\"position\":2,\"name\":\"All products\",\"item\":\"https:\/\/beautybaltic.com\/?page_id=113\"},{\"@type\":\"ListItem\",\"position\":3,\"name\":\"STALEKS Podolo\u0123iska pincete PODO 10 [TP-10]\"}]},{\"@type\":\"WebSite\",\"@id\":\"https:\/\/beautybaltic.com\/#website\",\"url\":\"https:\/\/beautybaltic.com\/\",\"name\":\"Beauty Baltic\",\"description\":\"\",\"publisher\":{\"@id\":\"https:\/\/beautybaltic.com\/#organization\"},\"potentialAction\":[{\"@type\":\"SearchAction\",\"target\":{\"@type\":\"EntryPoint\",\"urlTemplate\":\"https:\/\/beautybaltic.com\/?s={search_term_string}\"},\"query-input\":{\"@type\":\"PropertyValueSpecification\",\"valueRequired\":true,\"valueName\":\"search_term_string\"}}],\"inLanguage\":\"en-US\"},{\"@type\":\"Organization\",\"@id\":\"https:\/\/beautybaltic.com\/#organization\",\"name\":\"SIA \\\"Beauty Baltic\\\"\",\"url\":\"https:\/\/beautybaltic.com\/\",\"logo\":{\"@type\":\"ImageObject\",\"inLanguage\":\"en-US\",\"@id\":\"https:\/\/beautybaltic.com\/#\/schema\/logo\/image\/\",\"url\":\"https:\/\/beautybaltic.com\/wp-content\/uploads\/2020\/04\/logo-4.png\",\"contentUrl\":\"https:\/\/beautybaltic.com\/wp-content\/uploads\/2020\/04\/logo-4.png\",\"width\":704,\"height\":206,\"caption\":\"SIA \\\"Beauty Baltic\\\"\"},\"image\":{\"@id\":\"https:\/\/beautybaltic.com\/#\/schema\/logo\/image\/\"},\"sameAs\":[\"https:\/\/www.facebook.com\/siabeautybaltic\/?eid=ARDs6xwwnnHaxWoXNQhS1sgYf1tbsdYaa9nRKgzW46Bm5i4PkSKw97xrztQlMJEv9gOVxTp-o3Sq_Uwq\",\"https:\/\/www.instagram.com\/beauty_baltic\/\"]}]}<\/script>\n<!-- \/ Yoast SEO Premium plugin. -->","yoast_head_json":{"title":"Beauty Baltic &#183; STALEKS Podolo\u0123iska pincete PODO 10 [TP-10]","robots":{"index":"index","follow":"follow","max-snippet":"max-snippet:-1","max-image-preview":"max-image-preview:large","max-video-preview":"max-video-preview:-1"},"canonical":"https:\/\/beautybaltic.com\/?product=staleks-podologiska-pincete-podo-10-tp-10&lang=lv","og_locale":"en_US","og_type":"article","og_title":"STALEKS Podolo\u0123iska pincete PODO 10 [TP-10]","og_description":"ir pl\u0101nas un garas darba da\u013cas ar izci\u013c\u0146iem, kas dro\u0161i satver un notur pat viss\u012bk\u0101k\u0101s naga pl\u0101ksn\u012btes da\u013cas, piem\u0113rotas mazu epidermas fragmentu, naga vielas, sve\u0161\u0137erme\u0146u no\u0146em\u0161anai piem\u0113rots tampon\u0113\u0161anai pl\u0101na, gara darba da\u013ca stingrs satv\u0113riens gal\u0101 un vis\u0101 darba da\u013c\u0101 ergonomiskas formas d\u0113\u013c \u0113rti iek\u013caujas plaukst\u0101 ner\u016bs\u0113jo\u0161ais t\u0113rauds iztur\u012bgs pret r\u016bsu un visiem steriliz\u0101cijas un dezinfekcijas &hellip;","og_url":"https:\/\/beautybaltic.com\/?product=staleks-podologiska-pincete-podo-10-tp-10&lang=lv","og_site_name":"Beauty Baltic","article_publisher":"https:\/\/www.facebook.com\/siabeautybaltic\/?eid=ARDs6xwwnnHaxWoXNQhS1sgYf1tbsdYaa9nRKgzW46Bm5i4PkSKw97xrztQlMJEv9gOVxTp-o3Sq_Uwq","article_modified_time":"2026-04-19T17:03:29+00:00","og_image":[{"width":2000,"height":2000,"url":"https:\/\/beautybaltic.com\/wp-content\/uploads\/2026\/03\/TP-10-1.jpg","type":"image\/jpeg"}],"twitter_card":"summary_large_image","twitter_misc":{"Est. reading time":"1 minute"},"schema":{"@context":"https:\/\/schema.org","@graph":[{"@type":"WebPage","@id":"https:\/\/beautybaltic.com\/?product=staleks-podologiska-pincete-podo-10-tp-10&lang=lv","url":"https:\/\/beautybaltic.com\/?product=staleks-podologiska-pincete-podo-10-tp-10&lang=lv","name":"Beauty Baltic &#183; STALEKS Podolo\u0123iska pincete PODO 10 [TP-10]","isPartOf":{"@id":"https:\/\/beautybaltic.com\/#website"},"primaryImageOfPage":{"@id":"https:\/\/beautybaltic.com\/?product=staleks-podologiska-pincete-podo-10-tp-10&lang=lv#primaryimage"},"image":{"@id":"https:\/\/beautybaltic.com\/?product=staleks-podologiska-pincete-podo-10-tp-10&lang=lv#primaryimage"},"thumbnailUrl":"https:\/\/beautybaltic.com\/wp-content\/uploads\/2026\/03\/TP-10-1.jpg","datePublished":"2026-03-20T21:20:20+00:00","dateModified":"2026-04-19T17:03:29+00:00","breadcrumb":{"@id":"https:\/\/beautybaltic.com\/?product=staleks-podologiska-pincete-podo-10-tp-10&lang=lv#breadcrumb"},"inLanguage":"en-US","potentialAction":[{"@type":"ReadAction","target":["https:\/\/beautybaltic.com\/?product=staleks-podologiska-pincete-podo-10-tp-10&lang=lv"]}]},{"@type":"ImageObject","inLanguage":"en-US","@id":"https:\/\/beautybaltic.com\/?product=staleks-podologiska-pincete-podo-10-tp-10&lang=lv#primaryimage","url":"https:\/\/beautybaltic.com\/wp-content\/uploads\/2026\/03\/TP-10-1.jpg","contentUrl":"https:\/\/beautybaltic.com\/wp-content\/uploads\/2026\/03\/TP-10-1.jpg","width":2000,"height":2000},{"@type":"BreadcrumbList","@id":"https:\/\/beautybaltic.com\/?product=staleks-podologiska-pincete-podo-10-tp-10&lang=lv#breadcrumb","itemListElement":[{"@type":"ListItem","position":1,"name":"Home Page","item":"https:\/\/beautybaltic.com\/"},{"@type":"ListItem","position":2,"name":"All products","item":"https:\/\/beautybaltic.com\/?page_id=113"},{"@type":"ListItem","position":3,"name":"STALEKS Podolo\u0123iska pincete PODO 10 [TP-10]"}]},{"@type":"WebSite","@id":"https:\/\/beautybaltic.com\/#website","url":"https:\/\/beautybaltic.com\/","name":"Beauty Baltic","description":"","publisher":{"@id":"https:\/\/beautybaltic.com\/#organization"},"potentialAction":[{"@type":"SearchAction","target":{"@type":"EntryPoint","urlTemplate":"https:\/\/beautybaltic.com\/?s={search_term_string}"},"query-input":{"@type":"PropertyValueSpecification","valueRequired":true,"valueName":"search_term_string"}}],"inLanguage":"en-US"},{"@type":"Organization","@id":"https:\/\/beautybaltic.com\/#organization","name":"SIA \"Beauty Baltic\"","url":"https:\/\/beautybaltic.com\/","logo":{"@type":"ImageObject","inLanguage":"en-US","@id":"https:\/\/beautybaltic.com\/#\/schema\/logo\/image\/","url":"https:\/\/beautybaltic.com\/wp-content\/uploads\/2020\/04\/logo-4.png","contentUrl":"https:\/\/beautybaltic.com\/wp-content\/uploads\/2020\/04\/logo-4.png","width":704,"height":206,"caption":"SIA \"Beauty Baltic\""},"image":{"@id":"https:\/\/beautybaltic.com\/#\/schema\/logo\/image\/"},"sameAs":["https:\/\/www.facebook.com\/siabeautybaltic\/?eid=ARDs6xwwnnHaxWoXNQhS1sgYf1tbsdYaa9nRKgzW46Bm5i4PkSKw97xrztQlMJEv9gOVxTp-o3Sq_Uwq","https:\/\/www.instagram.com\/beauty_baltic\/"]}]}},"_links":{"self":[{"href":"https:\/\/beautybaltic.com\/index.php?rest_route=\/wp\/v2\/product\/28283","targetHints":{"allow":["GET"]}}],"collection":[{"href":"https:\/\/beautybaltic.com\/index.php?rest_route=\/wp\/v2\/product"}],"about":[{"href":"https:\/\/beautybaltic.com\/index.php?rest_route=\/wp\/v2\/types\/product"}],"replies":[{"embeddable":true,"href":"https:\/\/beautybaltic.com\/index.php?rest_route=%2Fwp%2Fv2%2Fcomments&post=28283"}],"wp:featuredmedia":[{"embeddable":true,"href":"https:\/\/beautybaltic.com\/index.php?rest_route=\/wp\/v2\/media\/28284"}],"wp:attachment":[{"href":"https:\/\/beautybaltic.com\/index.php?rest_route=%2Fwp%2Fv2%2Fmedia&parent=28283"}],"wp:term":[{"taxonomy":"product_brand","embeddable":true,"href":"https:\/\/beautybaltic.com\/index.php?rest_route=%2Fwp%2Fv2%2Fproduct_brand&post=28283"},{"taxonomy":"product_cat","embeddable":true,"href":"https:\/\/beautybaltic.com\/index.php?rest_route=%2Fwp%2Fv2%2Fproduct_cat&post=28283"},{"taxonomy":"product_tag","embeddable":true,"href":"https:\/\/beautybaltic.com\/index.php?rest_route=%2Fwp%2Fv2%2Fproduct_tag&post=28283"}],"curies":[{"name":"wp","href":"https:\/\/api.w.org\/{rel}","templated":true}]}}