{"id":27566,"date":"2026-02-18T23:37:55","date_gmt":"2026-02-18T20:37:55","guid":{"rendered":"https:\/\/beautybaltic.com\/?post_type=product&#038;p=27566"},"modified":"2026-02-20T17:13:30","modified_gmt":"2026-02-20T14:13:30","slug":"karbida-freze-ona-907102l-kreiliem","status":"publish","type":"product","link":"https:\/\/beautybaltic.com\/?product=karbida-freze-ona-907102l-kreiliem&lang=lv","title":{"rendered":"Karb\u012bda fr\u0113ze ONA 907102L (krei\u013ciem)"},"content":{"rendered":"<p>Profesion\u0101la karb\u012bda fr\u0113ze materi\u0101la no\u0146em\u0161anai manik\u012bra un pedik\u012bra proced\u016br\u0101s.<\/p>\n<p>Paredz\u0113ta dro\u0161ai un efekt\u012bvai gela, g\u0113la lakas, akrila vai hibr\u012bda p\u0101rkl\u0101jumu no\u0146em\u0161anai un apstr\u0101dei \u2014 atkar\u012bb\u0101 no fr\u0113zes ciet\u012bbas pak\u0101pes.<\/p>\n<p>Nodro\u0161ina vienm\u0113r\u012bgu un prec\u012bzu darbu bez p\u0101rkar\u0161anas.<\/p>\n<p>Fr\u0113\u017eu pielieto\u0161anas varianti ir sniegti k\u0101 ieteikumi un var at\u0161\u0137irties atkar\u012bb\u0101 no meistara darba tehnikas.<\/p>\n<p>Lieto\u0161anas un dro\u0161\u012bbas instrukcijas <a href=\"https:\/\/beautybaltic.com\/?page_id=24028&amp;lang=lv\">pieejami \u0161eit<\/a>.<\/p>\n","protected":false},"excerpt":{"rendered":"<p>Forma: konuss<\/p>\n<p>Darba da\u013cas diametrs, mm: 6,0<\/p>\n<p>Darba da\u013cas garums, mm: 14,5<\/p>\n<p>K\u0101ta diametrs, mm: 2.35<\/p>\n<p>Griezuma tips: krustveida \u0161\u0137\u0113rsenisk\u0101 (tr\u012bsk\u0101r\u0161a)<\/p>\n<p>Ciet\u012bba: vid\u0113ja (violeta)<\/p>\n<p>Modelis: ONA 907102L<\/p>\n","protected":false},"featured_media":27817,"comment_status":"open","ping_status":"closed","template":"","meta":[],"product_brand":[2847],"product_cat":[2947,1177],"product_tag":[],"class_list":{"0":"post-27566","1":"product","2":"type-product","3":"status-publish","4":"has-post-thumbnail","6":"product_brand-ona-bits","7":"product_cat-karbida-frezes-ona","8":"product_cat-kreiliem","10":"first","11":"instock","12":"taxable","13":"shipping-taxable","14":"purchasable","15":"product-type-simple"},"yoast_head":"<!-- This site is optimized with the Yoast SEO Premium plugin v23.0 (Yoast SEO v26.9) - https:\/\/yoast.com\/product\/yoast-seo-premium-wordpress\/ -->\n<title>Beauty Baltic &#183; Karb\u012bda fr\u0113ze ONA 907102L (krei\u013ciem)<\/title>\n<meta name=\"robots\" content=\"index, follow, max-snippet:-1, max-image-preview:large, max-video-preview:-1\" \/>\n<link rel=\"canonical\" href=\"https:\/\/beautybaltic.com\/?product=karbida-freze-ona-907102l-kreiliem&lang=lv\" \/>\n<meta property=\"og:locale\" content=\"en_US\" \/>\n<meta property=\"og:type\" content=\"article\" \/>\n<meta property=\"og:title\" content=\"Karb\u012bda fr\u0113ze ONA 907102L (krei\u013ciem)\" \/>\n<meta property=\"og:description\" content=\"Forma: konuss  Darba da\u013cas diametrs, mm: 6,0  Darba da\u013cas garums, mm: 14,5  K\u0101ta diametrs, mm: 2.35  Griezuma tips: krustveida \u0161\u0137\u0113rsenisk\u0101 (tr\u012bsk\u0101r\u0161a)  Ciet\u012bba: vid\u0113ja (violeta)  Modelis: ONA 907102L\" \/>\n<meta property=\"og:url\" content=\"https:\/\/beautybaltic.com\/?product=karbida-freze-ona-907102l-kreiliem&amp;lang=lv\" \/>\n<meta property=\"og:site_name\" content=\"Beauty Baltic\" \/>\n<meta property=\"article:publisher\" content=\"https:\/\/www.facebook.com\/siabeautybaltic\/?eid=ARDs6xwwnnHaxWoXNQhS1sgYf1tbsdYaa9nRKgzW46Bm5i4PkSKw97xrztQlMJEv9gOVxTp-o3Sq_Uwq\" \/>\n<meta property=\"article:modified_time\" content=\"2026-02-20T14:13:30+00:00\" \/>\n<meta name=\"twitter:card\" content=\"summary_large_image\" \/>\n<meta name=\"twitter:label1\" content=\"Est. reading time\" \/>\n\t<meta name=\"twitter:data1\" content=\"1 minute\" \/>\n<script type=\"application\/ld+json\" class=\"yoast-schema-graph\">{\"@context\":\"https:\/\/schema.org\",\"@graph\":[{\"@type\":\"WebPage\",\"@id\":\"https:\/\/beautybaltic.com\/?product=karbida-freze-ona-907102l-kreiliem&lang=lv\",\"url\":\"https:\/\/beautybaltic.com\/?product=karbida-freze-ona-907102l-kreiliem&lang=lv\",\"name\":\"Beauty Baltic &#183; Karb\u012bda fr\u0113ze ONA 907102L (krei\u013ciem)\",\"isPartOf\":{\"@id\":\"https:\/\/beautybaltic.com\/#website\"},\"primaryImageOfPage\":{\"@id\":\"https:\/\/beautybaltic.com\/?product=karbida-freze-ona-907102l-kreiliem&lang=lv#primaryimage\"},\"image\":{\"@id\":\"https:\/\/beautybaltic.com\/?product=karbida-freze-ona-907102l-kreiliem&lang=lv#primaryimage\"},\"thumbnailUrl\":\"https:\/\/beautybaltic.com\/wp-content\/uploads\/2026\/02\/ONA-907102L-3.jpg\",\"datePublished\":\"2026-02-18T20:37:55+00:00\",\"dateModified\":\"2026-02-20T14:13:30+00:00\",\"breadcrumb\":{\"@id\":\"https:\/\/beautybaltic.com\/?product=karbida-freze-ona-907102l-kreiliem&lang=lv#breadcrumb\"},\"inLanguage\":\"en-US\",\"potentialAction\":[{\"@type\":\"ReadAction\",\"target\":[\"https:\/\/beautybaltic.com\/?product=karbida-freze-ona-907102l-kreiliem&lang=lv\"]}]},{\"@type\":\"ImageObject\",\"inLanguage\":\"en-US\",\"@id\":\"https:\/\/beautybaltic.com\/?product=karbida-freze-ona-907102l-kreiliem&lang=lv#primaryimage\",\"url\":\"https:\/\/beautybaltic.com\/wp-content\/uploads\/2026\/02\/ONA-907102L-3.jpg\",\"contentUrl\":\"https:\/\/beautybaltic.com\/wp-content\/uploads\/2026\/02\/ONA-907102L-3.jpg\",\"width\":800,\"height\":800,\"caption\":\"(c) Ingus Bajars\"},{\"@type\":\"BreadcrumbList\",\"@id\":\"https:\/\/beautybaltic.com\/?product=karbida-freze-ona-907102l-kreiliem&lang=lv#breadcrumb\",\"itemListElement\":[{\"@type\":\"ListItem\",\"position\":1,\"name\":\"Home Page\",\"item\":\"https:\/\/beautybaltic.com\/\"},{\"@type\":\"ListItem\",\"position\":2,\"name\":\"All products\",\"item\":\"https:\/\/beautybaltic.com\/?page_id=113\"},{\"@type\":\"ListItem\",\"position\":3,\"name\":\"Karb\u012bda fr\u0113ze ONA 907102L (krei\u013ciem)\"}]},{\"@type\":\"WebSite\",\"@id\":\"https:\/\/beautybaltic.com\/#website\",\"url\":\"https:\/\/beautybaltic.com\/\",\"name\":\"Beauty Baltic\",\"description\":\"\",\"publisher\":{\"@id\":\"https:\/\/beautybaltic.com\/#organization\"},\"potentialAction\":[{\"@type\":\"SearchAction\",\"target\":{\"@type\":\"EntryPoint\",\"urlTemplate\":\"https:\/\/beautybaltic.com\/?s={search_term_string}\"},\"query-input\":{\"@type\":\"PropertyValueSpecification\",\"valueRequired\":true,\"valueName\":\"search_term_string\"}}],\"inLanguage\":\"en-US\"},{\"@type\":\"Organization\",\"@id\":\"https:\/\/beautybaltic.com\/#organization\",\"name\":\"SIA \\\"Beauty Baltic\\\"\",\"url\":\"https:\/\/beautybaltic.com\/\",\"logo\":{\"@type\":\"ImageObject\",\"inLanguage\":\"en-US\",\"@id\":\"https:\/\/beautybaltic.com\/#\/schema\/logo\/image\/\",\"url\":\"https:\/\/beautybaltic.com\/wp-content\/uploads\/2020\/04\/logo-4.png\",\"contentUrl\":\"https:\/\/beautybaltic.com\/wp-content\/uploads\/2020\/04\/logo-4.png\",\"width\":704,\"height\":206,\"caption\":\"SIA \\\"Beauty Baltic\\\"\"},\"image\":{\"@id\":\"https:\/\/beautybaltic.com\/#\/schema\/logo\/image\/\"},\"sameAs\":[\"https:\/\/www.facebook.com\/siabeautybaltic\/?eid=ARDs6xwwnnHaxWoXNQhS1sgYf1tbsdYaa9nRKgzW46Bm5i4PkSKw97xrztQlMJEv9gOVxTp-o3Sq_Uwq\",\"https:\/\/www.instagram.com\/beauty_baltic\/\"]}]}<\/script>\n<!-- \/ Yoast SEO Premium plugin. -->","yoast_head_json":{"title":"Beauty Baltic &#183; Karb\u012bda fr\u0113ze ONA 907102L (krei\u013ciem)","robots":{"index":"index","follow":"follow","max-snippet":"max-snippet:-1","max-image-preview":"max-image-preview:large","max-video-preview":"max-video-preview:-1"},"canonical":"https:\/\/beautybaltic.com\/?product=karbida-freze-ona-907102l-kreiliem&lang=lv","og_locale":"en_US","og_type":"article","og_title":"Karb\u012bda fr\u0113ze ONA 907102L (krei\u013ciem)","og_description":"Forma: konuss  Darba da\u013cas diametrs, mm: 6,0  Darba da\u013cas garums, mm: 14,5  K\u0101ta diametrs, mm: 2.35  Griezuma tips: krustveida \u0161\u0137\u0113rsenisk\u0101 (tr\u012bsk\u0101r\u0161a)  Ciet\u012bba: vid\u0113ja (violeta)  Modelis: ONA 907102L","og_url":"https:\/\/beautybaltic.com\/?product=karbida-freze-ona-907102l-kreiliem&lang=lv","og_site_name":"Beauty Baltic","article_publisher":"https:\/\/www.facebook.com\/siabeautybaltic\/?eid=ARDs6xwwnnHaxWoXNQhS1sgYf1tbsdYaa9nRKgzW46Bm5i4PkSKw97xrztQlMJEv9gOVxTp-o3Sq_Uwq","article_modified_time":"2026-02-20T14:13:30+00:00","twitter_card":"summary_large_image","twitter_misc":{"Est. reading time":"1 minute"},"schema":{"@context":"https:\/\/schema.org","@graph":[{"@type":"WebPage","@id":"https:\/\/beautybaltic.com\/?product=karbida-freze-ona-907102l-kreiliem&lang=lv","url":"https:\/\/beautybaltic.com\/?product=karbida-freze-ona-907102l-kreiliem&lang=lv","name":"Beauty Baltic &#183; Karb\u012bda fr\u0113ze ONA 907102L (krei\u013ciem)","isPartOf":{"@id":"https:\/\/beautybaltic.com\/#website"},"primaryImageOfPage":{"@id":"https:\/\/beautybaltic.com\/?product=karbida-freze-ona-907102l-kreiliem&lang=lv#primaryimage"},"image":{"@id":"https:\/\/beautybaltic.com\/?product=karbida-freze-ona-907102l-kreiliem&lang=lv#primaryimage"},"thumbnailUrl":"https:\/\/beautybaltic.com\/wp-content\/uploads\/2026\/02\/ONA-907102L-3.jpg","datePublished":"2026-02-18T20:37:55+00:00","dateModified":"2026-02-20T14:13:30+00:00","breadcrumb":{"@id":"https:\/\/beautybaltic.com\/?product=karbida-freze-ona-907102l-kreiliem&lang=lv#breadcrumb"},"inLanguage":"en-US","potentialAction":[{"@type":"ReadAction","target":["https:\/\/beautybaltic.com\/?product=karbida-freze-ona-907102l-kreiliem&lang=lv"]}]},{"@type":"ImageObject","inLanguage":"en-US","@id":"https:\/\/beautybaltic.com\/?product=karbida-freze-ona-907102l-kreiliem&lang=lv#primaryimage","url":"https:\/\/beautybaltic.com\/wp-content\/uploads\/2026\/02\/ONA-907102L-3.jpg","contentUrl":"https:\/\/beautybaltic.com\/wp-content\/uploads\/2026\/02\/ONA-907102L-3.jpg","width":800,"height":800,"caption":"(c) Ingus Bajars"},{"@type":"BreadcrumbList","@id":"https:\/\/beautybaltic.com\/?product=karbida-freze-ona-907102l-kreiliem&lang=lv#breadcrumb","itemListElement":[{"@type":"ListItem","position":1,"name":"Home Page","item":"https:\/\/beautybaltic.com\/"},{"@type":"ListItem","position":2,"name":"All products","item":"https:\/\/beautybaltic.com\/?page_id=113"},{"@type":"ListItem","position":3,"name":"Karb\u012bda fr\u0113ze ONA 907102L (krei\u013ciem)"}]},{"@type":"WebSite","@id":"https:\/\/beautybaltic.com\/#website","url":"https:\/\/beautybaltic.com\/","name":"Beauty Baltic","description":"","publisher":{"@id":"https:\/\/beautybaltic.com\/#organization"},"potentialAction":[{"@type":"SearchAction","target":{"@type":"EntryPoint","urlTemplate":"https:\/\/beautybaltic.com\/?s={search_term_string}"},"query-input":{"@type":"PropertyValueSpecification","valueRequired":true,"valueName":"search_term_string"}}],"inLanguage":"en-US"},{"@type":"Organization","@id":"https:\/\/beautybaltic.com\/#organization","name":"SIA \"Beauty Baltic\"","url":"https:\/\/beautybaltic.com\/","logo":{"@type":"ImageObject","inLanguage":"en-US","@id":"https:\/\/beautybaltic.com\/#\/schema\/logo\/image\/","url":"https:\/\/beautybaltic.com\/wp-content\/uploads\/2020\/04\/logo-4.png","contentUrl":"https:\/\/beautybaltic.com\/wp-content\/uploads\/2020\/04\/logo-4.png","width":704,"height":206,"caption":"SIA \"Beauty Baltic\""},"image":{"@id":"https:\/\/beautybaltic.com\/#\/schema\/logo\/image\/"},"sameAs":["https:\/\/www.facebook.com\/siabeautybaltic\/?eid=ARDs6xwwnnHaxWoXNQhS1sgYf1tbsdYaa9nRKgzW46Bm5i4PkSKw97xrztQlMJEv9gOVxTp-o3Sq_Uwq","https:\/\/www.instagram.com\/beauty_baltic\/"]}]}},"_links":{"self":[{"href":"https:\/\/beautybaltic.com\/index.php?rest_route=\/wp\/v2\/product\/27566","targetHints":{"allow":["GET"]}}],"collection":[{"href":"https:\/\/beautybaltic.com\/index.php?rest_route=\/wp\/v2\/product"}],"about":[{"href":"https:\/\/beautybaltic.com\/index.php?rest_route=\/wp\/v2\/types\/product"}],"replies":[{"embeddable":true,"href":"https:\/\/beautybaltic.com\/index.php?rest_route=%2Fwp%2Fv2%2Fcomments&post=27566"}],"wp:featuredmedia":[{"embeddable":true,"href":"https:\/\/beautybaltic.com\/index.php?rest_route=\/wp\/v2\/media\/27817"}],"wp:attachment":[{"href":"https:\/\/beautybaltic.com\/index.php?rest_route=%2Fwp%2Fv2%2Fmedia&parent=27566"}],"wp:term":[{"taxonomy":"product_brand","embeddable":true,"href":"https:\/\/beautybaltic.com\/index.php?rest_route=%2Fwp%2Fv2%2Fproduct_brand&post=27566"},{"taxonomy":"product_cat","embeddable":true,"href":"https:\/\/beautybaltic.com\/index.php?rest_route=%2Fwp%2Fv2%2Fproduct_cat&post=27566"},{"taxonomy":"product_tag","embeddable":true,"href":"https:\/\/beautybaltic.com\/index.php?rest_route=%2Fwp%2Fv2%2Fproduct_tag&post=27566"}],"curies":[{"name":"wp","href":"https:\/\/api.w.org\/{rel}","templated":true}]}}