{"id":25252,"date":"2025-12-10T14:02:06","date_gmt":"2025-12-10T11:02:06","guid":{"rendered":"https:\/\/beautybaltic.com\/?post_type=product&#038;p=25252"},"modified":"2026-04-13T06:01:18","modified_gmt":"2026-04-13T03:01:18","slug":"0001-vibe-dnka-builder-gel-30-ml-3","status":"publish","type":"product","link":"https:\/\/beautybaltic.com\/?product=0001-vibe-dnka-builder-gel-30-ml-3&lang=lt","title":{"rendered":"0001 Vibe DNKa\u2019 Builder Gel \u2013 30 ml"},"content":{"rendered":"<p>DNKa\u2019 Builder Gel yra universalus ir lengvai naudojamas modeliavimo gelis. Jis yra \u017eemos temperat\u016bros, vidutin\u0117s konsistencijos, tod\u0117l tolygiai pasiskirsto ir savaime i\u0161silygina. Jis naudojamas vienfaz\u0117se ir trifaz\u0117se sistemose. Gelis leid\u017eia sukurti stipr\u0173 padengim\u0105, sukurti tinkam\u0105 architekt\u016br\u0105 ir dirbti be pjaustymo. Puikiai laiko ark\u0105 ir nesideformuoja. Tinka priauginimui ant apatini\u0173 form\u0173, priauginimui technika be \/ su minimaliu pildymu, priauginimo korekcijai, nag\u0173 plok\u0161teli\u0173 modeliavimui ir nag\u0173 stiprinimui.<\/p>\n<p>Naudojimo technologija:<\/p>\n<ul>\n<li>Atlikite standartin\u012f mechanin\u012f nago paruo\u0161im\u0105.<\/li>\n<li>Nuvalykite nago pavir\u0161i\u0173 naudodami DNKa\u2019 Nail Prep &amp; Cleanser 3in1.<\/li>\n<li>U\u017etepkite DNKa\u2019 Dehydrator.<\/li>\n<li>U\u017etepkite DNKa\u2019 Ultrabond.<\/li>\n<li>U\u017etepkite pasirinkt\u0105 DNKa\u2019 bazin\u012f lak\u0105, 60 sekund\u017ei\u0173 d\u017eiovinkite 48 W LED\/UV lempoje.<\/li>\n<li>Pasirinkite ir u\u017ed\u0117kite nag\u0173 form\u0105 priauginimui ant nago arba po juo.<\/li>\n<li>Suformuokite nago priauginim\u0105 naudodami statybin\u012f gel\u012f \/ \u017eel\u0117 gel\u012f \/ skyst\u0105 akrilin\u012f gel\u012f.<\/li>\n<li>D\u017eiovinkite 48 W LED\/UV lempoje 120\u2013240 sekund\u017ei\u0173.<\/li>\n<li>Nuimkite lipn\u0173 sluoksn\u012f naudodami DNKa\u2019 Nail Prep &amp; Cleanser 3in1.<\/li>\n<li>Jei reikia, suformuokite nag\u0105 dilde, tada u\u017etepkite pasirinkt\u0105 DNKa\u2019 gelin\u012f lak\u0105 arba vir\u0161utin\u012f sluoksn\u012f.<\/li>\n<\/ul>\n","protected":false},"excerpt":{"rendered":"<p>DNKa\u2019 Builder Gel yra universalus ir lengvai naudojamas modeliavimo gelis. Jis yra \u017eemos temperat\u016bros, vidutin\u0117s konsistencijos, tod\u0117l tolygiai pasiskirsto ir savaime i\u0161silygina. Jis naudojamas vienfaz\u0117se ir trifaz\u0117se sistemose. Gelis leid\u017eia sukurti stipr\u0173 padengim\u0105, sukurti tinkam\u0105 architekt\u016br\u0105 ir dirbti be pjaustymo. Puikiai laiko ark\u0105 ir nesideformuoja. Tinka priauginimui ant apatini\u0173 form\u0173, priauginimui technika be \/ su &hellip; <\/p>\n","protected":false},"featured_media":25280,"comment_status":"open","ping_status":"closed","template":"","meta":[],"product_brand":[2853],"product_cat":[2071,2305],"product_tag":[],"class_list":{"0":"post-25252","1":"product","2":"type-product","3":"status-publish","4":"has-post-thumbnail","6":"product_brand-dnka","7":"product_cat-dnka-lt","8":"product_cat-poligeliai","10":"first","11":"instock","12":"taxable","13":"shipping-taxable","14":"purchasable","15":"product-type-simple"},"yoast_head":"<!-- This site is optimized with the Yoast SEO Premium plugin v23.0 (Yoast SEO v26.9) - https:\/\/yoast.com\/product\/yoast-seo-premium-wordpress\/ -->\n<title>Beauty Baltic &#183; 0001 Vibe DNKa\u2019 Builder Gel \u2013 30 ml<\/title>\n<meta name=\"robots\" content=\"index, follow, max-snippet:-1, max-image-preview:large, max-video-preview:-1\" \/>\n<link rel=\"canonical\" href=\"https:\/\/beautybaltic.com\/?product=0001-vibe-dnka-builder-gel-30-ml-3&lang=lt\" \/>\n<meta property=\"og:locale\" content=\"en_US\" \/>\n<meta property=\"og:type\" content=\"article\" \/>\n<meta property=\"og:title\" content=\"0001 Vibe DNKa\u2019 Builder Gel \u2013 30 ml\" \/>\n<meta property=\"og:description\" content=\"DNKa\u2019 Builder Gel yra universalus ir lengvai naudojamas modeliavimo gelis. Jis yra \u017eemos temperat\u016bros, vidutin\u0117s konsistencijos, tod\u0117l tolygiai pasiskirsto ir savaime i\u0161silygina. Jis naudojamas vienfaz\u0117se ir trifaz\u0117se sistemose. Gelis leid\u017eia sukurti stipr\u0173 padengim\u0105, sukurti tinkam\u0105 architekt\u016br\u0105 ir dirbti be pjaustymo. Puikiai laiko ark\u0105 ir nesideformuoja. Tinka priauginimui ant apatini\u0173 form\u0173, priauginimui technika be \/ su &hellip;\" \/>\n<meta property=\"og:url\" content=\"https:\/\/beautybaltic.com\/?product=0001-vibe-dnka-builder-gel-30-ml-3&amp;lang=lt\" \/>\n<meta property=\"og:site_name\" content=\"Beauty Baltic\" \/>\n<meta property=\"article:publisher\" content=\"https:\/\/www.facebook.com\/siabeautybaltic\/?eid=ARDs6xwwnnHaxWoXNQhS1sgYf1tbsdYaa9nRKgzW46Bm5i4PkSKw97xrztQlMJEv9gOVxTp-o3Sq_Uwq\" \/>\n<meta property=\"article:modified_time\" content=\"2026-04-13T03:01:18+00:00\" \/>\n<meta property=\"og:image\" content=\"https:\/\/beautybaltic.com\/wp-content\/uploads\/2025\/12\/code0001-1.jpg\" \/>\n\t<meta property=\"og:image:width\" content=\"1000\" \/>\n\t<meta property=\"og:image:height\" content=\"1001\" \/>\n\t<meta property=\"og:image:type\" content=\"image\/jpeg\" \/>\n<meta name=\"twitter:card\" content=\"summary_large_image\" \/>\n<meta name=\"twitter:label1\" content=\"Est. reading time\" \/>\n\t<meta name=\"twitter:data1\" content=\"1 minute\" \/>\n<script type=\"application\/ld+json\" class=\"yoast-schema-graph\">{\"@context\":\"https:\/\/schema.org\",\"@graph\":[{\"@type\":\"WebPage\",\"@id\":\"https:\/\/beautybaltic.com\/?product=0001-vibe-dnka-builder-gel-30-ml-3&lang=lt\",\"url\":\"https:\/\/beautybaltic.com\/?product=0001-vibe-dnka-builder-gel-30-ml-3&lang=lt\",\"name\":\"Beauty Baltic &#183; 0001 Vibe DNKa\u2019 Builder Gel \u2013 30 ml\",\"isPartOf\":{\"@id\":\"https:\/\/beautybaltic.com\/#website\"},\"primaryImageOfPage\":{\"@id\":\"https:\/\/beautybaltic.com\/?product=0001-vibe-dnka-builder-gel-30-ml-3&lang=lt#primaryimage\"},\"image\":{\"@id\":\"https:\/\/beautybaltic.com\/?product=0001-vibe-dnka-builder-gel-30-ml-3&lang=lt#primaryimage\"},\"thumbnailUrl\":\"https:\/\/beautybaltic.com\/wp-content\/uploads\/2025\/12\/code0001-1.jpg\",\"datePublished\":\"2025-12-10T11:02:06+00:00\",\"dateModified\":\"2026-04-13T03:01:18+00:00\",\"breadcrumb\":{\"@id\":\"https:\/\/beautybaltic.com\/?product=0001-vibe-dnka-builder-gel-30-ml-3&lang=lt#breadcrumb\"},\"inLanguage\":\"en-US\",\"potentialAction\":[{\"@type\":\"ReadAction\",\"target\":[\"https:\/\/beautybaltic.com\/?product=0001-vibe-dnka-builder-gel-30-ml-3&lang=lt\"]}]},{\"@type\":\"ImageObject\",\"inLanguage\":\"en-US\",\"@id\":\"https:\/\/beautybaltic.com\/?product=0001-vibe-dnka-builder-gel-30-ml-3&lang=lt#primaryimage\",\"url\":\"https:\/\/beautybaltic.com\/wp-content\/uploads\/2025\/12\/code0001-1.jpg\",\"contentUrl\":\"https:\/\/beautybaltic.com\/wp-content\/uploads\/2025\/12\/code0001-1.jpg\",\"width\":1000,\"height\":1001},{\"@type\":\"BreadcrumbList\",\"@id\":\"https:\/\/beautybaltic.com\/?product=0001-vibe-dnka-builder-gel-30-ml-3&lang=lt#breadcrumb\",\"itemListElement\":[{\"@type\":\"ListItem\",\"position\":1,\"name\":\"Home Page\",\"item\":\"https:\/\/beautybaltic.com\/\"},{\"@type\":\"ListItem\",\"position\":2,\"name\":\"All products\",\"item\":\"https:\/\/beautybaltic.com\/?page_id=113\"},{\"@type\":\"ListItem\",\"position\":3,\"name\":\"0001 Vibe DNKa\u2019 Builder Gel \u2013 30 ml\"}]},{\"@type\":\"WebSite\",\"@id\":\"https:\/\/beautybaltic.com\/#website\",\"url\":\"https:\/\/beautybaltic.com\/\",\"name\":\"Beauty Baltic\",\"description\":\"\",\"publisher\":{\"@id\":\"https:\/\/beautybaltic.com\/#organization\"},\"potentialAction\":[{\"@type\":\"SearchAction\",\"target\":{\"@type\":\"EntryPoint\",\"urlTemplate\":\"https:\/\/beautybaltic.com\/?s={search_term_string}\"},\"query-input\":{\"@type\":\"PropertyValueSpecification\",\"valueRequired\":true,\"valueName\":\"search_term_string\"}}],\"inLanguage\":\"en-US\"},{\"@type\":\"Organization\",\"@id\":\"https:\/\/beautybaltic.com\/#organization\",\"name\":\"SIA \\\"Beauty Baltic\\\"\",\"url\":\"https:\/\/beautybaltic.com\/\",\"logo\":{\"@type\":\"ImageObject\",\"inLanguage\":\"en-US\",\"@id\":\"https:\/\/beautybaltic.com\/#\/schema\/logo\/image\/\",\"url\":\"https:\/\/beautybaltic.com\/wp-content\/uploads\/2020\/04\/logo-4.png\",\"contentUrl\":\"https:\/\/beautybaltic.com\/wp-content\/uploads\/2020\/04\/logo-4.png\",\"width\":704,\"height\":206,\"caption\":\"SIA \\\"Beauty Baltic\\\"\"},\"image\":{\"@id\":\"https:\/\/beautybaltic.com\/#\/schema\/logo\/image\/\"},\"sameAs\":[\"https:\/\/www.facebook.com\/siabeautybaltic\/?eid=ARDs6xwwnnHaxWoXNQhS1sgYf1tbsdYaa9nRKgzW46Bm5i4PkSKw97xrztQlMJEv9gOVxTp-o3Sq_Uwq\",\"https:\/\/www.instagram.com\/beauty_baltic\/\"]}]}<\/script>\n<!-- \/ Yoast SEO Premium plugin. -->","yoast_head_json":{"title":"Beauty Baltic &#183; 0001 Vibe DNKa\u2019 Builder Gel \u2013 30 ml","robots":{"index":"index","follow":"follow","max-snippet":"max-snippet:-1","max-image-preview":"max-image-preview:large","max-video-preview":"max-video-preview:-1"},"canonical":"https:\/\/beautybaltic.com\/?product=0001-vibe-dnka-builder-gel-30-ml-3&lang=lt","og_locale":"en_US","og_type":"article","og_title":"0001 Vibe DNKa\u2019 Builder Gel \u2013 30 ml","og_description":"DNKa\u2019 Builder Gel yra universalus ir lengvai naudojamas modeliavimo gelis. Jis yra \u017eemos temperat\u016bros, vidutin\u0117s konsistencijos, tod\u0117l tolygiai pasiskirsto ir savaime i\u0161silygina. Jis naudojamas vienfaz\u0117se ir trifaz\u0117se sistemose. Gelis leid\u017eia sukurti stipr\u0173 padengim\u0105, sukurti tinkam\u0105 architekt\u016br\u0105 ir dirbti be pjaustymo. Puikiai laiko ark\u0105 ir nesideformuoja. Tinka priauginimui ant apatini\u0173 form\u0173, priauginimui technika be \/ su &hellip;","og_url":"https:\/\/beautybaltic.com\/?product=0001-vibe-dnka-builder-gel-30-ml-3&lang=lt","og_site_name":"Beauty Baltic","article_publisher":"https:\/\/www.facebook.com\/siabeautybaltic\/?eid=ARDs6xwwnnHaxWoXNQhS1sgYf1tbsdYaa9nRKgzW46Bm5i4PkSKw97xrztQlMJEv9gOVxTp-o3Sq_Uwq","article_modified_time":"2026-04-13T03:01:18+00:00","og_image":[{"width":1000,"height":1001,"url":"https:\/\/beautybaltic.com\/wp-content\/uploads\/2025\/12\/code0001-1.jpg","type":"image\/jpeg"}],"twitter_card":"summary_large_image","twitter_misc":{"Est. reading time":"1 minute"},"schema":{"@context":"https:\/\/schema.org","@graph":[{"@type":"WebPage","@id":"https:\/\/beautybaltic.com\/?product=0001-vibe-dnka-builder-gel-30-ml-3&lang=lt","url":"https:\/\/beautybaltic.com\/?product=0001-vibe-dnka-builder-gel-30-ml-3&lang=lt","name":"Beauty Baltic &#183; 0001 Vibe DNKa\u2019 Builder Gel \u2013 30 ml","isPartOf":{"@id":"https:\/\/beautybaltic.com\/#website"},"primaryImageOfPage":{"@id":"https:\/\/beautybaltic.com\/?product=0001-vibe-dnka-builder-gel-30-ml-3&lang=lt#primaryimage"},"image":{"@id":"https:\/\/beautybaltic.com\/?product=0001-vibe-dnka-builder-gel-30-ml-3&lang=lt#primaryimage"},"thumbnailUrl":"https:\/\/beautybaltic.com\/wp-content\/uploads\/2025\/12\/code0001-1.jpg","datePublished":"2025-12-10T11:02:06+00:00","dateModified":"2026-04-13T03:01:18+00:00","breadcrumb":{"@id":"https:\/\/beautybaltic.com\/?product=0001-vibe-dnka-builder-gel-30-ml-3&lang=lt#breadcrumb"},"inLanguage":"en-US","potentialAction":[{"@type":"ReadAction","target":["https:\/\/beautybaltic.com\/?product=0001-vibe-dnka-builder-gel-30-ml-3&lang=lt"]}]},{"@type":"ImageObject","inLanguage":"en-US","@id":"https:\/\/beautybaltic.com\/?product=0001-vibe-dnka-builder-gel-30-ml-3&lang=lt#primaryimage","url":"https:\/\/beautybaltic.com\/wp-content\/uploads\/2025\/12\/code0001-1.jpg","contentUrl":"https:\/\/beautybaltic.com\/wp-content\/uploads\/2025\/12\/code0001-1.jpg","width":1000,"height":1001},{"@type":"BreadcrumbList","@id":"https:\/\/beautybaltic.com\/?product=0001-vibe-dnka-builder-gel-30-ml-3&lang=lt#breadcrumb","itemListElement":[{"@type":"ListItem","position":1,"name":"Home Page","item":"https:\/\/beautybaltic.com\/"},{"@type":"ListItem","position":2,"name":"All products","item":"https:\/\/beautybaltic.com\/?page_id=113"},{"@type":"ListItem","position":3,"name":"0001 Vibe DNKa\u2019 Builder Gel \u2013 30 ml"}]},{"@type":"WebSite","@id":"https:\/\/beautybaltic.com\/#website","url":"https:\/\/beautybaltic.com\/","name":"Beauty Baltic","description":"","publisher":{"@id":"https:\/\/beautybaltic.com\/#organization"},"potentialAction":[{"@type":"SearchAction","target":{"@type":"EntryPoint","urlTemplate":"https:\/\/beautybaltic.com\/?s={search_term_string}"},"query-input":{"@type":"PropertyValueSpecification","valueRequired":true,"valueName":"search_term_string"}}],"inLanguage":"en-US"},{"@type":"Organization","@id":"https:\/\/beautybaltic.com\/#organization","name":"SIA \"Beauty Baltic\"","url":"https:\/\/beautybaltic.com\/","logo":{"@type":"ImageObject","inLanguage":"en-US","@id":"https:\/\/beautybaltic.com\/#\/schema\/logo\/image\/","url":"https:\/\/beautybaltic.com\/wp-content\/uploads\/2020\/04\/logo-4.png","contentUrl":"https:\/\/beautybaltic.com\/wp-content\/uploads\/2020\/04\/logo-4.png","width":704,"height":206,"caption":"SIA \"Beauty Baltic\""},"image":{"@id":"https:\/\/beautybaltic.com\/#\/schema\/logo\/image\/"},"sameAs":["https:\/\/www.facebook.com\/siabeautybaltic\/?eid=ARDs6xwwnnHaxWoXNQhS1sgYf1tbsdYaa9nRKgzW46Bm5i4PkSKw97xrztQlMJEv9gOVxTp-o3Sq_Uwq","https:\/\/www.instagram.com\/beauty_baltic\/"]}]}},"_links":{"self":[{"href":"https:\/\/beautybaltic.com\/index.php?rest_route=\/wp\/v2\/product\/25252","targetHints":{"allow":["GET"]}}],"collection":[{"href":"https:\/\/beautybaltic.com\/index.php?rest_route=\/wp\/v2\/product"}],"about":[{"href":"https:\/\/beautybaltic.com\/index.php?rest_route=\/wp\/v2\/types\/product"}],"replies":[{"embeddable":true,"href":"https:\/\/beautybaltic.com\/index.php?rest_route=%2Fwp%2Fv2%2Fcomments&post=25252"}],"wp:featuredmedia":[{"embeddable":true,"href":"https:\/\/beautybaltic.com\/index.php?rest_route=\/wp\/v2\/media\/25280"}],"wp:attachment":[{"href":"https:\/\/beautybaltic.com\/index.php?rest_route=%2Fwp%2Fv2%2Fmedia&parent=25252"}],"wp:term":[{"taxonomy":"product_brand","embeddable":true,"href":"https:\/\/beautybaltic.com\/index.php?rest_route=%2Fwp%2Fv2%2Fproduct_brand&post=25252"},{"taxonomy":"product_cat","embeddable":true,"href":"https:\/\/beautybaltic.com\/index.php?rest_route=%2Fwp%2Fv2%2Fproduct_cat&post=25252"},{"taxonomy":"product_tag","embeddable":true,"href":"https:\/\/beautybaltic.com\/index.php?rest_route=%2Fwp%2Fv2%2Fproduct_tag&post=25252"}],"curies":[{"name":"wp","href":"https:\/\/api.w.org\/{rel}","templated":true}]}}