{"id":19177,"date":"2025-03-14T00:21:54","date_gmt":"2025-03-13T21:21:54","guid":{"rendered":"https:\/\/beautybaltic.com\/?post_type=product&#038;p=19177"},"modified":"2026-03-20T20:04:39","modified_gmt":"2026-03-20T17:04:39","slug":"dnka-papira-formas-nagu-pieaudzesanai-500gb","status":"publish","type":"product","link":"https:\/\/beautybaltic.com\/?product=dnka-papira-formas-nagu-pieaudzesanai-500gb&lang=lv","title":{"rendered":"DNKa` pap\u012bra formas nagu pieaudz\u0113\u0161anai, 500gb"},"content":{"rendered":"<p>DNKa Professional Builder Nail Forms &#8211; nagu pieaudz\u0113\u0161anas formas no cieta pap\u012bra. Paredz\u0113ts nagu pieaudz\u0113\u0161anai, izmantojot g\u0113lu, akrig\u0113lu, \u017eelejg\u0113lu. Ide\u0101li piel\u0101gotas meistaru vajadz\u012bb\u0101m ar da\u017e\u0101du kvalifik\u0101cijas l\u012bmeni un pieredzi. T\u0101s atvieglo model\u0113\u0161anas procesu un padara to \u0113rt\u0101ku.<\/p>\n<p>\u0160\u012bm form\u0101m ir kvalitat\u012bvs l\u012bmes sl\u0101nis, t\u0101p\u0113c to nofiks\u0113\u0161ana nerada probl\u0113mas, k\u0101 ar\u012b ekspluat\u0101cijas laik\u0101 t\u0101s neatl\u012bm\u0113jas, l\u012bdz ar to ar\u012b necie\u0161 m\u0101ksl\u012bg\u0101 naga arhitekt\u016bra. Apr\u012bkotas ar mar\u0137\u0113jumu \u0113rtai orient\u0101cijai. Tie \u013cauj \u012bstenot jebkuras idejas un veikt profesion\u0101lus da\u017e\u0101da garuma un formas pagarin\u0101jumus.<\/p>\n","protected":false},"excerpt":{"rendered":"<p>DNKa Professional Builder Nail Forms &#8211; nagu pieaudz\u0113\u0161anas formas no cieta pap\u012bra. Paredz\u0113ts nagu pieaudz\u0113\u0161anai, izmantojot g\u0113lu, akrig\u0113lu, \u017eelejg\u0113lu. Ide\u0101li piel\u0101gotas meistaru vajadz\u012bb\u0101m ar da\u017e\u0101du kvalifik\u0101cijas l\u012bmeni un pieredzi. T\u0101s atvieglo model\u0113\u0161anas procesu un padara to \u0113rt\u0101ku. \u0160\u012bm form\u0101m ir kvalitat\u012bvs l\u012bmes sl\u0101nis, t\u0101p\u0113c to nofiks\u0113\u0161ana nerada probl\u0113mas, k\u0101 ar\u012b ekspluat\u0101cijas laik\u0101 t\u0101s neatl\u012bm\u0113jas, l\u012bdz &hellip; <\/p>\n","protected":false},"featured_media":19178,"comment_status":"open","ping_status":"closed","template":"","meta":[],"product_brand":[2853],"product_cat":[2335],"product_tag":[1942],"class_list":{"0":"post-19177","1":"product","2":"type-product","3":"status-publish","4":"has-post-thumbnail","6":"product_brand-dnka","7":"product_cat-augsejas-apaksejas-formas","8":"product_tag-akcijas","10":"first","11":"instock","12":"sale","13":"taxable","14":"shipping-taxable","15":"purchasable","16":"product-type-simple"},"yoast_head":"<!-- This site is optimized with the Yoast SEO Premium plugin v23.0 (Yoast SEO v26.9) - https:\/\/yoast.com\/product\/yoast-seo-premium-wordpress\/ -->\n<title>Beauty Baltic &#183; DNKa` pap\u012bra formas nagu pieaudz\u0113\u0161anai, 500gb<\/title>\n<meta name=\"robots\" content=\"index, follow, max-snippet:-1, max-image-preview:large, max-video-preview:-1\" \/>\n<link rel=\"canonical\" href=\"https:\/\/beautybaltic.com\/?product=dnka-papira-formas-nagu-pieaudzesanai-500gb&lang=lv\" \/>\n<meta property=\"og:locale\" content=\"en_US\" \/>\n<meta property=\"og:type\" content=\"article\" \/>\n<meta property=\"og:title\" content=\"DNKa` pap\u012bra formas nagu pieaudz\u0113\u0161anai, 500gb\" \/>\n<meta property=\"og:description\" content=\"DNKa Professional Builder Nail Forms &#8211; nagu pieaudz\u0113\u0161anas formas no cieta pap\u012bra. Paredz\u0113ts nagu pieaudz\u0113\u0161anai, izmantojot g\u0113lu, akrig\u0113lu, \u017eelejg\u0113lu. Ide\u0101li piel\u0101gotas meistaru vajadz\u012bb\u0101m ar da\u017e\u0101du kvalifik\u0101cijas l\u012bmeni un pieredzi. T\u0101s atvieglo model\u0113\u0161anas procesu un padara to \u0113rt\u0101ku. \u0160\u012bm form\u0101m ir kvalitat\u012bvs l\u012bmes sl\u0101nis, t\u0101p\u0113c to nofiks\u0113\u0161ana nerada probl\u0113mas, k\u0101 ar\u012b ekspluat\u0101cijas laik\u0101 t\u0101s neatl\u012bm\u0113jas, l\u012bdz &hellip;\" \/>\n<meta property=\"og:url\" content=\"https:\/\/beautybaltic.com\/?product=dnka-papira-formas-nagu-pieaudzesanai-500gb&amp;lang=lv\" \/>\n<meta property=\"og:site_name\" content=\"Beauty Baltic\" \/>\n<meta property=\"article:publisher\" content=\"https:\/\/www.facebook.com\/siabeautybaltic\/?eid=ARDs6xwwnnHaxWoXNQhS1sgYf1tbsdYaa9nRKgzW46Bm5i4PkSKw97xrztQlMJEv9gOVxTp-o3Sq_Uwq\" \/>\n<meta property=\"article:modified_time\" content=\"2026-03-20T17:04:39+00:00\" \/>\n<meta property=\"og:image\" content=\"https:\/\/beautybaltic.com\/wp-content\/uploads\/2025\/03\/Builder-nail-forms.jpg\" \/>\n\t<meta property=\"og:image:width\" content=\"880\" \/>\n\t<meta property=\"og:image:height\" content=\"880\" \/>\n\t<meta property=\"og:image:type\" content=\"image\/jpeg\" \/>\n<meta name=\"twitter:card\" content=\"summary_large_image\" \/>\n<meta name=\"twitter:label1\" content=\"Est. reading time\" \/>\n\t<meta name=\"twitter:data1\" content=\"1 minute\" \/>\n<script type=\"application\/ld+json\" class=\"yoast-schema-graph\">{\"@context\":\"https:\/\/schema.org\",\"@graph\":[{\"@type\":\"WebPage\",\"@id\":\"https:\/\/beautybaltic.com\/?product=dnka-papira-formas-nagu-pieaudzesanai-500gb&lang=lv\",\"url\":\"https:\/\/beautybaltic.com\/?product=dnka-papira-formas-nagu-pieaudzesanai-500gb&lang=lv\",\"name\":\"Beauty Baltic &#183; DNKa` pap\u012bra formas nagu pieaudz\u0113\u0161anai, 500gb\",\"isPartOf\":{\"@id\":\"https:\/\/beautybaltic.com\/#website\"},\"primaryImageOfPage\":{\"@id\":\"https:\/\/beautybaltic.com\/?product=dnka-papira-formas-nagu-pieaudzesanai-500gb&lang=lv#primaryimage\"},\"image\":{\"@id\":\"https:\/\/beautybaltic.com\/?product=dnka-papira-formas-nagu-pieaudzesanai-500gb&lang=lv#primaryimage\"},\"thumbnailUrl\":\"https:\/\/beautybaltic.com\/wp-content\/uploads\/2025\/03\/Builder-nail-forms.jpg\",\"datePublished\":\"2025-03-13T21:21:54+00:00\",\"dateModified\":\"2026-03-20T17:04:39+00:00\",\"breadcrumb\":{\"@id\":\"https:\/\/beautybaltic.com\/?product=dnka-papira-formas-nagu-pieaudzesanai-500gb&lang=lv#breadcrumb\"},\"inLanguage\":\"en-US\",\"potentialAction\":[{\"@type\":\"ReadAction\",\"target\":[\"https:\/\/beautybaltic.com\/?product=dnka-papira-formas-nagu-pieaudzesanai-500gb&lang=lv\"]}]},{\"@type\":\"ImageObject\",\"inLanguage\":\"en-US\",\"@id\":\"https:\/\/beautybaltic.com\/?product=dnka-papira-formas-nagu-pieaudzesanai-500gb&lang=lv#primaryimage\",\"url\":\"https:\/\/beautybaltic.com\/wp-content\/uploads\/2025\/03\/Builder-nail-forms.jpg\",\"contentUrl\":\"https:\/\/beautybaltic.com\/wp-content\/uploads\/2025\/03\/Builder-nail-forms.jpg\",\"width\":880,\"height\":880},{\"@type\":\"BreadcrumbList\",\"@id\":\"https:\/\/beautybaltic.com\/?product=dnka-papira-formas-nagu-pieaudzesanai-500gb&lang=lv#breadcrumb\",\"itemListElement\":[{\"@type\":\"ListItem\",\"position\":1,\"name\":\"Home Page\",\"item\":\"https:\/\/beautybaltic.com\/\"},{\"@type\":\"ListItem\",\"position\":2,\"name\":\"All products\",\"item\":\"https:\/\/beautybaltic.com\/?page_id=113\"},{\"@type\":\"ListItem\",\"position\":3,\"name\":\"DNKa` pap\u012bra formas nagu pieaudz\u0113\u0161anai, 500gb\"}]},{\"@type\":\"WebSite\",\"@id\":\"https:\/\/beautybaltic.com\/#website\",\"url\":\"https:\/\/beautybaltic.com\/\",\"name\":\"Beauty Baltic\",\"description\":\"\",\"publisher\":{\"@id\":\"https:\/\/beautybaltic.com\/#organization\"},\"potentialAction\":[{\"@type\":\"SearchAction\",\"target\":{\"@type\":\"EntryPoint\",\"urlTemplate\":\"https:\/\/beautybaltic.com\/?s={search_term_string}\"},\"query-input\":{\"@type\":\"PropertyValueSpecification\",\"valueRequired\":true,\"valueName\":\"search_term_string\"}}],\"inLanguage\":\"en-US\"},{\"@type\":\"Organization\",\"@id\":\"https:\/\/beautybaltic.com\/#organization\",\"name\":\"SIA \\\"Beauty Baltic\\\"\",\"url\":\"https:\/\/beautybaltic.com\/\",\"logo\":{\"@type\":\"ImageObject\",\"inLanguage\":\"en-US\",\"@id\":\"https:\/\/beautybaltic.com\/#\/schema\/logo\/image\/\",\"url\":\"https:\/\/beautybaltic.com\/wp-content\/uploads\/2020\/04\/logo-4.png\",\"contentUrl\":\"https:\/\/beautybaltic.com\/wp-content\/uploads\/2020\/04\/logo-4.png\",\"width\":704,\"height\":206,\"caption\":\"SIA \\\"Beauty Baltic\\\"\"},\"image\":{\"@id\":\"https:\/\/beautybaltic.com\/#\/schema\/logo\/image\/\"},\"sameAs\":[\"https:\/\/www.facebook.com\/siabeautybaltic\/?eid=ARDs6xwwnnHaxWoXNQhS1sgYf1tbsdYaa9nRKgzW46Bm5i4PkSKw97xrztQlMJEv9gOVxTp-o3Sq_Uwq\",\"https:\/\/www.instagram.com\/beauty_baltic\/\"]}]}<\/script>\n<!-- \/ Yoast SEO Premium plugin. -->","yoast_head_json":{"title":"Beauty Baltic &#183; DNKa` pap\u012bra formas nagu pieaudz\u0113\u0161anai, 500gb","robots":{"index":"index","follow":"follow","max-snippet":"max-snippet:-1","max-image-preview":"max-image-preview:large","max-video-preview":"max-video-preview:-1"},"canonical":"https:\/\/beautybaltic.com\/?product=dnka-papira-formas-nagu-pieaudzesanai-500gb&lang=lv","og_locale":"en_US","og_type":"article","og_title":"DNKa` pap\u012bra formas nagu pieaudz\u0113\u0161anai, 500gb","og_description":"DNKa Professional Builder Nail Forms &#8211; nagu pieaudz\u0113\u0161anas formas no cieta pap\u012bra. Paredz\u0113ts nagu pieaudz\u0113\u0161anai, izmantojot g\u0113lu, akrig\u0113lu, \u017eelejg\u0113lu. Ide\u0101li piel\u0101gotas meistaru vajadz\u012bb\u0101m ar da\u017e\u0101du kvalifik\u0101cijas l\u012bmeni un pieredzi. T\u0101s atvieglo model\u0113\u0161anas procesu un padara to \u0113rt\u0101ku. \u0160\u012bm form\u0101m ir kvalitat\u012bvs l\u012bmes sl\u0101nis, t\u0101p\u0113c to nofiks\u0113\u0161ana nerada probl\u0113mas, k\u0101 ar\u012b ekspluat\u0101cijas laik\u0101 t\u0101s neatl\u012bm\u0113jas, l\u012bdz &hellip;","og_url":"https:\/\/beautybaltic.com\/?product=dnka-papira-formas-nagu-pieaudzesanai-500gb&lang=lv","og_site_name":"Beauty Baltic","article_publisher":"https:\/\/www.facebook.com\/siabeautybaltic\/?eid=ARDs6xwwnnHaxWoXNQhS1sgYf1tbsdYaa9nRKgzW46Bm5i4PkSKw97xrztQlMJEv9gOVxTp-o3Sq_Uwq","article_modified_time":"2026-03-20T17:04:39+00:00","og_image":[{"width":880,"height":880,"url":"https:\/\/beautybaltic.com\/wp-content\/uploads\/2025\/03\/Builder-nail-forms.jpg","type":"image\/jpeg"}],"twitter_card":"summary_large_image","twitter_misc":{"Est. reading time":"1 minute"},"schema":{"@context":"https:\/\/schema.org","@graph":[{"@type":"WebPage","@id":"https:\/\/beautybaltic.com\/?product=dnka-papira-formas-nagu-pieaudzesanai-500gb&lang=lv","url":"https:\/\/beautybaltic.com\/?product=dnka-papira-formas-nagu-pieaudzesanai-500gb&lang=lv","name":"Beauty Baltic &#183; DNKa` pap\u012bra formas nagu pieaudz\u0113\u0161anai, 500gb","isPartOf":{"@id":"https:\/\/beautybaltic.com\/#website"},"primaryImageOfPage":{"@id":"https:\/\/beautybaltic.com\/?product=dnka-papira-formas-nagu-pieaudzesanai-500gb&lang=lv#primaryimage"},"image":{"@id":"https:\/\/beautybaltic.com\/?product=dnka-papira-formas-nagu-pieaudzesanai-500gb&lang=lv#primaryimage"},"thumbnailUrl":"https:\/\/beautybaltic.com\/wp-content\/uploads\/2025\/03\/Builder-nail-forms.jpg","datePublished":"2025-03-13T21:21:54+00:00","dateModified":"2026-03-20T17:04:39+00:00","breadcrumb":{"@id":"https:\/\/beautybaltic.com\/?product=dnka-papira-formas-nagu-pieaudzesanai-500gb&lang=lv#breadcrumb"},"inLanguage":"en-US","potentialAction":[{"@type":"ReadAction","target":["https:\/\/beautybaltic.com\/?product=dnka-papira-formas-nagu-pieaudzesanai-500gb&lang=lv"]}]},{"@type":"ImageObject","inLanguage":"en-US","@id":"https:\/\/beautybaltic.com\/?product=dnka-papira-formas-nagu-pieaudzesanai-500gb&lang=lv#primaryimage","url":"https:\/\/beautybaltic.com\/wp-content\/uploads\/2025\/03\/Builder-nail-forms.jpg","contentUrl":"https:\/\/beautybaltic.com\/wp-content\/uploads\/2025\/03\/Builder-nail-forms.jpg","width":880,"height":880},{"@type":"BreadcrumbList","@id":"https:\/\/beautybaltic.com\/?product=dnka-papira-formas-nagu-pieaudzesanai-500gb&lang=lv#breadcrumb","itemListElement":[{"@type":"ListItem","position":1,"name":"Home Page","item":"https:\/\/beautybaltic.com\/"},{"@type":"ListItem","position":2,"name":"All products","item":"https:\/\/beautybaltic.com\/?page_id=113"},{"@type":"ListItem","position":3,"name":"DNKa` pap\u012bra formas nagu pieaudz\u0113\u0161anai, 500gb"}]},{"@type":"WebSite","@id":"https:\/\/beautybaltic.com\/#website","url":"https:\/\/beautybaltic.com\/","name":"Beauty Baltic","description":"","publisher":{"@id":"https:\/\/beautybaltic.com\/#organization"},"potentialAction":[{"@type":"SearchAction","target":{"@type":"EntryPoint","urlTemplate":"https:\/\/beautybaltic.com\/?s={search_term_string}"},"query-input":{"@type":"PropertyValueSpecification","valueRequired":true,"valueName":"search_term_string"}}],"inLanguage":"en-US"},{"@type":"Organization","@id":"https:\/\/beautybaltic.com\/#organization","name":"SIA \"Beauty Baltic\"","url":"https:\/\/beautybaltic.com\/","logo":{"@type":"ImageObject","inLanguage":"en-US","@id":"https:\/\/beautybaltic.com\/#\/schema\/logo\/image\/","url":"https:\/\/beautybaltic.com\/wp-content\/uploads\/2020\/04\/logo-4.png","contentUrl":"https:\/\/beautybaltic.com\/wp-content\/uploads\/2020\/04\/logo-4.png","width":704,"height":206,"caption":"SIA \"Beauty Baltic\""},"image":{"@id":"https:\/\/beautybaltic.com\/#\/schema\/logo\/image\/"},"sameAs":["https:\/\/www.facebook.com\/siabeautybaltic\/?eid=ARDs6xwwnnHaxWoXNQhS1sgYf1tbsdYaa9nRKgzW46Bm5i4PkSKw97xrztQlMJEv9gOVxTp-o3Sq_Uwq","https:\/\/www.instagram.com\/beauty_baltic\/"]}]}},"_links":{"self":[{"href":"https:\/\/beautybaltic.com\/index.php?rest_route=\/wp\/v2\/product\/19177","targetHints":{"allow":["GET"]}}],"collection":[{"href":"https:\/\/beautybaltic.com\/index.php?rest_route=\/wp\/v2\/product"}],"about":[{"href":"https:\/\/beautybaltic.com\/index.php?rest_route=\/wp\/v2\/types\/product"}],"replies":[{"embeddable":true,"href":"https:\/\/beautybaltic.com\/index.php?rest_route=%2Fwp%2Fv2%2Fcomments&post=19177"}],"wp:featuredmedia":[{"embeddable":true,"href":"https:\/\/beautybaltic.com\/index.php?rest_route=\/wp\/v2\/media\/19178"}],"wp:attachment":[{"href":"https:\/\/beautybaltic.com\/index.php?rest_route=%2Fwp%2Fv2%2Fmedia&parent=19177"}],"wp:term":[{"taxonomy":"product_brand","embeddable":true,"href":"https:\/\/beautybaltic.com\/index.php?rest_route=%2Fwp%2Fv2%2Fproduct_brand&post=19177"},{"taxonomy":"product_cat","embeddable":true,"href":"https:\/\/beautybaltic.com\/index.php?rest_route=%2Fwp%2Fv2%2Fproduct_cat&post=19177"},{"taxonomy":"product_tag","embeddable":true,"href":"https:\/\/beautybaltic.com\/index.php?rest_route=%2Fwp%2Fv2%2Fproduct_tag&post=19177"}],"curies":[{"name":"wp","href":"https:\/\/api.w.org\/{rel}","templated":true}]}}