{"id":17304,"date":"2024-12-07T00:30:22","date_gmt":"2024-12-06T21:30:22","guid":{"rendered":"https:\/\/beautybaltic.com\/?post_type=product&#038;p=17304"},"modified":"2026-03-01T20:57:04","modified_gmt":"2026-03-01T17:57:04","slug":"dnka-multi-top-12-ml-3","status":"publish","type":"product","link":"https:\/\/beautybaltic.com\/?product=dnka-multi-top-12-ml-3&lang=lt","title":{"rendered":"DNKa&#8217; Multi Top &#8211; 12 ml"},"content":{"rendered":"<p>&#8220;DNKa Multi Top&#8221; &#8211; tai naujos kartos daugiafunkcin\u0117 DNKa apdailos danga, neturinti lipnaus sluoksnio ir praturtinta optimaliu UV filtr\u0173 kiekiu. Ji itin atspari i\u0161oriniam mechaniniam poveikiui, apsaugo nuo \u012ftr\u016bkim\u0173 ir \u012fskilim\u0173. D\u0117l subalansuotos konsistencijos, artimos skystesnei, ji veiksmingai savaime i\u0161silygina, nenutek\u0117dama \u012f nag\u0173 sinusus.<\/p>\n<p>DNKa Multi Top i\u0161laiko spalvos intensyvum\u0105 ir suteikia nagams ilgalaik\u012f blizges\u012f. \u0160is daugiafunkcinis baigiamasis sluoksnis u\u017etikrina patikim\u0105 apsaug\u0105 ir puiki\u0105 i\u0161vaizd\u0105, tod\u0117l puikiai u\u017ebaigia maniki\u016br\u0105.<\/p>\n<p>DNKa vir\u0161utinio sluoksnio dengimo technologija:<br \/>\nVir\u0161utinis lakas turi b\u016bti tepamas plonu sluoksniu, kad nenusiplaut\u0173 ir nei\u0161kept\u0173 lempoje.<br \/>\nTepant teptuk\u0105 reikia d\u0117ti lygiagre\u010diai nagui ir jud\u0117ti nuo centro, paskirstant med\u017eiag\u0105 \u012f odeles ir \u0161oninius volelius.<br \/>\nPolimerizuoti UV lempoje &#8211; 3 min. arba LED lempoje &#8211; 2 min.<\/p>\n","protected":false},"excerpt":{"rendered":"<p>&#8220;DNKa Multi Top&#8221; &#8211; tai naujos kartos daugiafunkcin\u0117 DNKa apdailos danga, neturinti lipnaus sluoksnio ir praturtinta optimaliu UV filtr\u0173 kiekiu. Ji itin atspari i\u0161oriniam mechaniniam poveikiui, apsaugo nuo \u012ftr\u016bkim\u0173 ir \u012fskilim\u0173. D\u0117l subalansuotos konsistencijos, artimos skystesnei, ji veiksmingai savaime i\u0161silygina, nenutek\u0117dama \u012f nag\u0173 sinusus. DNKa Multi Top i\u0161laiko spalvos intensyvum\u0105 ir suteikia nagams ilgalaik\u012f blizges\u012f. &hellip; <\/p>\n","protected":false},"featured_media":17305,"comment_status":"open","ping_status":"closed","template":"","meta":[],"product_brand":[2853],"product_cat":[2071,2034],"product_tag":[],"class_list":{"0":"post-17304","1":"product","2":"type-product","3":"status-publish","4":"has-post-thumbnail","6":"product_brand-dnka","7":"product_cat-dnka-lt","8":"product_cat-topai","10":"first","11":"outofstock","12":"taxable","13":"shipping-taxable","14":"purchasable","15":"product-type-simple"},"yoast_head":"<!-- This site is optimized with the Yoast SEO Premium plugin v23.0 (Yoast SEO v26.9) - https:\/\/yoast.com\/product\/yoast-seo-premium-wordpress\/ -->\n<title>Beauty Baltic &#183; DNKa&#039; Multi Top - 12 ml<\/title>\n<meta name=\"robots\" content=\"index, follow, max-snippet:-1, max-image-preview:large, max-video-preview:-1\" \/>\n<link rel=\"canonical\" href=\"https:\/\/beautybaltic.com\/?product=dnka-multi-top-12-ml-3&lang=lt\" \/>\n<meta property=\"og:locale\" content=\"en_US\" \/>\n<meta property=\"og:type\" content=\"article\" \/>\n<meta property=\"og:title\" content=\"DNKa&#039; Multi Top - 12 ml\" \/>\n<meta property=\"og:description\" content=\"&#8220;DNKa Multi Top&#8221; &#8211; tai naujos kartos daugiafunkcin\u0117 DNKa apdailos danga, neturinti lipnaus sluoksnio ir praturtinta optimaliu UV filtr\u0173 kiekiu. Ji itin atspari i\u0161oriniam mechaniniam poveikiui, apsaugo nuo \u012ftr\u016bkim\u0173 ir \u012fskilim\u0173. D\u0117l subalansuotos konsistencijos, artimos skystesnei, ji veiksmingai savaime i\u0161silygina, nenutek\u0117dama \u012f nag\u0173 sinusus. DNKa Multi Top i\u0161laiko spalvos intensyvum\u0105 ir suteikia nagams ilgalaik\u012f blizges\u012f. &hellip;\" \/>\n<meta property=\"og:url\" content=\"https:\/\/beautybaltic.com\/?product=dnka-multi-top-12-ml-3&amp;lang=lt\" \/>\n<meta property=\"og:site_name\" content=\"Beauty Baltic\" \/>\n<meta property=\"article:publisher\" content=\"https:\/\/www.facebook.com\/siabeautybaltic\/?eid=ARDs6xwwnnHaxWoXNQhS1sgYf1tbsdYaa9nRKgzW46Bm5i4PkSKw97xrztQlMJEv9gOVxTp-o3Sq_Uwq\" \/>\n<meta property=\"article:modified_time\" content=\"2026-03-01T17:57:04+00:00\" \/>\n<meta property=\"og:image\" content=\"https:\/\/beautybaltic.com\/wp-content\/uploads\/2024\/12\/MULTI-TOP.jpg\" \/>\n\t<meta property=\"og:image:width\" content=\"880\" \/>\n\t<meta property=\"og:image:height\" content=\"880\" \/>\n\t<meta property=\"og:image:type\" content=\"image\/jpeg\" \/>\n<meta name=\"twitter:card\" content=\"summary_large_image\" \/>\n<meta name=\"twitter:label1\" content=\"Est. reading time\" \/>\n\t<meta name=\"twitter:data1\" content=\"1 minute\" \/>\n<script type=\"application\/ld+json\" class=\"yoast-schema-graph\">{\"@context\":\"https:\/\/schema.org\",\"@graph\":[{\"@type\":\"WebPage\",\"@id\":\"https:\/\/beautybaltic.com\/?product=dnka-multi-top-12-ml-3&lang=lt\",\"url\":\"https:\/\/beautybaltic.com\/?product=dnka-multi-top-12-ml-3&lang=lt\",\"name\":\"Beauty Baltic &#183; DNKa' Multi Top - 12 ml\",\"isPartOf\":{\"@id\":\"https:\/\/beautybaltic.com\/#website\"},\"primaryImageOfPage\":{\"@id\":\"https:\/\/beautybaltic.com\/?product=dnka-multi-top-12-ml-3&lang=lt#primaryimage\"},\"image\":{\"@id\":\"https:\/\/beautybaltic.com\/?product=dnka-multi-top-12-ml-3&lang=lt#primaryimage\"},\"thumbnailUrl\":\"https:\/\/beautybaltic.com\/wp-content\/uploads\/2024\/12\/MULTI-TOP.jpg\",\"datePublished\":\"2024-12-06T21:30:22+00:00\",\"dateModified\":\"2026-03-01T17:57:04+00:00\",\"breadcrumb\":{\"@id\":\"https:\/\/beautybaltic.com\/?product=dnka-multi-top-12-ml-3&lang=lt#breadcrumb\"},\"inLanguage\":\"en-US\",\"potentialAction\":[{\"@type\":\"ReadAction\",\"target\":[\"https:\/\/beautybaltic.com\/?product=dnka-multi-top-12-ml-3&lang=lt\"]}]},{\"@type\":\"ImageObject\",\"inLanguage\":\"en-US\",\"@id\":\"https:\/\/beautybaltic.com\/?product=dnka-multi-top-12-ml-3&lang=lt#primaryimage\",\"url\":\"https:\/\/beautybaltic.com\/wp-content\/uploads\/2024\/12\/MULTI-TOP.jpg\",\"contentUrl\":\"https:\/\/beautybaltic.com\/wp-content\/uploads\/2024\/12\/MULTI-TOP.jpg\",\"width\":880,\"height\":880},{\"@type\":\"BreadcrumbList\",\"@id\":\"https:\/\/beautybaltic.com\/?product=dnka-multi-top-12-ml-3&lang=lt#breadcrumb\",\"itemListElement\":[{\"@type\":\"ListItem\",\"position\":1,\"name\":\"Home Page\",\"item\":\"https:\/\/beautybaltic.com\/\"},{\"@type\":\"ListItem\",\"position\":2,\"name\":\"All products\",\"item\":\"https:\/\/beautybaltic.com\/?page_id=113\"},{\"@type\":\"ListItem\",\"position\":3,\"name\":\"DNKa&#8217; Multi Top &#8211; 12 ml\"}]},{\"@type\":\"WebSite\",\"@id\":\"https:\/\/beautybaltic.com\/#website\",\"url\":\"https:\/\/beautybaltic.com\/\",\"name\":\"Beauty Baltic\",\"description\":\"\",\"publisher\":{\"@id\":\"https:\/\/beautybaltic.com\/#organization\"},\"potentialAction\":[{\"@type\":\"SearchAction\",\"target\":{\"@type\":\"EntryPoint\",\"urlTemplate\":\"https:\/\/beautybaltic.com\/?s={search_term_string}\"},\"query-input\":{\"@type\":\"PropertyValueSpecification\",\"valueRequired\":true,\"valueName\":\"search_term_string\"}}],\"inLanguage\":\"en-US\"},{\"@type\":\"Organization\",\"@id\":\"https:\/\/beautybaltic.com\/#organization\",\"name\":\"SIA \\\"Beauty Baltic\\\"\",\"url\":\"https:\/\/beautybaltic.com\/\",\"logo\":{\"@type\":\"ImageObject\",\"inLanguage\":\"en-US\",\"@id\":\"https:\/\/beautybaltic.com\/#\/schema\/logo\/image\/\",\"url\":\"https:\/\/beautybaltic.com\/wp-content\/uploads\/2020\/04\/logo-4.png\",\"contentUrl\":\"https:\/\/beautybaltic.com\/wp-content\/uploads\/2020\/04\/logo-4.png\",\"width\":704,\"height\":206,\"caption\":\"SIA \\\"Beauty Baltic\\\"\"},\"image\":{\"@id\":\"https:\/\/beautybaltic.com\/#\/schema\/logo\/image\/\"},\"sameAs\":[\"https:\/\/www.facebook.com\/siabeautybaltic\/?eid=ARDs6xwwnnHaxWoXNQhS1sgYf1tbsdYaa9nRKgzW46Bm5i4PkSKw97xrztQlMJEv9gOVxTp-o3Sq_Uwq\",\"https:\/\/www.instagram.com\/beauty_baltic\/\"]}]}<\/script>\n<!-- \/ Yoast SEO Premium plugin. -->","yoast_head_json":{"title":"Beauty Baltic &#183; DNKa' Multi Top - 12 ml","robots":{"index":"index","follow":"follow","max-snippet":"max-snippet:-1","max-image-preview":"max-image-preview:large","max-video-preview":"max-video-preview:-1"},"canonical":"https:\/\/beautybaltic.com\/?product=dnka-multi-top-12-ml-3&lang=lt","og_locale":"en_US","og_type":"article","og_title":"DNKa' Multi Top - 12 ml","og_description":"&#8220;DNKa Multi Top&#8221; &#8211; tai naujos kartos daugiafunkcin\u0117 DNKa apdailos danga, neturinti lipnaus sluoksnio ir praturtinta optimaliu UV filtr\u0173 kiekiu. Ji itin atspari i\u0161oriniam mechaniniam poveikiui, apsaugo nuo \u012ftr\u016bkim\u0173 ir \u012fskilim\u0173. D\u0117l subalansuotos konsistencijos, artimos skystesnei, ji veiksmingai savaime i\u0161silygina, nenutek\u0117dama \u012f nag\u0173 sinusus. DNKa Multi Top i\u0161laiko spalvos intensyvum\u0105 ir suteikia nagams ilgalaik\u012f blizges\u012f. &hellip;","og_url":"https:\/\/beautybaltic.com\/?product=dnka-multi-top-12-ml-3&lang=lt","og_site_name":"Beauty Baltic","article_publisher":"https:\/\/www.facebook.com\/siabeautybaltic\/?eid=ARDs6xwwnnHaxWoXNQhS1sgYf1tbsdYaa9nRKgzW46Bm5i4PkSKw97xrztQlMJEv9gOVxTp-o3Sq_Uwq","article_modified_time":"2026-03-01T17:57:04+00:00","og_image":[{"width":880,"height":880,"url":"https:\/\/beautybaltic.com\/wp-content\/uploads\/2024\/12\/MULTI-TOP.jpg","type":"image\/jpeg"}],"twitter_card":"summary_large_image","twitter_misc":{"Est. reading time":"1 minute"},"schema":{"@context":"https:\/\/schema.org","@graph":[{"@type":"WebPage","@id":"https:\/\/beautybaltic.com\/?product=dnka-multi-top-12-ml-3&lang=lt","url":"https:\/\/beautybaltic.com\/?product=dnka-multi-top-12-ml-3&lang=lt","name":"Beauty Baltic &#183; DNKa' Multi Top - 12 ml","isPartOf":{"@id":"https:\/\/beautybaltic.com\/#website"},"primaryImageOfPage":{"@id":"https:\/\/beautybaltic.com\/?product=dnka-multi-top-12-ml-3&lang=lt#primaryimage"},"image":{"@id":"https:\/\/beautybaltic.com\/?product=dnka-multi-top-12-ml-3&lang=lt#primaryimage"},"thumbnailUrl":"https:\/\/beautybaltic.com\/wp-content\/uploads\/2024\/12\/MULTI-TOP.jpg","datePublished":"2024-12-06T21:30:22+00:00","dateModified":"2026-03-01T17:57:04+00:00","breadcrumb":{"@id":"https:\/\/beautybaltic.com\/?product=dnka-multi-top-12-ml-3&lang=lt#breadcrumb"},"inLanguage":"en-US","potentialAction":[{"@type":"ReadAction","target":["https:\/\/beautybaltic.com\/?product=dnka-multi-top-12-ml-3&lang=lt"]}]},{"@type":"ImageObject","inLanguage":"en-US","@id":"https:\/\/beautybaltic.com\/?product=dnka-multi-top-12-ml-3&lang=lt#primaryimage","url":"https:\/\/beautybaltic.com\/wp-content\/uploads\/2024\/12\/MULTI-TOP.jpg","contentUrl":"https:\/\/beautybaltic.com\/wp-content\/uploads\/2024\/12\/MULTI-TOP.jpg","width":880,"height":880},{"@type":"BreadcrumbList","@id":"https:\/\/beautybaltic.com\/?product=dnka-multi-top-12-ml-3&lang=lt#breadcrumb","itemListElement":[{"@type":"ListItem","position":1,"name":"Home Page","item":"https:\/\/beautybaltic.com\/"},{"@type":"ListItem","position":2,"name":"All products","item":"https:\/\/beautybaltic.com\/?page_id=113"},{"@type":"ListItem","position":3,"name":"DNKa&#8217; Multi Top &#8211; 12 ml"}]},{"@type":"WebSite","@id":"https:\/\/beautybaltic.com\/#website","url":"https:\/\/beautybaltic.com\/","name":"Beauty Baltic","description":"","publisher":{"@id":"https:\/\/beautybaltic.com\/#organization"},"potentialAction":[{"@type":"SearchAction","target":{"@type":"EntryPoint","urlTemplate":"https:\/\/beautybaltic.com\/?s={search_term_string}"},"query-input":{"@type":"PropertyValueSpecification","valueRequired":true,"valueName":"search_term_string"}}],"inLanguage":"en-US"},{"@type":"Organization","@id":"https:\/\/beautybaltic.com\/#organization","name":"SIA \"Beauty Baltic\"","url":"https:\/\/beautybaltic.com\/","logo":{"@type":"ImageObject","inLanguage":"en-US","@id":"https:\/\/beautybaltic.com\/#\/schema\/logo\/image\/","url":"https:\/\/beautybaltic.com\/wp-content\/uploads\/2020\/04\/logo-4.png","contentUrl":"https:\/\/beautybaltic.com\/wp-content\/uploads\/2020\/04\/logo-4.png","width":704,"height":206,"caption":"SIA \"Beauty Baltic\""},"image":{"@id":"https:\/\/beautybaltic.com\/#\/schema\/logo\/image\/"},"sameAs":["https:\/\/www.facebook.com\/siabeautybaltic\/?eid=ARDs6xwwnnHaxWoXNQhS1sgYf1tbsdYaa9nRKgzW46Bm5i4PkSKw97xrztQlMJEv9gOVxTp-o3Sq_Uwq","https:\/\/www.instagram.com\/beauty_baltic\/"]}]}},"_links":{"self":[{"href":"https:\/\/beautybaltic.com\/index.php?rest_route=\/wp\/v2\/product\/17304","targetHints":{"allow":["GET"]}}],"collection":[{"href":"https:\/\/beautybaltic.com\/index.php?rest_route=\/wp\/v2\/product"}],"about":[{"href":"https:\/\/beautybaltic.com\/index.php?rest_route=\/wp\/v2\/types\/product"}],"replies":[{"embeddable":true,"href":"https:\/\/beautybaltic.com\/index.php?rest_route=%2Fwp%2Fv2%2Fcomments&post=17304"}],"wp:featuredmedia":[{"embeddable":true,"href":"https:\/\/beautybaltic.com\/index.php?rest_route=\/wp\/v2\/media\/17305"}],"wp:attachment":[{"href":"https:\/\/beautybaltic.com\/index.php?rest_route=%2Fwp%2Fv2%2Fmedia&parent=17304"}],"wp:term":[{"taxonomy":"product_brand","embeddable":true,"href":"https:\/\/beautybaltic.com\/index.php?rest_route=%2Fwp%2Fv2%2Fproduct_brand&post=17304"},{"taxonomy":"product_cat","embeddable":true,"href":"https:\/\/beautybaltic.com\/index.php?rest_route=%2Fwp%2Fv2%2Fproduct_cat&post=17304"},{"taxonomy":"product_tag","embeddable":true,"href":"https:\/\/beautybaltic.com\/index.php?rest_route=%2Fwp%2Fv2%2Fproduct_tag&post=17304"}],"curies":[{"name":"wp","href":"https:\/\/api.w.org\/{rel}","templated":true}]}}