{"id":17009,"date":"2024-12-05T12:26:01","date_gmt":"2024-12-05T09:26:01","guid":{"rendered":"https:\/\/beautybaltic.com\/?post_type=product&#038;p=17009"},"modified":"2026-04-15T14:56:48","modified_gmt":"2026-04-15T11:56:48","slug":"dnka-multi-base-12ml-2","status":"publish","type":"product","link":"https:\/\/beautybaltic.com\/?product=dnka-multi-base-12ml-2&lang=lt","title":{"rendered":"DNKa\u2019 Multi Base 12ml"},"content":{"rendered":"<div>&#8220;DNKa Multi Base&#8221; yra daugiafunkcinis skysto gelio, skysto akrigelio ir kieto pagrindo (Dnka Cover base) pagrindas. Tai universali, labai lanksti, labai lipni danga. Tinka maniki\u016brui ir pediki\u016brui. Jis u\u017etikrina optimal\u0173 sukibim\u0105 tarp nago pavir\u0161iaus ir dirbtin\u0117s med\u017eiagos. Tvirtai laikosi net ant plon\u0173 nag\u0173 plok\u0161teli\u0173. U\u017etikrina taisykling\u0105 nago architekt\u016br\u0105 ir tobulo atspind\u017eio formavim\u0105. Pasi\u017eymi geromis savaime i\u0161silyginan\u010diomis savyb\u0117mis. Tepama plonu sluoksniu, tod\u0117l galima i\u0161gauti kuo plonesn\u012f padengim\u0105, nesudarant per didel\u0117s apimties. Konsistencija skysta. <strong>\u0160is pagrindas nerekomenduojamas jautrioms nag\u0173 plok\u0161tel\u0117ms.<\/strong> R\u016bg\u0161tingumas (pH) 4,5.<\/div>\n<div>Polimerizacija: 2 min. UV lempoje, 1 min. LED lempoje.<\/div>\n<div><\/div>\n<div>\n<hr \/>\n<\/div>\n<div><span style=\"font-size: 12px;\">Gamintojas pagal GPSR: LLC NAILSWORLDUKRAINE, 14a Rudnenska St., Lviv, Lviv Region, 79052, Ukraine<\/span><\/div>\n<div><span style=\"font-size: 12px;\">Atsakingas asmuo pagal GPSR: NAILSWORLDUKRAINE SP. Z O.O., 6 Reformacka St., 35-026 Rzesz\u00f3w, Poland, nailworld.ukraine@gmail.com<\/span><\/div>\n","protected":false},"excerpt":{"rendered":"<p>&#8220;DNKa Multi Base&#8221; yra daugiafunkcinis skysto gelio, skysto akrigelio ir kieto pagrindo (Dnka Cover base) pagrindas. Tai universali, labai lanksti, labai lipni danga. Tinka maniki\u016brui ir pediki\u016brui. Jis u\u017etikrina optimal\u0173 sukibim\u0105 tarp nago pavir\u0161iaus ir dirbtin\u0117s med\u017eiagos. Tvirtai laikosi net ant plon\u0173 nag\u0173 plok\u0161teli\u0173. U\u017etikrina taisykling\u0105 nago architekt\u016br\u0105 ir tobulo atspind\u017eio formavim\u0105. Pasi\u017eymi geromis savaime &hellip; <\/p>\n","protected":false},"featured_media":17010,"comment_status":"open","ping_status":"closed","template":"","meta":[],"product_brand":[2853],"product_cat":[2071,2028],"product_tag":[],"class_list":{"0":"post-17009","1":"product","2":"type-product","3":"status-publish","4":"has-post-thumbnail","6":"product_brand-dnka","7":"product_cat-dnka-lt","8":"product_cat-bazes-lt","10":"first","11":"instock","12":"taxable","13":"shipping-taxable","14":"purchasable","15":"product-type-simple"},"yoast_head":"<!-- This site is optimized with the Yoast SEO Premium plugin v23.0 (Yoast SEO v26.9) - https:\/\/yoast.com\/product\/yoast-seo-premium-wordpress\/ -->\n<title>Beauty Baltic &#183; DNKa\u2019 Multi Base 12ml<\/title>\n<meta name=\"robots\" content=\"index, follow, max-snippet:-1, max-image-preview:large, max-video-preview:-1\" \/>\n<link rel=\"canonical\" href=\"https:\/\/beautybaltic.com\/?product=dnka-multi-base-12ml-2&lang=lt\" \/>\n<meta property=\"og:locale\" content=\"en_US\" \/>\n<meta property=\"og:type\" content=\"article\" \/>\n<meta property=\"og:title\" content=\"DNKa\u2019 Multi Base 12ml\" \/>\n<meta property=\"og:description\" content=\"&#8220;DNKa Multi Base&#8221; yra daugiafunkcinis skysto gelio, skysto akrigelio ir kieto pagrindo (Dnka Cover base) pagrindas. Tai universali, labai lanksti, labai lipni danga. Tinka maniki\u016brui ir pediki\u016brui. Jis u\u017etikrina optimal\u0173 sukibim\u0105 tarp nago pavir\u0161iaus ir dirbtin\u0117s med\u017eiagos. Tvirtai laikosi net ant plon\u0173 nag\u0173 plok\u0161teli\u0173. U\u017etikrina taisykling\u0105 nago architekt\u016br\u0105 ir tobulo atspind\u017eio formavim\u0105. Pasi\u017eymi geromis savaime &hellip;\" \/>\n<meta property=\"og:url\" content=\"https:\/\/beautybaltic.com\/?product=dnka-multi-base-12ml-2&amp;lang=lt\" \/>\n<meta property=\"og:site_name\" content=\"Beauty Baltic\" \/>\n<meta property=\"article:publisher\" content=\"https:\/\/www.facebook.com\/siabeautybaltic\/?eid=ARDs6xwwnnHaxWoXNQhS1sgYf1tbsdYaa9nRKgzW46Bm5i4PkSKw97xrztQlMJEv9gOVxTp-o3Sq_Uwq\" \/>\n<meta property=\"article:modified_time\" content=\"2026-04-15T11:56:48+00:00\" \/>\n<meta property=\"og:image\" content=\"https:\/\/beautybaltic.com\/wp-content\/uploads\/2024\/12\/MULTI-BASE.jpg\" \/>\n\t<meta property=\"og:image:width\" content=\"880\" \/>\n\t<meta property=\"og:image:height\" content=\"880\" \/>\n\t<meta property=\"og:image:type\" content=\"image\/jpeg\" \/>\n<meta name=\"twitter:card\" content=\"summary_large_image\" \/>\n<meta name=\"twitter:label1\" content=\"Est. reading time\" \/>\n\t<meta name=\"twitter:data1\" content=\"1 minute\" \/>\n<script type=\"application\/ld+json\" class=\"yoast-schema-graph\">{\"@context\":\"https:\/\/schema.org\",\"@graph\":[{\"@type\":\"WebPage\",\"@id\":\"https:\/\/beautybaltic.com\/?product=dnka-multi-base-12ml-2&lang=lt\",\"url\":\"https:\/\/beautybaltic.com\/?product=dnka-multi-base-12ml-2&lang=lt\",\"name\":\"Beauty Baltic &#183; DNKa\u2019 Multi Base 12ml\",\"isPartOf\":{\"@id\":\"https:\/\/beautybaltic.com\/#website\"},\"primaryImageOfPage\":{\"@id\":\"https:\/\/beautybaltic.com\/?product=dnka-multi-base-12ml-2&lang=lt#primaryimage\"},\"image\":{\"@id\":\"https:\/\/beautybaltic.com\/?product=dnka-multi-base-12ml-2&lang=lt#primaryimage\"},\"thumbnailUrl\":\"https:\/\/beautybaltic.com\/wp-content\/uploads\/2024\/12\/MULTI-BASE.jpg\",\"datePublished\":\"2024-12-05T09:26:01+00:00\",\"dateModified\":\"2026-04-15T11:56:48+00:00\",\"breadcrumb\":{\"@id\":\"https:\/\/beautybaltic.com\/?product=dnka-multi-base-12ml-2&lang=lt#breadcrumb\"},\"inLanguage\":\"en-US\",\"potentialAction\":[{\"@type\":\"ReadAction\",\"target\":[\"https:\/\/beautybaltic.com\/?product=dnka-multi-base-12ml-2&lang=lt\"]}]},{\"@type\":\"ImageObject\",\"inLanguage\":\"en-US\",\"@id\":\"https:\/\/beautybaltic.com\/?product=dnka-multi-base-12ml-2&lang=lt#primaryimage\",\"url\":\"https:\/\/beautybaltic.com\/wp-content\/uploads\/2024\/12\/MULTI-BASE.jpg\",\"contentUrl\":\"https:\/\/beautybaltic.com\/wp-content\/uploads\/2024\/12\/MULTI-BASE.jpg\",\"width\":880,\"height\":880},{\"@type\":\"BreadcrumbList\",\"@id\":\"https:\/\/beautybaltic.com\/?product=dnka-multi-base-12ml-2&lang=lt#breadcrumb\",\"itemListElement\":[{\"@type\":\"ListItem\",\"position\":1,\"name\":\"Home Page\",\"item\":\"https:\/\/beautybaltic.com\/\"},{\"@type\":\"ListItem\",\"position\":2,\"name\":\"All products\",\"item\":\"https:\/\/beautybaltic.com\/?page_id=113\"},{\"@type\":\"ListItem\",\"position\":3,\"name\":\"DNKa\u2019 Multi Base 12ml\"}]},{\"@type\":\"WebSite\",\"@id\":\"https:\/\/beautybaltic.com\/#website\",\"url\":\"https:\/\/beautybaltic.com\/\",\"name\":\"Beauty Baltic\",\"description\":\"\",\"publisher\":{\"@id\":\"https:\/\/beautybaltic.com\/#organization\"},\"potentialAction\":[{\"@type\":\"SearchAction\",\"target\":{\"@type\":\"EntryPoint\",\"urlTemplate\":\"https:\/\/beautybaltic.com\/?s={search_term_string}\"},\"query-input\":{\"@type\":\"PropertyValueSpecification\",\"valueRequired\":true,\"valueName\":\"search_term_string\"}}],\"inLanguage\":\"en-US\"},{\"@type\":\"Organization\",\"@id\":\"https:\/\/beautybaltic.com\/#organization\",\"name\":\"SIA \\\"Beauty Baltic\\\"\",\"url\":\"https:\/\/beautybaltic.com\/\",\"logo\":{\"@type\":\"ImageObject\",\"inLanguage\":\"en-US\",\"@id\":\"https:\/\/beautybaltic.com\/#\/schema\/logo\/image\/\",\"url\":\"https:\/\/beautybaltic.com\/wp-content\/uploads\/2020\/04\/logo-4.png\",\"contentUrl\":\"https:\/\/beautybaltic.com\/wp-content\/uploads\/2020\/04\/logo-4.png\",\"width\":704,\"height\":206,\"caption\":\"SIA \\\"Beauty Baltic\\\"\"},\"image\":{\"@id\":\"https:\/\/beautybaltic.com\/#\/schema\/logo\/image\/\"},\"sameAs\":[\"https:\/\/www.facebook.com\/siabeautybaltic\/?eid=ARDs6xwwnnHaxWoXNQhS1sgYf1tbsdYaa9nRKgzW46Bm5i4PkSKw97xrztQlMJEv9gOVxTp-o3Sq_Uwq\",\"https:\/\/www.instagram.com\/beauty_baltic\/\"]}]}<\/script>\n<!-- \/ Yoast SEO Premium plugin. -->","yoast_head_json":{"title":"Beauty Baltic &#183; DNKa\u2019 Multi Base 12ml","robots":{"index":"index","follow":"follow","max-snippet":"max-snippet:-1","max-image-preview":"max-image-preview:large","max-video-preview":"max-video-preview:-1"},"canonical":"https:\/\/beautybaltic.com\/?product=dnka-multi-base-12ml-2&lang=lt","og_locale":"en_US","og_type":"article","og_title":"DNKa\u2019 Multi Base 12ml","og_description":"&#8220;DNKa Multi Base&#8221; yra daugiafunkcinis skysto gelio, skysto akrigelio ir kieto pagrindo (Dnka Cover base) pagrindas. Tai universali, labai lanksti, labai lipni danga. Tinka maniki\u016brui ir pediki\u016brui. Jis u\u017etikrina optimal\u0173 sukibim\u0105 tarp nago pavir\u0161iaus ir dirbtin\u0117s med\u017eiagos. Tvirtai laikosi net ant plon\u0173 nag\u0173 plok\u0161teli\u0173. U\u017etikrina taisykling\u0105 nago architekt\u016br\u0105 ir tobulo atspind\u017eio formavim\u0105. Pasi\u017eymi geromis savaime &hellip;","og_url":"https:\/\/beautybaltic.com\/?product=dnka-multi-base-12ml-2&lang=lt","og_site_name":"Beauty Baltic","article_publisher":"https:\/\/www.facebook.com\/siabeautybaltic\/?eid=ARDs6xwwnnHaxWoXNQhS1sgYf1tbsdYaa9nRKgzW46Bm5i4PkSKw97xrztQlMJEv9gOVxTp-o3Sq_Uwq","article_modified_time":"2026-04-15T11:56:48+00:00","og_image":[{"width":880,"height":880,"url":"https:\/\/beautybaltic.com\/wp-content\/uploads\/2024\/12\/MULTI-BASE.jpg","type":"image\/jpeg"}],"twitter_card":"summary_large_image","twitter_misc":{"Est. reading time":"1 minute"},"schema":{"@context":"https:\/\/schema.org","@graph":[{"@type":"WebPage","@id":"https:\/\/beautybaltic.com\/?product=dnka-multi-base-12ml-2&lang=lt","url":"https:\/\/beautybaltic.com\/?product=dnka-multi-base-12ml-2&lang=lt","name":"Beauty Baltic &#183; DNKa\u2019 Multi Base 12ml","isPartOf":{"@id":"https:\/\/beautybaltic.com\/#website"},"primaryImageOfPage":{"@id":"https:\/\/beautybaltic.com\/?product=dnka-multi-base-12ml-2&lang=lt#primaryimage"},"image":{"@id":"https:\/\/beautybaltic.com\/?product=dnka-multi-base-12ml-2&lang=lt#primaryimage"},"thumbnailUrl":"https:\/\/beautybaltic.com\/wp-content\/uploads\/2024\/12\/MULTI-BASE.jpg","datePublished":"2024-12-05T09:26:01+00:00","dateModified":"2026-04-15T11:56:48+00:00","breadcrumb":{"@id":"https:\/\/beautybaltic.com\/?product=dnka-multi-base-12ml-2&lang=lt#breadcrumb"},"inLanguage":"en-US","potentialAction":[{"@type":"ReadAction","target":["https:\/\/beautybaltic.com\/?product=dnka-multi-base-12ml-2&lang=lt"]}]},{"@type":"ImageObject","inLanguage":"en-US","@id":"https:\/\/beautybaltic.com\/?product=dnka-multi-base-12ml-2&lang=lt#primaryimage","url":"https:\/\/beautybaltic.com\/wp-content\/uploads\/2024\/12\/MULTI-BASE.jpg","contentUrl":"https:\/\/beautybaltic.com\/wp-content\/uploads\/2024\/12\/MULTI-BASE.jpg","width":880,"height":880},{"@type":"BreadcrumbList","@id":"https:\/\/beautybaltic.com\/?product=dnka-multi-base-12ml-2&lang=lt#breadcrumb","itemListElement":[{"@type":"ListItem","position":1,"name":"Home Page","item":"https:\/\/beautybaltic.com\/"},{"@type":"ListItem","position":2,"name":"All products","item":"https:\/\/beautybaltic.com\/?page_id=113"},{"@type":"ListItem","position":3,"name":"DNKa\u2019 Multi Base 12ml"}]},{"@type":"WebSite","@id":"https:\/\/beautybaltic.com\/#website","url":"https:\/\/beautybaltic.com\/","name":"Beauty Baltic","description":"","publisher":{"@id":"https:\/\/beautybaltic.com\/#organization"},"potentialAction":[{"@type":"SearchAction","target":{"@type":"EntryPoint","urlTemplate":"https:\/\/beautybaltic.com\/?s={search_term_string}"},"query-input":{"@type":"PropertyValueSpecification","valueRequired":true,"valueName":"search_term_string"}}],"inLanguage":"en-US"},{"@type":"Organization","@id":"https:\/\/beautybaltic.com\/#organization","name":"SIA \"Beauty Baltic\"","url":"https:\/\/beautybaltic.com\/","logo":{"@type":"ImageObject","inLanguage":"en-US","@id":"https:\/\/beautybaltic.com\/#\/schema\/logo\/image\/","url":"https:\/\/beautybaltic.com\/wp-content\/uploads\/2020\/04\/logo-4.png","contentUrl":"https:\/\/beautybaltic.com\/wp-content\/uploads\/2020\/04\/logo-4.png","width":704,"height":206,"caption":"SIA \"Beauty Baltic\""},"image":{"@id":"https:\/\/beautybaltic.com\/#\/schema\/logo\/image\/"},"sameAs":["https:\/\/www.facebook.com\/siabeautybaltic\/?eid=ARDs6xwwnnHaxWoXNQhS1sgYf1tbsdYaa9nRKgzW46Bm5i4PkSKw97xrztQlMJEv9gOVxTp-o3Sq_Uwq","https:\/\/www.instagram.com\/beauty_baltic\/"]}]}},"_links":{"self":[{"href":"https:\/\/beautybaltic.com\/index.php?rest_route=\/wp\/v2\/product\/17009","targetHints":{"allow":["GET"]}}],"collection":[{"href":"https:\/\/beautybaltic.com\/index.php?rest_route=\/wp\/v2\/product"}],"about":[{"href":"https:\/\/beautybaltic.com\/index.php?rest_route=\/wp\/v2\/types\/product"}],"replies":[{"embeddable":true,"href":"https:\/\/beautybaltic.com\/index.php?rest_route=%2Fwp%2Fv2%2Fcomments&post=17009"}],"wp:featuredmedia":[{"embeddable":true,"href":"https:\/\/beautybaltic.com\/index.php?rest_route=\/wp\/v2\/media\/17010"}],"wp:attachment":[{"href":"https:\/\/beautybaltic.com\/index.php?rest_route=%2Fwp%2Fv2%2Fmedia&parent=17009"}],"wp:term":[{"taxonomy":"product_brand","embeddable":true,"href":"https:\/\/beautybaltic.com\/index.php?rest_route=%2Fwp%2Fv2%2Fproduct_brand&post=17009"},{"taxonomy":"product_cat","embeddable":true,"href":"https:\/\/beautybaltic.com\/index.php?rest_route=%2Fwp%2Fv2%2Fproduct_cat&post=17009"},{"taxonomy":"product_tag","embeddable":true,"href":"https:\/\/beautybaltic.com\/index.php?rest_route=%2Fwp%2Fv2%2Fproduct_tag&post=17009"}],"curies":[{"name":"wp","href":"https:\/\/api.w.org\/{rel}","templated":true}]}}