{"id":15099,"date":"2024-07-30T12:33:09","date_gmt":"2024-07-30T09:33:09","guid":{"rendered":"https:\/\/beautybaltic.com\/?post_type=product&#038;p=15099"},"modified":"2026-02-18T20:38:33","modified_gmt":"2026-02-18T17:38:33","slug":"mave-organine-pasta-odos-atstatymui-15-ml","status":"publish","type":"product","link":"https:\/\/beautybaltic.com\/?product=mave-organine-pasta-odos-atstatymui-15-ml&lang=lt","title":{"rendered":"MAVE Organin\u0117 pasta odos atstatymui 15 ml"},"content":{"rendered":"<p>Unikali pastos sud\u0117tis susideda tik i\u0161 nat\u016brali\u0173 ingredient\u0173 ir u\u017etikrina ne tik greit\u0105 gijim\u0105, bet ir suformuoja apsaugin\u0119 barjerin\u0119 pl\u0117vel\u0119, kuri apsaugo nuo vandens, dulki\u0173 ir kitokio aplinkos poveikio bei neleid\u017eia prasiskverbti bakterijoms. Poveikis i\u0161lieka iki 24 valand\u0173.<\/p>\n<p><strong>Savyb\u0117s:<\/strong><br \/>\n\u2022 Idealiai tinka kaip paskutin\u0117 proced\u016bra po maniki\u016bro ir pediki\u016bro<br \/>\n\u2022 Antibakterinis poveikis<br \/>\n\u2022 Ant odos sudaro apsaugin\u0119 barjerin\u0119 pl\u0117vel\u0119<br \/>\n\u2022 Skatina \u017eaizd\u0173 gijim\u0105 ir turi profilaktin\u012f poveik\u012f<br \/>\n\u2022 Apsauga nuo onicholiz\u0117s<br \/>\nSud\u0117tis: kokos\u0173 aliejus, soj\u0173 glicinas, raps\u0173 aliejus, propolio ekstraktas, monard\u0173 aliejaus serumas, \u017ealiosios arbatos aliejus, ugnia\u017eol\u0117s ekstraktas, ramun\u0117li\u0173 ekstraktas, alyvuogi\u0173 kauliuk\u0173 aliejus, vitaminas A ir E, oktenidinas, kvapioji med\u017eiaga.<\/p>\n","protected":false},"excerpt":{"rendered":"<p>MAVE Organin\u0117 pasta odos atstatymui 15 ml<\/p>\n<p>Populiarus Mave Organic aliejus pastos pavidalu \u2013 100% nat\u016bralus produktas<br \/>\nRekomenduojamas onicholiz\u0117s, odos ar kuln\u0173 \u012ftr\u016bkim\u0173, traum\u0173, toki\u0173 kaip \u012fpjovimai ir \u012fbr\u0117\u017eimai, nudegim\u0173 ir net spuog\u0173 gydymui ir profilaktikai.<\/p>\n","protected":false},"featured_media":15100,"comment_status":"open","ping_status":"closed","template":"","meta":[],"product_brand":[2846],"product_cat":[1910],"product_tag":[1946],"class_list":{"0":"post-15099","1":"product","2":"type-product","3":"status-publish","4":"has-post-thumbnail","6":"product_brand-mave","7":"product_cat-mave-cosmetics-lt","8":"product_tag-akcijos","10":"first","11":"instock","12":"sale","13":"taxable","14":"shipping-taxable","15":"purchasable","16":"product-type-simple"},"yoast_head":"<!-- This site is optimized with the Yoast SEO Premium plugin v23.0 (Yoast SEO v26.9) - https:\/\/yoast.com\/product\/yoast-seo-premium-wordpress\/ -->\n<title>Beauty Baltic &#183; MAVE Organin\u0117 pasta odos atstatymui 15 ml<\/title>\n<meta name=\"robots\" content=\"index, follow, max-snippet:-1, max-image-preview:large, max-video-preview:-1\" \/>\n<link rel=\"canonical\" href=\"https:\/\/beautybaltic.com\/?product=mave-organine-pasta-odos-atstatymui-15-ml&lang=lt\" \/>\n<meta property=\"og:locale\" content=\"en_US\" \/>\n<meta property=\"og:type\" content=\"article\" \/>\n<meta property=\"og:title\" content=\"MAVE Organin\u0117 pasta odos atstatymui 15 ml\" \/>\n<meta property=\"og:description\" content=\"MAVE Organin\u0117 pasta odos atstatymui 15 ml  Populiarus Mave Organic aliejus pastos pavidalu \u2013 100% nat\u016bralus produktas Rekomenduojamas onicholiz\u0117s, odos ar kuln\u0173 \u012ftr\u016bkim\u0173, traum\u0173, toki\u0173 kaip \u012fpjovimai ir \u012fbr\u0117\u017eimai, nudegim\u0173 ir net spuog\u0173 gydymui ir profilaktikai.\" \/>\n<meta property=\"og:url\" content=\"https:\/\/beautybaltic.com\/?product=mave-organine-pasta-odos-atstatymui-15-ml&amp;lang=lt\" \/>\n<meta property=\"og:site_name\" content=\"Beauty Baltic\" \/>\n<meta property=\"article:publisher\" content=\"https:\/\/www.facebook.com\/siabeautybaltic\/?eid=ARDs6xwwnnHaxWoXNQhS1sgYf1tbsdYaa9nRKgzW46Bm5i4PkSKw97xrztQlMJEv9gOVxTp-o3Sq_Uwq\" \/>\n<meta property=\"article:modified_time\" content=\"2026-02-18T17:38:33+00:00\" \/>\n<meta property=\"og:image\" content=\"https:\/\/beautybaltic.com\/wp-content\/uploads\/2024\/07\/01.jpg\" \/>\n\t<meta property=\"og:image:width\" content=\"1000\" \/>\n\t<meta property=\"og:image:height\" content=\"1000\" \/>\n\t<meta property=\"og:image:type\" content=\"image\/jpeg\" \/>\n<meta name=\"twitter:card\" content=\"summary_large_image\" \/>\n<meta name=\"twitter:label1\" content=\"Est. reading time\" \/>\n\t<meta name=\"twitter:data1\" content=\"1 minute\" \/>\n<script type=\"application\/ld+json\" class=\"yoast-schema-graph\">{\"@context\":\"https:\/\/schema.org\",\"@graph\":[{\"@type\":\"WebPage\",\"@id\":\"https:\/\/beautybaltic.com\/?product=mave-organine-pasta-odos-atstatymui-15-ml&lang=lt\",\"url\":\"https:\/\/beautybaltic.com\/?product=mave-organine-pasta-odos-atstatymui-15-ml&lang=lt\",\"name\":\"Beauty Baltic &#183; MAVE Organin\u0117 pasta odos atstatymui 15 ml\",\"isPartOf\":{\"@id\":\"https:\/\/beautybaltic.com\/#website\"},\"primaryImageOfPage\":{\"@id\":\"https:\/\/beautybaltic.com\/?product=mave-organine-pasta-odos-atstatymui-15-ml&lang=lt#primaryimage\"},\"image\":{\"@id\":\"https:\/\/beautybaltic.com\/?product=mave-organine-pasta-odos-atstatymui-15-ml&lang=lt#primaryimage\"},\"thumbnailUrl\":\"https:\/\/beautybaltic.com\/wp-content\/uploads\/2024\/07\/01.jpg\",\"datePublished\":\"2024-07-30T09:33:09+00:00\",\"dateModified\":\"2026-02-18T17:38:33+00:00\",\"breadcrumb\":{\"@id\":\"https:\/\/beautybaltic.com\/?product=mave-organine-pasta-odos-atstatymui-15-ml&lang=lt#breadcrumb\"},\"inLanguage\":\"en-US\",\"potentialAction\":[{\"@type\":\"ReadAction\",\"target\":[\"https:\/\/beautybaltic.com\/?product=mave-organine-pasta-odos-atstatymui-15-ml&lang=lt\"]}]},{\"@type\":\"ImageObject\",\"inLanguage\":\"en-US\",\"@id\":\"https:\/\/beautybaltic.com\/?product=mave-organine-pasta-odos-atstatymui-15-ml&lang=lt#primaryimage\",\"url\":\"https:\/\/beautybaltic.com\/wp-content\/uploads\/2024\/07\/01.jpg\",\"contentUrl\":\"https:\/\/beautybaltic.com\/wp-content\/uploads\/2024\/07\/01.jpg\",\"width\":1000,\"height\":1000},{\"@type\":\"BreadcrumbList\",\"@id\":\"https:\/\/beautybaltic.com\/?product=mave-organine-pasta-odos-atstatymui-15-ml&lang=lt#breadcrumb\",\"itemListElement\":[{\"@type\":\"ListItem\",\"position\":1,\"name\":\"Home Page\",\"item\":\"https:\/\/beautybaltic.com\/\"},{\"@type\":\"ListItem\",\"position\":2,\"name\":\"All products\",\"item\":\"https:\/\/beautybaltic.com\/?page_id=113\"},{\"@type\":\"ListItem\",\"position\":3,\"name\":\"MAVE Organin\u0117 pasta odos atstatymui 15 ml\"}]},{\"@type\":\"WebSite\",\"@id\":\"https:\/\/beautybaltic.com\/#website\",\"url\":\"https:\/\/beautybaltic.com\/\",\"name\":\"Beauty Baltic\",\"description\":\"\",\"publisher\":{\"@id\":\"https:\/\/beautybaltic.com\/#organization\"},\"potentialAction\":[{\"@type\":\"SearchAction\",\"target\":{\"@type\":\"EntryPoint\",\"urlTemplate\":\"https:\/\/beautybaltic.com\/?s={search_term_string}\"},\"query-input\":{\"@type\":\"PropertyValueSpecification\",\"valueRequired\":true,\"valueName\":\"search_term_string\"}}],\"inLanguage\":\"en-US\"},{\"@type\":\"Organization\",\"@id\":\"https:\/\/beautybaltic.com\/#organization\",\"name\":\"SIA \\\"Beauty Baltic\\\"\",\"url\":\"https:\/\/beautybaltic.com\/\",\"logo\":{\"@type\":\"ImageObject\",\"inLanguage\":\"en-US\",\"@id\":\"https:\/\/beautybaltic.com\/#\/schema\/logo\/image\/\",\"url\":\"https:\/\/beautybaltic.com\/wp-content\/uploads\/2020\/04\/logo-4.png\",\"contentUrl\":\"https:\/\/beautybaltic.com\/wp-content\/uploads\/2020\/04\/logo-4.png\",\"width\":704,\"height\":206,\"caption\":\"SIA \\\"Beauty Baltic\\\"\"},\"image\":{\"@id\":\"https:\/\/beautybaltic.com\/#\/schema\/logo\/image\/\"},\"sameAs\":[\"https:\/\/www.facebook.com\/siabeautybaltic\/?eid=ARDs6xwwnnHaxWoXNQhS1sgYf1tbsdYaa9nRKgzW46Bm5i4PkSKw97xrztQlMJEv9gOVxTp-o3Sq_Uwq\",\"https:\/\/www.instagram.com\/beauty_baltic\/\"]}]}<\/script>\n<!-- \/ Yoast SEO Premium plugin. -->","yoast_head_json":{"title":"Beauty Baltic &#183; MAVE Organin\u0117 pasta odos atstatymui 15 ml","robots":{"index":"index","follow":"follow","max-snippet":"max-snippet:-1","max-image-preview":"max-image-preview:large","max-video-preview":"max-video-preview:-1"},"canonical":"https:\/\/beautybaltic.com\/?product=mave-organine-pasta-odos-atstatymui-15-ml&lang=lt","og_locale":"en_US","og_type":"article","og_title":"MAVE Organin\u0117 pasta odos atstatymui 15 ml","og_description":"MAVE Organin\u0117 pasta odos atstatymui 15 ml  Populiarus Mave Organic aliejus pastos pavidalu \u2013 100% nat\u016bralus produktas Rekomenduojamas onicholiz\u0117s, odos ar kuln\u0173 \u012ftr\u016bkim\u0173, traum\u0173, toki\u0173 kaip \u012fpjovimai ir \u012fbr\u0117\u017eimai, nudegim\u0173 ir net spuog\u0173 gydymui ir profilaktikai.","og_url":"https:\/\/beautybaltic.com\/?product=mave-organine-pasta-odos-atstatymui-15-ml&lang=lt","og_site_name":"Beauty Baltic","article_publisher":"https:\/\/www.facebook.com\/siabeautybaltic\/?eid=ARDs6xwwnnHaxWoXNQhS1sgYf1tbsdYaa9nRKgzW46Bm5i4PkSKw97xrztQlMJEv9gOVxTp-o3Sq_Uwq","article_modified_time":"2026-02-18T17:38:33+00:00","og_image":[{"width":1000,"height":1000,"url":"https:\/\/beautybaltic.com\/wp-content\/uploads\/2024\/07\/01.jpg","type":"image\/jpeg"}],"twitter_card":"summary_large_image","twitter_misc":{"Est. reading time":"1 minute"},"schema":{"@context":"https:\/\/schema.org","@graph":[{"@type":"WebPage","@id":"https:\/\/beautybaltic.com\/?product=mave-organine-pasta-odos-atstatymui-15-ml&lang=lt","url":"https:\/\/beautybaltic.com\/?product=mave-organine-pasta-odos-atstatymui-15-ml&lang=lt","name":"Beauty Baltic &#183; MAVE Organin\u0117 pasta odos atstatymui 15 ml","isPartOf":{"@id":"https:\/\/beautybaltic.com\/#website"},"primaryImageOfPage":{"@id":"https:\/\/beautybaltic.com\/?product=mave-organine-pasta-odos-atstatymui-15-ml&lang=lt#primaryimage"},"image":{"@id":"https:\/\/beautybaltic.com\/?product=mave-organine-pasta-odos-atstatymui-15-ml&lang=lt#primaryimage"},"thumbnailUrl":"https:\/\/beautybaltic.com\/wp-content\/uploads\/2024\/07\/01.jpg","datePublished":"2024-07-30T09:33:09+00:00","dateModified":"2026-02-18T17:38:33+00:00","breadcrumb":{"@id":"https:\/\/beautybaltic.com\/?product=mave-organine-pasta-odos-atstatymui-15-ml&lang=lt#breadcrumb"},"inLanguage":"en-US","potentialAction":[{"@type":"ReadAction","target":["https:\/\/beautybaltic.com\/?product=mave-organine-pasta-odos-atstatymui-15-ml&lang=lt"]}]},{"@type":"ImageObject","inLanguage":"en-US","@id":"https:\/\/beautybaltic.com\/?product=mave-organine-pasta-odos-atstatymui-15-ml&lang=lt#primaryimage","url":"https:\/\/beautybaltic.com\/wp-content\/uploads\/2024\/07\/01.jpg","contentUrl":"https:\/\/beautybaltic.com\/wp-content\/uploads\/2024\/07\/01.jpg","width":1000,"height":1000},{"@type":"BreadcrumbList","@id":"https:\/\/beautybaltic.com\/?product=mave-organine-pasta-odos-atstatymui-15-ml&lang=lt#breadcrumb","itemListElement":[{"@type":"ListItem","position":1,"name":"Home Page","item":"https:\/\/beautybaltic.com\/"},{"@type":"ListItem","position":2,"name":"All products","item":"https:\/\/beautybaltic.com\/?page_id=113"},{"@type":"ListItem","position":3,"name":"MAVE Organin\u0117 pasta odos atstatymui 15 ml"}]},{"@type":"WebSite","@id":"https:\/\/beautybaltic.com\/#website","url":"https:\/\/beautybaltic.com\/","name":"Beauty Baltic","description":"","publisher":{"@id":"https:\/\/beautybaltic.com\/#organization"},"potentialAction":[{"@type":"SearchAction","target":{"@type":"EntryPoint","urlTemplate":"https:\/\/beautybaltic.com\/?s={search_term_string}"},"query-input":{"@type":"PropertyValueSpecification","valueRequired":true,"valueName":"search_term_string"}}],"inLanguage":"en-US"},{"@type":"Organization","@id":"https:\/\/beautybaltic.com\/#organization","name":"SIA \"Beauty Baltic\"","url":"https:\/\/beautybaltic.com\/","logo":{"@type":"ImageObject","inLanguage":"en-US","@id":"https:\/\/beautybaltic.com\/#\/schema\/logo\/image\/","url":"https:\/\/beautybaltic.com\/wp-content\/uploads\/2020\/04\/logo-4.png","contentUrl":"https:\/\/beautybaltic.com\/wp-content\/uploads\/2020\/04\/logo-4.png","width":704,"height":206,"caption":"SIA \"Beauty Baltic\""},"image":{"@id":"https:\/\/beautybaltic.com\/#\/schema\/logo\/image\/"},"sameAs":["https:\/\/www.facebook.com\/siabeautybaltic\/?eid=ARDs6xwwnnHaxWoXNQhS1sgYf1tbsdYaa9nRKgzW46Bm5i4PkSKw97xrztQlMJEv9gOVxTp-o3Sq_Uwq","https:\/\/www.instagram.com\/beauty_baltic\/"]}]}},"_links":{"self":[{"href":"https:\/\/beautybaltic.com\/index.php?rest_route=\/wp\/v2\/product\/15099","targetHints":{"allow":["GET"]}}],"collection":[{"href":"https:\/\/beautybaltic.com\/index.php?rest_route=\/wp\/v2\/product"}],"about":[{"href":"https:\/\/beautybaltic.com\/index.php?rest_route=\/wp\/v2\/types\/product"}],"replies":[{"embeddable":true,"href":"https:\/\/beautybaltic.com\/index.php?rest_route=%2Fwp%2Fv2%2Fcomments&post=15099"}],"wp:featuredmedia":[{"embeddable":true,"href":"https:\/\/beautybaltic.com\/index.php?rest_route=\/wp\/v2\/media\/15100"}],"wp:attachment":[{"href":"https:\/\/beautybaltic.com\/index.php?rest_route=%2Fwp%2Fv2%2Fmedia&parent=15099"}],"wp:term":[{"taxonomy":"product_brand","embeddable":true,"href":"https:\/\/beautybaltic.com\/index.php?rest_route=%2Fwp%2Fv2%2Fproduct_brand&post=15099"},{"taxonomy":"product_cat","embeddable":true,"href":"https:\/\/beautybaltic.com\/index.php?rest_route=%2Fwp%2Fv2%2Fproduct_cat&post=15099"},{"taxonomy":"product_tag","embeddable":true,"href":"https:\/\/beautybaltic.com\/index.php?rest_route=%2Fwp%2Fv2%2Fproduct_tag&post=15099"}],"curies":[{"name":"wp","href":"https:\/\/api.w.org\/{rel}","templated":true}]}}