{"id":15077,"date":"2024-07-30T11:36:55","date_gmt":"2024-07-30T08:36:55","guid":{"rendered":"https:\/\/beautybaltic.com\/?post_type=product&#038;p=15077"},"modified":"2026-03-24T13:08:13","modified_gmt":"2026-03-24T10:08:13","slug":"infa-lab-stop-skidrais-hemostatiskais-lidzeklis-15-ml","status":"publish","type":"product","link":"https:\/\/beautybaltic.com\/?product=infa-lab-stop-skidrais-hemostatiskais-lidzeklis-15-ml&lang=lv","title":{"rendered":"INFA-LAB Stop \u0161\u0137idrais hemostatiskais l\u012bdzeklis, 15 ml"},"content":{"rendered":"","protected":false},"excerpt":{"rendered":"<p>Infa-Lab Stop Bleeding liquid styptic \u0161\u0137idrais hemostatiskais l\u012bdzeklis 15 ml.<br \/>\nStop Bleeding \u0161\u0137idrais l\u012bdzeklis \u0101das aizsardz\u012bbai.<br \/>\nAptur asi\u0146o\u0161anu no nelieliem iegriezumiem\/skr\u0101p\u0113jumiem un dezinfic\u0113.<\/p>\n<p>Lieto\u0161anas instrukcija:<br \/>\nUzkl\u0101jiet vienu vai divus pilienus uz t\u012bra vates tampona.<br \/>\nViegli piespiediet to uz asi\u0146ojo\u0161\u0101s vietas uz da\u017e\u0101m sekund\u0113m.<br \/>\nVajadz\u012bbas gad\u012bjum\u0101 atk\u0101rtojiet.<\/p>\n<p>Piesardz\u012bbas pas\u0101kumi:<br \/>\n\u2022 Tikai \u0101r\u0113jai lieto\u0161anai.<br \/>\n\u2022 Izvairieties no saskares ar ac\u012bm.<br \/>\n\u2022 Ja asi\u0146o\u0161ana turpin\u0101s vai rodas kairin\u0101jums, konsult\u0113jieties ar \u0101rstu.<\/p>\n","protected":false},"featured_media":15078,"comment_status":"open","ping_status":"closed","template":"","meta":[],"product_brand":[],"product_cat":[3170,1438],"product_tag":[],"class_list":{"0":"post-15077","1":"product","2":"type-product","3":"status-publish","4":"has-post-thumbnail","6":"product_cat-aksesuari","7":"product_cat-staleks-lv","9":"first","10":"instock","11":"taxable","12":"shipping-taxable","13":"purchasable","14":"product-type-simple"},"yoast_head":"<!-- This site is optimized with the Yoast SEO Premium plugin v23.0 (Yoast SEO v26.9) - https:\/\/yoast.com\/product\/yoast-seo-premium-wordpress\/ -->\n<title>Beauty Baltic &#183; INFA-LAB Stop \u0161\u0137idrais hemostatiskais l\u012bdzeklis, 15 ml<\/title>\n<meta name=\"robots\" content=\"index, follow, max-snippet:-1, max-image-preview:large, max-video-preview:-1\" \/>\n<link rel=\"canonical\" href=\"https:\/\/beautybaltic.com\/?product=infa-lab-stop-skidrais-hemostatiskais-lidzeklis-15-ml&lang=lv\" \/>\n<meta property=\"og:locale\" content=\"en_US\" \/>\n<meta property=\"og:type\" content=\"article\" \/>\n<meta property=\"og:title\" content=\"INFA-LAB Stop \u0161\u0137idrais hemostatiskais l\u012bdzeklis, 15 ml\" \/>\n<meta property=\"og:description\" content=\"Infa-Lab Stop Bleeding liquid styptic \u0161\u0137idrais hemostatiskais l\u012bdzeklis 15 ml. Stop Bleeding \u0161\u0137idrais l\u012bdzeklis \u0101das aizsardz\u012bbai. Aptur asi\u0146o\u0161anu no nelieliem iegriezumiem\/skr\u0101p\u0113jumiem un dezinfic\u0113.  Lieto\u0161anas instrukcija: Uzkl\u0101jiet vienu vai divus pilienus uz t\u012bra vates tampona. Viegli piespiediet to uz asi\u0146ojo\u0161\u0101s vietas uz da\u017e\u0101m sekund\u0113m. Vajadz\u012bbas gad\u012bjum\u0101 atk\u0101rtojiet.  Piesardz\u012bbas pas\u0101kumi: \u2022 Tikai \u0101r\u0113jai lieto\u0161anai. \u2022 Izvairieties no saskares ar ac\u012bm. \u2022 Ja asi\u0146o\u0161ana turpin\u0101s vai rodas kairin\u0101jums, konsult\u0113jieties ar \u0101rstu.\" \/>\n<meta property=\"og:url\" content=\"https:\/\/beautybaltic.com\/?product=infa-lab-stop-skidrais-hemostatiskais-lidzeklis-15-ml&amp;lang=lv\" \/>\n<meta property=\"og:site_name\" content=\"Beauty Baltic\" \/>\n<meta property=\"article:publisher\" content=\"https:\/\/www.facebook.com\/siabeautybaltic\/?eid=ARDs6xwwnnHaxWoXNQhS1sgYf1tbsdYaa9nRKgzW46Bm5i4PkSKw97xrztQlMJEv9gOVxTp-o3Sq_Uwq\" \/>\n<meta property=\"article:modified_time\" content=\"2026-03-24T10:08:13+00:00\" \/>\n<meta property=\"og:image\" content=\"https:\/\/beautybaltic.com\/wp-content\/uploads\/2024\/07\/INFA-LAB.jpg\" \/>\n\t<meta property=\"og:image:width\" content=\"1000\" \/>\n\t<meta property=\"og:image:height\" content=\"1000\" \/>\n\t<meta property=\"og:image:type\" content=\"image\/jpeg\" \/>\n<meta name=\"twitter:card\" content=\"summary_large_image\" \/>\n<meta name=\"twitter:label1\" content=\"Est. reading time\" \/>\n\t<meta name=\"twitter:data1\" content=\"1 minute\" \/>\n<script type=\"application\/ld+json\" class=\"yoast-schema-graph\">{\"@context\":\"https:\/\/schema.org\",\"@graph\":[{\"@type\":\"WebPage\",\"@id\":\"https:\/\/beautybaltic.com\/?product=infa-lab-stop-skidrais-hemostatiskais-lidzeklis-15-ml&lang=lv\",\"url\":\"https:\/\/beautybaltic.com\/?product=infa-lab-stop-skidrais-hemostatiskais-lidzeklis-15-ml&lang=lv\",\"name\":\"Beauty Baltic &#183; INFA-LAB Stop \u0161\u0137idrais hemostatiskais l\u012bdzeklis, 15 ml\",\"isPartOf\":{\"@id\":\"https:\/\/beautybaltic.com\/#website\"},\"primaryImageOfPage\":{\"@id\":\"https:\/\/beautybaltic.com\/?product=infa-lab-stop-skidrais-hemostatiskais-lidzeklis-15-ml&lang=lv#primaryimage\"},\"image\":{\"@id\":\"https:\/\/beautybaltic.com\/?product=infa-lab-stop-skidrais-hemostatiskais-lidzeklis-15-ml&lang=lv#primaryimage\"},\"thumbnailUrl\":\"https:\/\/beautybaltic.com\/wp-content\/uploads\/2024\/07\/INFA-LAB.jpg\",\"datePublished\":\"2024-07-30T08:36:55+00:00\",\"dateModified\":\"2026-03-24T10:08:13+00:00\",\"breadcrumb\":{\"@id\":\"https:\/\/beautybaltic.com\/?product=infa-lab-stop-skidrais-hemostatiskais-lidzeklis-15-ml&lang=lv#breadcrumb\"},\"inLanguage\":\"en-US\",\"potentialAction\":[{\"@type\":\"ReadAction\",\"target\":[\"https:\/\/beautybaltic.com\/?product=infa-lab-stop-skidrais-hemostatiskais-lidzeklis-15-ml&lang=lv\"]}]},{\"@type\":\"ImageObject\",\"inLanguage\":\"en-US\",\"@id\":\"https:\/\/beautybaltic.com\/?product=infa-lab-stop-skidrais-hemostatiskais-lidzeklis-15-ml&lang=lv#primaryimage\",\"url\":\"https:\/\/beautybaltic.com\/wp-content\/uploads\/2024\/07\/INFA-LAB.jpg\",\"contentUrl\":\"https:\/\/beautybaltic.com\/wp-content\/uploads\/2024\/07\/INFA-LAB.jpg\",\"width\":1000,\"height\":1000},{\"@type\":\"BreadcrumbList\",\"@id\":\"https:\/\/beautybaltic.com\/?product=infa-lab-stop-skidrais-hemostatiskais-lidzeklis-15-ml&lang=lv#breadcrumb\",\"itemListElement\":[{\"@type\":\"ListItem\",\"position\":1,\"name\":\"Home Page\",\"item\":\"https:\/\/beautybaltic.com\/\"},{\"@type\":\"ListItem\",\"position\":2,\"name\":\"All products\",\"item\":\"https:\/\/beautybaltic.com\/?page_id=113\"},{\"@type\":\"ListItem\",\"position\":3,\"name\":\"INFA-LAB Stop \u0161\u0137idrais hemostatiskais l\u012bdzeklis, 15 ml\"}]},{\"@type\":\"WebSite\",\"@id\":\"https:\/\/beautybaltic.com\/#website\",\"url\":\"https:\/\/beautybaltic.com\/\",\"name\":\"Beauty Baltic\",\"description\":\"\",\"publisher\":{\"@id\":\"https:\/\/beautybaltic.com\/#organization\"},\"potentialAction\":[{\"@type\":\"SearchAction\",\"target\":{\"@type\":\"EntryPoint\",\"urlTemplate\":\"https:\/\/beautybaltic.com\/?s={search_term_string}\"},\"query-input\":{\"@type\":\"PropertyValueSpecification\",\"valueRequired\":true,\"valueName\":\"search_term_string\"}}],\"inLanguage\":\"en-US\"},{\"@type\":\"Organization\",\"@id\":\"https:\/\/beautybaltic.com\/#organization\",\"name\":\"SIA \\\"Beauty Baltic\\\"\",\"url\":\"https:\/\/beautybaltic.com\/\",\"logo\":{\"@type\":\"ImageObject\",\"inLanguage\":\"en-US\",\"@id\":\"https:\/\/beautybaltic.com\/#\/schema\/logo\/image\/\",\"url\":\"https:\/\/beautybaltic.com\/wp-content\/uploads\/2020\/04\/logo-4.png\",\"contentUrl\":\"https:\/\/beautybaltic.com\/wp-content\/uploads\/2020\/04\/logo-4.png\",\"width\":704,\"height\":206,\"caption\":\"SIA \\\"Beauty Baltic\\\"\"},\"image\":{\"@id\":\"https:\/\/beautybaltic.com\/#\/schema\/logo\/image\/\"},\"sameAs\":[\"https:\/\/www.facebook.com\/siabeautybaltic\/?eid=ARDs6xwwnnHaxWoXNQhS1sgYf1tbsdYaa9nRKgzW46Bm5i4PkSKw97xrztQlMJEv9gOVxTp-o3Sq_Uwq\",\"https:\/\/www.instagram.com\/beauty_baltic\/\"]}]}<\/script>\n<!-- \/ Yoast SEO Premium plugin. -->","yoast_head_json":{"title":"Beauty Baltic &#183; INFA-LAB Stop \u0161\u0137idrais hemostatiskais l\u012bdzeklis, 15 ml","robots":{"index":"index","follow":"follow","max-snippet":"max-snippet:-1","max-image-preview":"max-image-preview:large","max-video-preview":"max-video-preview:-1"},"canonical":"https:\/\/beautybaltic.com\/?product=infa-lab-stop-skidrais-hemostatiskais-lidzeklis-15-ml&lang=lv","og_locale":"en_US","og_type":"article","og_title":"INFA-LAB Stop \u0161\u0137idrais hemostatiskais l\u012bdzeklis, 15 ml","og_description":"Infa-Lab Stop Bleeding liquid styptic \u0161\u0137idrais hemostatiskais l\u012bdzeklis 15 ml. Stop Bleeding \u0161\u0137idrais l\u012bdzeklis \u0101das aizsardz\u012bbai. Aptur asi\u0146o\u0161anu no nelieliem iegriezumiem\/skr\u0101p\u0113jumiem un dezinfic\u0113.  Lieto\u0161anas instrukcija: Uzkl\u0101jiet vienu vai divus pilienus uz t\u012bra vates tampona. Viegli piespiediet to uz asi\u0146ojo\u0161\u0101s vietas uz da\u017e\u0101m sekund\u0113m. Vajadz\u012bbas gad\u012bjum\u0101 atk\u0101rtojiet.  Piesardz\u012bbas pas\u0101kumi: \u2022 Tikai \u0101r\u0113jai lieto\u0161anai. \u2022 Izvairieties no saskares ar ac\u012bm. \u2022 Ja asi\u0146o\u0161ana turpin\u0101s vai rodas kairin\u0101jums, konsult\u0113jieties ar \u0101rstu.","og_url":"https:\/\/beautybaltic.com\/?product=infa-lab-stop-skidrais-hemostatiskais-lidzeklis-15-ml&lang=lv","og_site_name":"Beauty Baltic","article_publisher":"https:\/\/www.facebook.com\/siabeautybaltic\/?eid=ARDs6xwwnnHaxWoXNQhS1sgYf1tbsdYaa9nRKgzW46Bm5i4PkSKw97xrztQlMJEv9gOVxTp-o3Sq_Uwq","article_modified_time":"2026-03-24T10:08:13+00:00","og_image":[{"width":1000,"height":1000,"url":"https:\/\/beautybaltic.com\/wp-content\/uploads\/2024\/07\/INFA-LAB.jpg","type":"image\/jpeg"}],"twitter_card":"summary_large_image","twitter_misc":{"Est. reading time":"1 minute"},"schema":{"@context":"https:\/\/schema.org","@graph":[{"@type":"WebPage","@id":"https:\/\/beautybaltic.com\/?product=infa-lab-stop-skidrais-hemostatiskais-lidzeklis-15-ml&lang=lv","url":"https:\/\/beautybaltic.com\/?product=infa-lab-stop-skidrais-hemostatiskais-lidzeklis-15-ml&lang=lv","name":"Beauty Baltic &#183; INFA-LAB Stop \u0161\u0137idrais hemostatiskais l\u012bdzeklis, 15 ml","isPartOf":{"@id":"https:\/\/beautybaltic.com\/#website"},"primaryImageOfPage":{"@id":"https:\/\/beautybaltic.com\/?product=infa-lab-stop-skidrais-hemostatiskais-lidzeklis-15-ml&lang=lv#primaryimage"},"image":{"@id":"https:\/\/beautybaltic.com\/?product=infa-lab-stop-skidrais-hemostatiskais-lidzeklis-15-ml&lang=lv#primaryimage"},"thumbnailUrl":"https:\/\/beautybaltic.com\/wp-content\/uploads\/2024\/07\/INFA-LAB.jpg","datePublished":"2024-07-30T08:36:55+00:00","dateModified":"2026-03-24T10:08:13+00:00","breadcrumb":{"@id":"https:\/\/beautybaltic.com\/?product=infa-lab-stop-skidrais-hemostatiskais-lidzeklis-15-ml&lang=lv#breadcrumb"},"inLanguage":"en-US","potentialAction":[{"@type":"ReadAction","target":["https:\/\/beautybaltic.com\/?product=infa-lab-stop-skidrais-hemostatiskais-lidzeklis-15-ml&lang=lv"]}]},{"@type":"ImageObject","inLanguage":"en-US","@id":"https:\/\/beautybaltic.com\/?product=infa-lab-stop-skidrais-hemostatiskais-lidzeklis-15-ml&lang=lv#primaryimage","url":"https:\/\/beautybaltic.com\/wp-content\/uploads\/2024\/07\/INFA-LAB.jpg","contentUrl":"https:\/\/beautybaltic.com\/wp-content\/uploads\/2024\/07\/INFA-LAB.jpg","width":1000,"height":1000},{"@type":"BreadcrumbList","@id":"https:\/\/beautybaltic.com\/?product=infa-lab-stop-skidrais-hemostatiskais-lidzeklis-15-ml&lang=lv#breadcrumb","itemListElement":[{"@type":"ListItem","position":1,"name":"Home Page","item":"https:\/\/beautybaltic.com\/"},{"@type":"ListItem","position":2,"name":"All products","item":"https:\/\/beautybaltic.com\/?page_id=113"},{"@type":"ListItem","position":3,"name":"INFA-LAB Stop \u0161\u0137idrais hemostatiskais l\u012bdzeklis, 15 ml"}]},{"@type":"WebSite","@id":"https:\/\/beautybaltic.com\/#website","url":"https:\/\/beautybaltic.com\/","name":"Beauty Baltic","description":"","publisher":{"@id":"https:\/\/beautybaltic.com\/#organization"},"potentialAction":[{"@type":"SearchAction","target":{"@type":"EntryPoint","urlTemplate":"https:\/\/beautybaltic.com\/?s={search_term_string}"},"query-input":{"@type":"PropertyValueSpecification","valueRequired":true,"valueName":"search_term_string"}}],"inLanguage":"en-US"},{"@type":"Organization","@id":"https:\/\/beautybaltic.com\/#organization","name":"SIA \"Beauty Baltic\"","url":"https:\/\/beautybaltic.com\/","logo":{"@type":"ImageObject","inLanguage":"en-US","@id":"https:\/\/beautybaltic.com\/#\/schema\/logo\/image\/","url":"https:\/\/beautybaltic.com\/wp-content\/uploads\/2020\/04\/logo-4.png","contentUrl":"https:\/\/beautybaltic.com\/wp-content\/uploads\/2020\/04\/logo-4.png","width":704,"height":206,"caption":"SIA \"Beauty Baltic\""},"image":{"@id":"https:\/\/beautybaltic.com\/#\/schema\/logo\/image\/"},"sameAs":["https:\/\/www.facebook.com\/siabeautybaltic\/?eid=ARDs6xwwnnHaxWoXNQhS1sgYf1tbsdYaa9nRKgzW46Bm5i4PkSKw97xrztQlMJEv9gOVxTp-o3Sq_Uwq","https:\/\/www.instagram.com\/beauty_baltic\/"]}]}},"_links":{"self":[{"href":"https:\/\/beautybaltic.com\/index.php?rest_route=\/wp\/v2\/product\/15077","targetHints":{"allow":["GET"]}}],"collection":[{"href":"https:\/\/beautybaltic.com\/index.php?rest_route=\/wp\/v2\/product"}],"about":[{"href":"https:\/\/beautybaltic.com\/index.php?rest_route=\/wp\/v2\/types\/product"}],"replies":[{"embeddable":true,"href":"https:\/\/beautybaltic.com\/index.php?rest_route=%2Fwp%2Fv2%2Fcomments&post=15077"}],"wp:featuredmedia":[{"embeddable":true,"href":"https:\/\/beautybaltic.com\/index.php?rest_route=\/wp\/v2\/media\/15078"}],"wp:attachment":[{"href":"https:\/\/beautybaltic.com\/index.php?rest_route=%2Fwp%2Fv2%2Fmedia&parent=15077"}],"wp:term":[{"taxonomy":"product_brand","embeddable":true,"href":"https:\/\/beautybaltic.com\/index.php?rest_route=%2Fwp%2Fv2%2Fproduct_brand&post=15077"},{"taxonomy":"product_cat","embeddable":true,"href":"https:\/\/beautybaltic.com\/index.php?rest_route=%2Fwp%2Fv2%2Fproduct_cat&post=15077"},{"taxonomy":"product_tag","embeddable":true,"href":"https:\/\/beautybaltic.com\/index.php?rest_route=%2Fwp%2Fv2%2Fproduct_tag&post=15077"}],"curies":[{"name":"wp","href":"https:\/\/api.w.org\/{rel}","templated":true}]}}