{"id":13353,"date":"2024-02-26T13:10:53","date_gmt":"2024-02-26T10:10:53","guid":{"rendered":"https:\/\/beautybaltic.com\/?post_type=product&#038;p=13353"},"modified":"2026-03-24T19:50:44","modified_gmt":"2026-03-24T16:50:44","slug":"sepetelis-frezos-antgaliu-valymui-metalinis","status":"publish","type":"product","link":"https:\/\/beautybaltic.com\/?product=sepetelis-frezos-antgaliu-valymui-metalinis&lang=lt","title":{"rendered":"\u0160epet\u0117lis frezos antgali\u0173 valymui metalinis"},"content":{"rendered":"<p>Charakteristikos:<br \/>\nPa\u0161alina dro\u017eli\u0173 dulkes ir liku\u010dius<br \/>\nTvirtas \u0161epetys intensyviam besisukan\u010di\u0173 instrument\u0173 valymui<br \/>\nLabai tinka darbo metu, jei pjovimo antgalis u\u017esikim\u0161\u0119s gelio ar lako liku\u010diais<br \/>\nIdealiai tinka intensyviam frez\u0173 pried\u0173 valymui prie\u0161 dezinfekavimo voni\u0105 arba valym\u0105 ultragarsu<br \/>\nMed\u017eiaga: \u017ealvario viela<\/p>\n","protected":false},"excerpt":{"rendered":"<p>\u0160iuo ma\u017eu, patogiu metaliniu \u0161epe\u010diu lengvai nuvalysite karbido pjaustytuvus ir keramikos antgalius. Vieliniai \u0161ereliai specialiai pa\u0161alina smulkias \u0161lifavimo dulkes ir gelio liku\u010dius nuo j\u016bs\u0173 frezavimo priedo, j\u0173 nepa\u017eeisdami.<\/p>\n","protected":false},"featured_media":13354,"comment_status":"open","ping_status":"closed","template":"","meta":[],"product_brand":[2852],"product_cat":[3172,1829],"product_tag":[],"class_list":{"0":"post-13353","1":"product","2":"type-product","3":"status-publish","4":"has-post-thumbnail","6":"product_brand-wilson","7":"product_cat-priedai","8":"product_cat-staleks-instrumentai","10":"first","11":"instock","12":"taxable","13":"shipping-taxable","14":"purchasable","15":"product-type-simple"},"yoast_head":"<!-- This site is optimized with the Yoast SEO Premium plugin v23.0 (Yoast SEO v26.9) - https:\/\/yoast.com\/product\/yoast-seo-premium-wordpress\/ -->\n<title>Beauty Baltic &#183; \u0160epet\u0117lis frezos antgali\u0173 valymui metalinis<\/title>\n<meta name=\"robots\" content=\"index, follow, max-snippet:-1, max-image-preview:large, max-video-preview:-1\" \/>\n<link rel=\"canonical\" href=\"https:\/\/beautybaltic.com\/?product=sepetelis-frezos-antgaliu-valymui-metalinis&lang=lt\" \/>\n<meta property=\"og:locale\" content=\"en_US\" \/>\n<meta property=\"og:type\" content=\"article\" \/>\n<meta property=\"og:title\" content=\"\u0160epet\u0117lis frezos antgali\u0173 valymui metalinis\" \/>\n<meta property=\"og:description\" content=\"\u0160iuo ma\u017eu, patogiu metaliniu \u0161epe\u010diu lengvai nuvalysite karbido pjaustytuvus ir keramikos antgalius. Vieliniai \u0161ereliai specialiai pa\u0161alina smulkias \u0161lifavimo dulkes ir gelio liku\u010dius nuo j\u016bs\u0173 frezavimo priedo, j\u0173 nepa\u017eeisdami.\" \/>\n<meta property=\"og:url\" content=\"https:\/\/beautybaltic.com\/?product=sepetelis-frezos-antgaliu-valymui-metalinis&amp;lang=lt\" \/>\n<meta property=\"og:site_name\" content=\"Beauty Baltic\" \/>\n<meta property=\"article:publisher\" content=\"https:\/\/www.facebook.com\/siabeautybaltic\/?eid=ARDs6xwwnnHaxWoXNQhS1sgYf1tbsdYaa9nRKgzW46Bm5i4PkSKw97xrztQlMJEv9gOVxTp-o3Sq_Uwq\" \/>\n<meta property=\"article:modified_time\" content=\"2026-03-24T16:50:44+00:00\" \/>\n<meta property=\"og:image\" content=\"https:\/\/beautybaltic.com\/wp-content\/uploads\/2023\/10\/Brush-for-cutters.jpg\" \/>\n\t<meta property=\"og:image:width\" content=\"2000\" \/>\n\t<meta property=\"og:image:height\" content=\"2000\" \/>\n\t<meta property=\"og:image:type\" content=\"image\/jpeg\" \/>\n<meta name=\"twitter:card\" content=\"summary_large_image\" \/>\n<meta name=\"twitter:label1\" content=\"Est. reading time\" \/>\n\t<meta name=\"twitter:data1\" content=\"1 minute\" \/>\n<script type=\"application\/ld+json\" class=\"yoast-schema-graph\">{\"@context\":\"https:\/\/schema.org\",\"@graph\":[{\"@type\":\"WebPage\",\"@id\":\"https:\/\/beautybaltic.com\/?product=sepetelis-frezos-antgaliu-valymui-metalinis&lang=lt\",\"url\":\"https:\/\/beautybaltic.com\/?product=sepetelis-frezos-antgaliu-valymui-metalinis&lang=lt\",\"name\":\"Beauty Baltic &#183; \u0160epet\u0117lis frezos antgali\u0173 valymui metalinis\",\"isPartOf\":{\"@id\":\"https:\/\/beautybaltic.com\/#website\"},\"primaryImageOfPage\":{\"@id\":\"https:\/\/beautybaltic.com\/?product=sepetelis-frezos-antgaliu-valymui-metalinis&lang=lt#primaryimage\"},\"image\":{\"@id\":\"https:\/\/beautybaltic.com\/?product=sepetelis-frezos-antgaliu-valymui-metalinis&lang=lt#primaryimage\"},\"thumbnailUrl\":\"https:\/\/beautybaltic.com\/wp-content\/uploads\/2023\/10\/Brush-for-cutters.jpg\",\"datePublished\":\"2024-02-26T10:10:53+00:00\",\"dateModified\":\"2026-03-24T16:50:44+00:00\",\"breadcrumb\":{\"@id\":\"https:\/\/beautybaltic.com\/?product=sepetelis-frezos-antgaliu-valymui-metalinis&lang=lt#breadcrumb\"},\"inLanguage\":\"en-US\",\"potentialAction\":[{\"@type\":\"ReadAction\",\"target\":[\"https:\/\/beautybaltic.com\/?product=sepetelis-frezos-antgaliu-valymui-metalinis&lang=lt\"]}]},{\"@type\":\"ImageObject\",\"inLanguage\":\"en-US\",\"@id\":\"https:\/\/beautybaltic.com\/?product=sepetelis-frezos-antgaliu-valymui-metalinis&lang=lt#primaryimage\",\"url\":\"https:\/\/beautybaltic.com\/wp-content\/uploads\/2023\/10\/Brush-for-cutters.jpg\",\"contentUrl\":\"https:\/\/beautybaltic.com\/wp-content\/uploads\/2023\/10\/Brush-for-cutters.jpg\",\"width\":2000,\"height\":2000},{\"@type\":\"BreadcrumbList\",\"@id\":\"https:\/\/beautybaltic.com\/?product=sepetelis-frezos-antgaliu-valymui-metalinis&lang=lt#breadcrumb\",\"itemListElement\":[{\"@type\":\"ListItem\",\"position\":1,\"name\":\"Home Page\",\"item\":\"https:\/\/beautybaltic.com\/\"},{\"@type\":\"ListItem\",\"position\":2,\"name\":\"All products\",\"item\":\"https:\/\/beautybaltic.com\/?page_id=113\"},{\"@type\":\"ListItem\",\"position\":3,\"name\":\"\u0160epet\u0117lis frezos antgali\u0173 valymui metalinis\"}]},{\"@type\":\"WebSite\",\"@id\":\"https:\/\/beautybaltic.com\/#website\",\"url\":\"https:\/\/beautybaltic.com\/\",\"name\":\"Beauty Baltic\",\"description\":\"\",\"publisher\":{\"@id\":\"https:\/\/beautybaltic.com\/#organization\"},\"potentialAction\":[{\"@type\":\"SearchAction\",\"target\":{\"@type\":\"EntryPoint\",\"urlTemplate\":\"https:\/\/beautybaltic.com\/?s={search_term_string}\"},\"query-input\":{\"@type\":\"PropertyValueSpecification\",\"valueRequired\":true,\"valueName\":\"search_term_string\"}}],\"inLanguage\":\"en-US\"},{\"@type\":\"Organization\",\"@id\":\"https:\/\/beautybaltic.com\/#organization\",\"name\":\"SIA \\\"Beauty Baltic\\\"\",\"url\":\"https:\/\/beautybaltic.com\/\",\"logo\":{\"@type\":\"ImageObject\",\"inLanguage\":\"en-US\",\"@id\":\"https:\/\/beautybaltic.com\/#\/schema\/logo\/image\/\",\"url\":\"https:\/\/beautybaltic.com\/wp-content\/uploads\/2020\/04\/logo-4.png\",\"contentUrl\":\"https:\/\/beautybaltic.com\/wp-content\/uploads\/2020\/04\/logo-4.png\",\"width\":704,\"height\":206,\"caption\":\"SIA \\\"Beauty Baltic\\\"\"},\"image\":{\"@id\":\"https:\/\/beautybaltic.com\/#\/schema\/logo\/image\/\"},\"sameAs\":[\"https:\/\/www.facebook.com\/siabeautybaltic\/?eid=ARDs6xwwnnHaxWoXNQhS1sgYf1tbsdYaa9nRKgzW46Bm5i4PkSKw97xrztQlMJEv9gOVxTp-o3Sq_Uwq\",\"https:\/\/www.instagram.com\/beauty_baltic\/\"]}]}<\/script>\n<!-- \/ Yoast SEO Premium plugin. -->","yoast_head_json":{"title":"Beauty Baltic &#183; \u0160epet\u0117lis frezos antgali\u0173 valymui metalinis","robots":{"index":"index","follow":"follow","max-snippet":"max-snippet:-1","max-image-preview":"max-image-preview:large","max-video-preview":"max-video-preview:-1"},"canonical":"https:\/\/beautybaltic.com\/?product=sepetelis-frezos-antgaliu-valymui-metalinis&lang=lt","og_locale":"en_US","og_type":"article","og_title":"\u0160epet\u0117lis frezos antgali\u0173 valymui metalinis","og_description":"\u0160iuo ma\u017eu, patogiu metaliniu \u0161epe\u010diu lengvai nuvalysite karbido pjaustytuvus ir keramikos antgalius. Vieliniai \u0161ereliai specialiai pa\u0161alina smulkias \u0161lifavimo dulkes ir gelio liku\u010dius nuo j\u016bs\u0173 frezavimo priedo, j\u0173 nepa\u017eeisdami.","og_url":"https:\/\/beautybaltic.com\/?product=sepetelis-frezos-antgaliu-valymui-metalinis&lang=lt","og_site_name":"Beauty Baltic","article_publisher":"https:\/\/www.facebook.com\/siabeautybaltic\/?eid=ARDs6xwwnnHaxWoXNQhS1sgYf1tbsdYaa9nRKgzW46Bm5i4PkSKw97xrztQlMJEv9gOVxTp-o3Sq_Uwq","article_modified_time":"2026-03-24T16:50:44+00:00","og_image":[{"width":2000,"height":2000,"url":"https:\/\/beautybaltic.com\/wp-content\/uploads\/2023\/10\/Brush-for-cutters.jpg","type":"image\/jpeg"}],"twitter_card":"summary_large_image","twitter_misc":{"Est. reading time":"1 minute"},"schema":{"@context":"https:\/\/schema.org","@graph":[{"@type":"WebPage","@id":"https:\/\/beautybaltic.com\/?product=sepetelis-frezos-antgaliu-valymui-metalinis&lang=lt","url":"https:\/\/beautybaltic.com\/?product=sepetelis-frezos-antgaliu-valymui-metalinis&lang=lt","name":"Beauty Baltic &#183; \u0160epet\u0117lis frezos antgali\u0173 valymui metalinis","isPartOf":{"@id":"https:\/\/beautybaltic.com\/#website"},"primaryImageOfPage":{"@id":"https:\/\/beautybaltic.com\/?product=sepetelis-frezos-antgaliu-valymui-metalinis&lang=lt#primaryimage"},"image":{"@id":"https:\/\/beautybaltic.com\/?product=sepetelis-frezos-antgaliu-valymui-metalinis&lang=lt#primaryimage"},"thumbnailUrl":"https:\/\/beautybaltic.com\/wp-content\/uploads\/2023\/10\/Brush-for-cutters.jpg","datePublished":"2024-02-26T10:10:53+00:00","dateModified":"2026-03-24T16:50:44+00:00","breadcrumb":{"@id":"https:\/\/beautybaltic.com\/?product=sepetelis-frezos-antgaliu-valymui-metalinis&lang=lt#breadcrumb"},"inLanguage":"en-US","potentialAction":[{"@type":"ReadAction","target":["https:\/\/beautybaltic.com\/?product=sepetelis-frezos-antgaliu-valymui-metalinis&lang=lt"]}]},{"@type":"ImageObject","inLanguage":"en-US","@id":"https:\/\/beautybaltic.com\/?product=sepetelis-frezos-antgaliu-valymui-metalinis&lang=lt#primaryimage","url":"https:\/\/beautybaltic.com\/wp-content\/uploads\/2023\/10\/Brush-for-cutters.jpg","contentUrl":"https:\/\/beautybaltic.com\/wp-content\/uploads\/2023\/10\/Brush-for-cutters.jpg","width":2000,"height":2000},{"@type":"BreadcrumbList","@id":"https:\/\/beautybaltic.com\/?product=sepetelis-frezos-antgaliu-valymui-metalinis&lang=lt#breadcrumb","itemListElement":[{"@type":"ListItem","position":1,"name":"Home Page","item":"https:\/\/beautybaltic.com\/"},{"@type":"ListItem","position":2,"name":"All products","item":"https:\/\/beautybaltic.com\/?page_id=113"},{"@type":"ListItem","position":3,"name":"\u0160epet\u0117lis frezos antgali\u0173 valymui metalinis"}]},{"@type":"WebSite","@id":"https:\/\/beautybaltic.com\/#website","url":"https:\/\/beautybaltic.com\/","name":"Beauty Baltic","description":"","publisher":{"@id":"https:\/\/beautybaltic.com\/#organization"},"potentialAction":[{"@type":"SearchAction","target":{"@type":"EntryPoint","urlTemplate":"https:\/\/beautybaltic.com\/?s={search_term_string}"},"query-input":{"@type":"PropertyValueSpecification","valueRequired":true,"valueName":"search_term_string"}}],"inLanguage":"en-US"},{"@type":"Organization","@id":"https:\/\/beautybaltic.com\/#organization","name":"SIA \"Beauty Baltic\"","url":"https:\/\/beautybaltic.com\/","logo":{"@type":"ImageObject","inLanguage":"en-US","@id":"https:\/\/beautybaltic.com\/#\/schema\/logo\/image\/","url":"https:\/\/beautybaltic.com\/wp-content\/uploads\/2020\/04\/logo-4.png","contentUrl":"https:\/\/beautybaltic.com\/wp-content\/uploads\/2020\/04\/logo-4.png","width":704,"height":206,"caption":"SIA \"Beauty Baltic\""},"image":{"@id":"https:\/\/beautybaltic.com\/#\/schema\/logo\/image\/"},"sameAs":["https:\/\/www.facebook.com\/siabeautybaltic\/?eid=ARDs6xwwnnHaxWoXNQhS1sgYf1tbsdYaa9nRKgzW46Bm5i4PkSKw97xrztQlMJEv9gOVxTp-o3Sq_Uwq","https:\/\/www.instagram.com\/beauty_baltic\/"]}]}},"_links":{"self":[{"href":"https:\/\/beautybaltic.com\/index.php?rest_route=\/wp\/v2\/product\/13353","targetHints":{"allow":["GET"]}}],"collection":[{"href":"https:\/\/beautybaltic.com\/index.php?rest_route=\/wp\/v2\/product"}],"about":[{"href":"https:\/\/beautybaltic.com\/index.php?rest_route=\/wp\/v2\/types\/product"}],"replies":[{"embeddable":true,"href":"https:\/\/beautybaltic.com\/index.php?rest_route=%2Fwp%2Fv2%2Fcomments&post=13353"}],"wp:featuredmedia":[{"embeddable":true,"href":"https:\/\/beautybaltic.com\/index.php?rest_route=\/wp\/v2\/media\/13354"}],"wp:attachment":[{"href":"https:\/\/beautybaltic.com\/index.php?rest_route=%2Fwp%2Fv2%2Fmedia&parent=13353"}],"wp:term":[{"taxonomy":"product_brand","embeddable":true,"href":"https:\/\/beautybaltic.com\/index.php?rest_route=%2Fwp%2Fv2%2Fproduct_brand&post=13353"},{"taxonomy":"product_cat","embeddable":true,"href":"https:\/\/beautybaltic.com\/index.php?rest_route=%2Fwp%2Fv2%2Fproduct_cat&post=13353"},{"taxonomy":"product_tag","embeddable":true,"href":"https:\/\/beautybaltic.com\/index.php?rest_route=%2Fwp%2Fv2%2Fproduct_tag&post=13353"}],"curies":[{"name":"wp","href":"https:\/\/api.w.org\/{rel}","templated":true}]}}